{"id":1178,"date":"2016-02-12T14:36:04","date_gmt":"2016-02-12T13:36:04","guid":{"rendered":"http:\/\/www.infonautics-software.ch\/aidedecisionnelle\/?page_id=1178"},"modified":"2016-02-15T15:47:09","modified_gmt":"2016-02-15T14:47:09","slug":"matricedecision","status":"publish","type":"page","link":"https:\/\/www.infonautics-software.ch\/aidedecisionnelle\/matricedecision\/","title":{"rendered":"Matrice de d\u00e9cision pond\u00e9r\u00e9e"},"content":{"rendered":"<p>[et_pb_section admin_label=\u00a0\u00bbsection\u00a0\u00bb fullwidth=\u00a0\u00bbon\u00a0\u00bb specialty=\u00a0\u00bboff\u00a0\u00bb transparent_background=\u00a0\u00bboff\u00a0\u00bb background_color=\u00a0\u00bb#00458e\u00a0\u00bb allow_player_pause=\u00a0\u00bboff\u00a0\u00bb inner_shadow=\u00a0\u00bboff\u00a0\u00bb parallax=\u00a0\u00bboff\u00a0\u00bb parallax_method=\u00a0\u00bboff\u00a0\u00bb custom_padding=\u00a0\u00bb50px|\u00a0\u00bb padding_mobile=\u00a0\u00bboff\u00a0\u00bb make_fullwidth=\u00a0\u00bboff\u00a0\u00bb use_custom_width=\u00a0\u00bboff\u00a0\u00bb width_unit=\u00a0\u00bboff\u00a0\u00bb make_equal=\u00a0\u00bbon\u00a0\u00bb use_custom_gutter=\u00a0\u00bboff\u00a0\u00bb gutter_width=\u00a0\u00bb3&Prime;][et_pb_fullwidth_header admin_label=\u00a0\u00bbFullwidth Header\u00a0\u00bb title=\u00a0\u00bbPrendre des d\u00e9cisions avec une matrice de d\u00e9cision\u00a0\u00bb background_layout=\u00a0\u00bbdark\u00a0\u00bb text_orientation=\u00a0\u00bbleft\u00a0\u00bb header_fullscreen=\u00a0\u00bboff\u00a0\u00bb header_scroll_down=\u00a0\u00bboff\u00a0\u00bb parallax=\u00a0\u00bboff\u00a0\u00bb parallax_method=\u00a0\u00bboff\u00a0\u00bb content_orientation=\u00a0\u00bbcenter\u00a0\u00bb image_orientation=\u00a0\u00bbcenter\u00a0\u00bb custom_button_one=\u00a0\u00bboff\u00a0\u00bb button_one_letter_spacing=\u00a0\u00bb0&Prime; button_one_use_icon=\u00a0\u00bbdefault\u00a0\u00bb button_one_icon_placement=\u00a0\u00bbright\u00a0\u00bb button_one_on_hover=\u00a0\u00bbon\u00a0\u00bb button_one_letter_spacing_hover=\u00a0\u00bb0&Prime; custom_button_two=\u00a0\u00bboff\u00a0\u00bb button_two_letter_spacing=\u00a0\u00bb0&Prime; button_two_use_icon=\u00a0\u00bbdefault\u00a0\u00bb button_two_icon_placement=\u00a0\u00bbright\u00a0\u00bb button_two_on_hover=\u00a0\u00bbon\u00a0\u00bb button_two_letter_spacing_hover=\u00a0\u00bb0&Prime; button_one_text_size=\u00a0\u00bb20&Prime; button_one_border_width=\u00a0\u00bb2&Prime; button_one_border_radius=\u00a0\u00bb3&Prime; button_one_border_radius_hover=\u00a0\u00bb3&Prime; button_two_text_size=\u00a0\u00bb20&Prime; button_two_border_width=\u00a0\u00bb2&Prime; button_two_border_radius=\u00a0\u00bb3&Prime; button_two_border_radius_hover=\u00a0\u00bb3&Prime;] [\/et_pb_fullwidth_header][\/et_pb_section][et_pb_section admin_label=\u00a0\u00bbSektion\u00a0\u00bb fullwidth=\u00a0\u00bboff\u00a0\u00bb specialty=\u00a0\u00bbon\u00a0\u00bb][et_pb_column type=\u00a0\u00bb3_4&Prime; specialty_columns=\u00a0\u00bb3&Prime;][et_pb_row_inner admin_label=\u00a0\u00bbZeile\u00a0\u00bb][et_pb_column_inner type=\u00a0\u00bb4_4&Prime; saved_specialty_column_type=\u00a0\u00bb3_4&Prime;][et_pb_text admin_label=\u00a0\u00bbText\u00a0\u00bb background_layout=\u00a0\u00bblight\u00a0\u00bb text_orientation=\u00a0\u00bbleft\u00a0\u00bb use_border_color=\u00a0\u00bboff\u00a0\u00bb border_color=\u00a0\u00bb#ffffff\u00a0\u00bb border_style=\u00a0\u00bbsolid\u00a0\u00bb]<\/p>\n<h1><span style=\"color: #000080;\"><strong>La matrice de d\u00e9cision pond\u00e9r\u00e9e<\/strong><\/span><\/h1>\n<p>&nbsp;<\/p>\n<p>Le logiciel Decision Making Helper est bas\u00e9 sur la matrice de d\u00e9cision pond\u00e9r\u00e9e. <strong>La matrice de d\u00e9cision pond\u00e9r\u00e9e (weighted decision matrix)<\/strong> permet <strong>une proc\u00e9dure rationnelle et structur\u00e9e<\/strong> dans la prise de d\u00e9cision. Un processus d\u00e9cisionnel au moyen d&rsquo;une matrice de d\u00e9cision pond\u00e9r\u00e9e offre le grand avantage <strong>de bien comprendre la d\u00e9cision prise r\u00e9trospectivement. \u00a0<\/strong><\/p>\n<h3>\u00a0<\/h3>\n<h4><span style=\"color: #000080;\"><strong>Prendre la bonne d\u00e9cision avec la matrice de d\u00e9cision pond\u00e9r\u00e9e en 4 pas:<\/strong><\/span><\/h4>\n<ol>\n<li>Les <strong>possibilit\u00e9s de d\u00e9cision \/ options<\/strong> disponibles sont saisies horizontalement <strong>dans l&rsquo;axe des X<\/strong>.<\/li>\n<li>Les <strong>crit\u00e8res de d\u00e9cision<\/strong> qui influencent la d\u00e9cision sont saisis verticalement <strong>dans l&rsquo;axe des Y <\/strong>de la matrice.<\/li>\n<li>\u00c9tant donn\u00e9 que pas chaque crit\u00e8re d\u00e9fini a la m\u00eame pond\u00e9ration pour la d\u00e9cision<strong>, les crit\u00e8res de d\u00e9cision sont pond\u00e9r\u00e9s <\/strong>dans l&rsquo;\u00e9tape suivante. Lors d&rsquo;une matrice de d\u00e9cision cr\u00e9\u00e9e manuellement la pond\u00e9ration peut \u00eatre effectu\u00e9e sous forme de pourcentage ou avec un facteur. Decision Making Helper permet une pond\u00e9ration \u00ab\u00a0Bas &#8211; Important &#8211; Haut\u00a0\u00bb \u00a0avec une \u00e9chelle de 1 &#8211; 5.<\/li>\n<li>Ensuite, <strong>chacun des crit\u00e8res sera \u00e9valu\u00e9 pour chaque option<\/strong> (possibilit\u00e9 de d\u00e9cision). Decision Making Helper offre ici une \u00e9chelle d&rsquo;\u00e9valuation \u00a0de -5 \u00e0 +5.<\/li>\n<\/ol>\n<p>&nbsp;<\/p>\n<p><strong><em>La diff\u00e9rence entre la matrice de d\u00e9cision pond\u00e9r\u00e9e et la matrice de d\u00e9cision simple<br \/><\/em><\/strong><em style=\"line-height: 1.7em;\">Contrairement \u00e0 la matrice de d\u00e9cision simple, la matrice de d\u00e9cision pond\u00e9r\u00e9e comprend une pond\u00e9ration des crit\u00e8res, ce qui permet une prise de d\u00e9cision plus diff\u00e9renci\u00e9e.<\/em><\/p>\n<p>[\/et_pb_text][\/et_pb_column_inner][\/et_pb_row_inner][et_pb_row_inner admin_label=\u00a0\u00bbZeile\u00a0\u00bb][et_pb_column_inner type=\u00a0\u00bb4_4&Prime; saved_specialty_column_type=\u00a0\u00bb3_4&Prime;][et_pb_image admin_label=\u00a0\u00bbBild\u00a0\u00bb src=\u00a0\u00bbhttps:\/\/www.infonautics-software.ch\/aidedecisionnelle\/wp-content\/uploads\/sites\/24\/2016\/02\/MatriceD\u00e9cisionPond\u00e9r\u00e9e.jpg\u00a0\u00bb alt=\u00a0\u00bbDecision Making Helper fonctionne sur la base de la matrice de d\u00e9cision pond\u00e9r\u00e9e\u00a0\u00bb show_in_lightbox=\u00a0\u00bbon\u00a0\u00bb url_new_window=\u00a0\u00bboff\u00a0\u00bb animation=\u00a0\u00bboff\u00a0\u00bb sticky=\u00a0\u00bboff\u00a0\u00bb align=\u00a0\u00bbleft\u00a0\u00bb force_fullwidth=\u00a0\u00bboff\u00a0\u00bb always_center_on_mobile=\u00a0\u00bbon\u00a0\u00bb use_border_color=\u00a0\u00bboff\u00a0\u00bb border_color=\u00a0\u00bb#ffffff\u00a0\u00bb border_style=\u00a0\u00bbsolid\u00a0\u00bb use_overlay=\u00a0\u00bboff\u00a0\u00bb] [\/et_pb_image][\/et_pb_column_inner][\/et_pb_row_inner][et_pb_row_inner admin_label=\u00a0\u00bbZeile\u00a0\u00bb][et_pb_column_inner type=\u00a0\u00bb4_4&Prime; saved_specialty_column_type=\u00a0\u00bb3_4&Prime;][et_pb_text admin_label=\u00a0\u00bbText\u00a0\u00bb background_layout=\u00a0\u00bblight\u00a0\u00bb text_orientation=\u00a0\u00bbleft\u00a0\u00bb text_font_size=\u00a0\u00bb14&Prime; use_border_color=\u00a0\u00bboff\u00a0\u00bb border_color=\u00a0\u00bb#ffffff\u00a0\u00bb border_style=\u00a0\u00bbsolid\u00a0\u00bb]<\/p>\n<p>Quand le processus de d\u00e9cision contient plusieurs options et de nombreux crit\u00e8res, une matrice de d\u00e9cision peut tout de suite \u00eatre complexe et laborieuse si cr\u00e9\u00e9e\u00a0 manuellement. <strong>Decision Making Helper offre ici un grand gain de temps.<\/strong> Le r\u00e9sultat sera calcul\u00e9 automatiquement et illustr\u00e9 d&rsquo;une mani\u00e8re claire et compr\u00e9hensible avec de divers graphiques.<\/p>\n<p>[\/et_pb_text][et_pb_cta admin_label=\u00a0\u00bbHandlungsaufruf\u00a0\u00bb title=\u00a0\u00bbTester gratuitement Decision Making Helper\u00a0\u00bb button_url=\u00a0\u00bbhttps:\/\/www.infonautics-software.ch\/aidedecisionnelle\/telecharger\u00a0\u00bb url_new_window=\u00a0\u00bboff\u00a0\u00bb button_text=\u00a0\u00bbT\u00e9l\u00e9charger maintenant!\u00a0\u00bb use_background_color=\u00a0\u00bboff\u00a0\u00bb background_color=\u00a0\u00bb#7EBEC5&Prime; background_layout=\u00a0\u00bblight\u00a0\u00bb text_orientation=\u00a0\u00bbcenter\u00a0\u00bb header_text_color=\u00a0\u00bb#000080&Prime; body_text_color=\u00a0\u00bb#000080&Prime; use_border_color=\u00a0\u00bboff\u00a0\u00bb border_color=\u00a0\u00bb#ffffff\u00a0\u00bb border_style=\u00a0\u00bbsolid\u00a0\u00bb custom_button=\u00a0\u00bboff\u00a0\u00bb button_letter_spacing=\u00a0\u00bb0&Prime; button_use_icon=\u00a0\u00bbdefault\u00a0\u00bb button_icon_placement=\u00a0\u00bbright\u00a0\u00bb button_on_hover=\u00a0\u00bbon\u00a0\u00bb button_letter_spacing_hover=\u00a0\u00bb0&Prime; header_font=\u00a0\u00bb|on|||\u00a0\u00bb body_font=\u00a0\u00bb|on|||\u00a0\u00bb] [\/et_pb_cta][\/et_pb_column_inner][\/et_pb_row_inner][\/et_pb_column][et_pb_column type=\u00a0\u00bb1_4&Prime;][et_pb_sidebar admin_label=\u00a0\u00bbSeitenleiste\u00a0\u00bb orientation=\u00a0\u00bbright\u00a0\u00bb area=\u00a0\u00bbsidebar-1&Prime; background_layout=\u00a0\u00bblight\u00a0\u00bb remove_border=\u00a0\u00bboff\u00a0\u00bb header_font_size=\u00a0\u00bb18&Prime; body_font_size=\u00a0\u00bb14&Prime;] [\/et_pb_sidebar][\/et_pb_column][\/et_pb_section]<\/p>\n","protected":false},"excerpt":{"rendered":"<p>La matrice de d\u00e9cision pond\u00e9r\u00e9e&nbsp;Le logiciel Decision Making Helper est bas\u00e9 sur la matrice de d\u00e9cision pond\u00e9r\u00e9e. La matrice de d\u00e9cision pond\u00e9r\u00e9e (weighted decision matrix) permet une proc\u00e9dure rationnelle et structur\u00e9e dans la prise de d\u00e9cision. Un processus d\u00e9cisionnel au moyen d&rsquo;une matrice de d\u00e9cision pond\u00e9r\u00e9e offre le grand avantage de bien comprendre la d\u00e9cision [&hellip;]<\/p>\n","protected":false},"author":1,"featured_media":0,"parent":0,"menu_order":0,"comment_status":"closed","ping_status":"closed","template":"","meta":{"_et_pb_use_builder":"on","_et_pb_old_content":"","_et_gb_content_width":"","jetpack_post_was_ever_published":false,"footnotes":""},"class_list":["post-1178","page","type-page","status-publish","hentry"],"yoast_head":"<!-- This site is optimized with the Yoast SEO plugin v25.0 - https:\/\/yoast.com\/wordpress\/plugins\/seo\/ -->\n<title>Matrice de d\u00e9cision pond\u00e9r\u00e9e avec Decision Making Helper<\/title>\n<meta name=\"description\" content=\"\u00a0Decision Making Helper fonctionne sur le principe de la\u00a0matrice de d\u00e9cision pond\u00e9r\u00e9e\u00a0qui permet\u00a0une proc\u00e9dure bien structur\u00e9e dans la prise de d\u00e9cison.\u00a0\" \/>\n<meta name=\"robots\" content=\"index, follow, max-snippet:-1, max-image-preview:large, max-video-preview:-1\" \/>\n<link rel=\"canonical\" href=\"https:\/\/www.infonautics-software.ch\/aidedecisionnelle\/matricedecision\/\" \/>\n<meta property=\"og:locale\" content=\"fr_FR\" \/>\n<meta property=\"og:type\" content=\"article\" \/>\n<meta property=\"og:title\" content=\"Matrice de d\u00e9cision pond\u00e9r\u00e9e avec Decision Making Helper\" \/>\n<meta property=\"og:description\" content=\"\u00a0Decision Making Helper fonctionne sur le principe de la\u00a0matrice de d\u00e9cision pond\u00e9r\u00e9e\u00a0qui permet\u00a0une proc\u00e9dure bien structur\u00e9e dans la prise de d\u00e9cison.\u00a0\" \/>\n<meta property=\"og:url\" content=\"https:\/\/www.infonautics-software.ch\/aidedecisionnelle\/matricedecision\/\" \/>\n<meta property=\"og:site_name\" content=\"Decision Making Helper FR\" \/>\n<meta property=\"article:modified_time\" content=\"2016-02-15T14:47:09+00:00\" \/>\n<meta name=\"twitter:card\" content=\"summary_large_image\" \/>\n<meta name=\"twitter:site\" content=\"@InfonauticsGmbH\" \/>\n<meta name=\"twitter:label1\" content=\"Dur\u00e9e de lecture estim\u00e9e\" \/>\n\t<meta name=\"twitter:data1\" content=\"4 minutes\" \/>\n<script type=\"application\/ld+json\" class=\"yoast-schema-graph\">{\"@context\":\"https:\/\/schema.org\",\"@graph\":[{\"@type\":\"WebPage\",\"@id\":\"https:\/\/www.infonautics-software.ch\/aidedecisionnelle\/matricedecision\/\",\"url\":\"https:\/\/www.infonautics-software.ch\/aidedecisionnelle\/matricedecision\/\",\"name\":\"Matrice de d\u00e9cision pond\u00e9r\u00e9e avec Decision Making Helper\",\"isPartOf\":{\"@id\":\"https:\/\/www.infonautics-software.ch\/aidedecisionnelle\/#website\"},\"datePublished\":\"2016-02-12T13:36:04+00:00\",\"dateModified\":\"2016-02-15T14:47:09+00:00\",\"description\":\"\u00a0Decision Making Helper fonctionne sur le principe de la\u00a0matrice de d\u00e9cision pond\u00e9r\u00e9e\u00a0qui permet\u00a0une proc\u00e9dure bien structur\u00e9e dans la prise de d\u00e9cison.\u00a0\",\"breadcrumb\":{\"@id\":\"https:\/\/www.infonautics-software.ch\/aidedecisionnelle\/matricedecision\/#breadcrumb\"},\"inLanguage\":\"fr-FR\",\"potentialAction\":[{\"@type\":\"ReadAction\",\"target\":[\"https:\/\/www.infonautics-software.ch\/aidedecisionnelle\/matricedecision\/\"]}]},{\"@type\":\"BreadcrumbList\",\"@id\":\"https:\/\/www.infonautics-software.ch\/aidedecisionnelle\/matricedecision\/#breadcrumb\",\"itemListElement\":[{\"@type\":\"ListItem\",\"position\":1,\"name\":\"Accueil\",\"item\":\"https:\/\/www.infonautics-software.ch\/aidedecisionnelle\/\"},{\"@type\":\"ListItem\",\"position\":2,\"name\":\"Matrice de d\u00e9cision pond\u00e9r\u00e9e\"}]},{\"@type\":\"WebSite\",\"@id\":\"https:\/\/www.infonautics-software.ch\/aidedecisionnelle\/#website\",\"url\":\"https:\/\/www.infonautics-software.ch\/aidedecisionnelle\/\",\"name\":\"Decision Making Helper FR\",\"description\":\"Aide decisionnelle\",\"potentialAction\":[{\"@type\":\"SearchAction\",\"target\":{\"@type\":\"EntryPoint\",\"urlTemplate\":\"https:\/\/www.infonautics-software.ch\/aidedecisionnelle\/?s={search_term_string}\"},\"query-input\":{\"@type\":\"PropertyValueSpecification\",\"valueRequired\":true,\"valueName\":\"search_term_string\"}}],\"inLanguage\":\"fr-FR\"}]}<\/script>\n<!-- \/ Yoast SEO plugin. -->","yoast_head_json":{"title":"Matrice de d\u00e9cision pond\u00e9r\u00e9e avec Decision Making Helper","description":"\u00a0Decision Making Helper fonctionne sur le principe de la\u00a0matrice de d\u00e9cision pond\u00e9r\u00e9e\u00a0qui permet\u00a0une proc\u00e9dure bien structur\u00e9e dans la prise de d\u00e9cison.\u00a0","robots":{"index":"index","follow":"follow","max-snippet":"max-snippet:-1","max-image-preview":"max-image-preview:large","max-video-preview":"max-video-preview:-1"},"canonical":"https:\/\/www.infonautics-software.ch\/aidedecisionnelle\/matricedecision\/","og_locale":"fr_FR","og_type":"article","og_title":"Matrice de d\u00e9cision pond\u00e9r\u00e9e avec Decision Making Helper","og_description":"\u00a0Decision Making Helper fonctionne sur le principe de la\u00a0matrice de d\u00e9cision pond\u00e9r\u00e9e\u00a0qui permet\u00a0une proc\u00e9dure bien structur\u00e9e dans la prise de d\u00e9cison.\u00a0","og_url":"https:\/\/www.infonautics-software.ch\/aidedecisionnelle\/matricedecision\/","og_site_name":"Decision Making Helper FR","article_modified_time":"2016-02-15T14:47:09+00:00","twitter_card":"summary_large_image","twitter_site":"@InfonauticsGmbH","twitter_misc":{"Dur\u00e9e de lecture estim\u00e9e":"4 minutes"},"schema":{"@context":"https:\/\/schema.org","@graph":[{"@type":"WebPage","@id":"https:\/\/www.infonautics-software.ch\/aidedecisionnelle\/matricedecision\/","url":"https:\/\/www.infonautics-software.ch\/aidedecisionnelle\/matricedecision\/","name":"Matrice de d\u00e9cision pond\u00e9r\u00e9e avec Decision Making Helper","isPartOf":{"@id":"https:\/\/www.infonautics-software.ch\/aidedecisionnelle\/#website"},"datePublished":"2016-02-12T13:36:04+00:00","dateModified":"2016-02-15T14:47:09+00:00","description":"\u00a0Decision Making Helper fonctionne sur le principe de la\u00a0matrice de d\u00e9cision pond\u00e9r\u00e9e\u00a0qui permet\u00a0une proc\u00e9dure bien structur\u00e9e dans la prise de d\u00e9cison.\u00a0","breadcrumb":{"@id":"https:\/\/www.infonautics-software.ch\/aidedecisionnelle\/matricedecision\/#breadcrumb"},"inLanguage":"fr-FR","potentialAction":[{"@type":"ReadAction","target":["https:\/\/www.infonautics-software.ch\/aidedecisionnelle\/matricedecision\/"]}]},{"@type":"BreadcrumbList","@id":"https:\/\/www.infonautics-software.ch\/aidedecisionnelle\/matricedecision\/#breadcrumb","itemListElement":[{"@type":"ListItem","position":1,"name":"Accueil","item":"https:\/\/www.infonautics-software.ch\/aidedecisionnelle\/"},{"@type":"ListItem","position":2,"name":"Matrice de d\u00e9cision pond\u00e9r\u00e9e"}]},{"@type":"WebSite","@id":"https:\/\/www.infonautics-software.ch\/aidedecisionnelle\/#website","url":"https:\/\/www.infonautics-software.ch\/aidedecisionnelle\/","name":"Decision Making Helper FR","description":"Aide decisionnelle","potentialAction":[{"@type":"SearchAction","target":{"@type":"EntryPoint","urlTemplate":"https:\/\/www.infonautics-software.ch\/aidedecisionnelle\/?s={search_term_string}"},"query-input":{"@type":"PropertyValueSpecification","valueRequired":true,"valueName":"search_term_string"}}],"inLanguage":"fr-FR"}]}},"jetpack_sharing_enabled":true,"jetpack_shortlink":"https:\/\/wp.me\/P7fdW9-j0","_links":{"self":[{"href":"https:\/\/www.infonautics-software.ch\/aidedecisionnelle\/wp-json\/wp\/v2\/pages\/1178","targetHints":{"allow":["GET"]}}],"collection":[{"href":"https:\/\/www.infonautics-software.ch\/aidedecisionnelle\/wp-json\/wp\/v2\/pages"}],"about":[{"href":"https:\/\/www.infonautics-software.ch\/aidedecisionnelle\/wp-json\/wp\/v2\/types\/page"}],"author":[{"embeddable":true,"href":"https:\/\/www.infonautics-software.ch\/aidedecisionnelle\/wp-json\/wp\/v2\/users\/1"}],"replies":[{"embeddable":true,"href":"https:\/\/www.infonautics-software.ch\/aidedecisionnelle\/wp-json\/wp\/v2\/comments?post=1178"}],"version-history":[{"count":11,"href":"https:\/\/www.infonautics-software.ch\/aidedecisionnelle\/wp-json\/wp\/v2\/pages\/1178\/revisions"}],"predecessor-version":[{"id":1472,"href":"https:\/\/www.infonautics-software.ch\/aidedecisionnelle\/wp-json\/wp\/v2\/pages\/1178\/revisions\/1472"}],"wp:attachment":[{"href":"https:\/\/www.infonautics-software.ch\/aidedecisionnelle\/wp-json\/wp\/v2\/media?parent=1178"}],"curies":[{"name":"wp","href":"https:\/\/api.w.org\/{rel}","templated":true}]}}