{"id":132,"date":"2024-02-14T10:00:50","date_gmt":"2024-02-14T09:00:50","guid":{"rendered":"http:\/\/www.infonautics-software.ch\/mymenuexplorerde\/?page_id=132"},"modified":"2024-02-14T17:00:28","modified_gmt":"2024-02-14T16:00:28","slug":"telecharger","status":"publish","type":"page","link":"https:\/\/www.infonautics-software.ch\/aidedecisionnelle\/telecharger\/","title":{"rendered":"T\u00c9L\u00c9CHARGER"},"content":{"rendered":"<p>[et_pb_section fb_built=\u00a0\u00bb1&Prime; fullwidth=\u00a0\u00bbon\u00a0\u00bb custom_padding_last_edited=\u00a0\u00bbon|desktop\u00a0\u00bb admin_label=\u00a0\u00bbsection\u00a0\u00bb _builder_version=\u00a0\u00bb4.16&Prime; background_color=\u00a0\u00bb#00458e\u00a0\u00bb custom_padding=\u00a0\u00bb50px|||\u00a0\u00bb custom_padding_tablet=\u00a0\u00bb50px|0|50px|0&Prime; custom_padding_phone=\u00a0\u00bb\u00a0\u00bb transparent_background=\u00a0\u00bboff\u00a0\u00bb padding_mobile=\u00a0\u00bboff\u00a0\u00bb make_fullwidth=\u00a0\u00bboff\u00a0\u00bb use_custom_width=\u00a0\u00bboff\u00a0\u00bb width_unit=\u00a0\u00bbon\u00a0\u00bb global_colors_info=\u00a0\u00bb{}\u00a0\u00bb][et_pb_fullwidth_header title=\u00a0\u00bbT\u00e9l\u00e9charger maintenant et tester gratuitement!\u00a0\u00bb content_max_width=\u00a0\u00bbnone\u00a0\u00bb admin_label=\u00a0\u00bbFullwidth Header\u00a0\u00bb _builder_version=\u00a0\u00bb4.16&Prime; background_color=\u00a0\u00bbrgba(255, 255, 255, 0)\u00a0\u00bb button_one_border_radius_hover=\u00a0\u00bb3&Prime; button_two_border_radius_hover=\u00a0\u00bb3&Prime; button_one_letter_spacing_hover=\u00a0\u00bb0&Prime; button_two_letter_spacing_hover=\u00a0\u00bb0&Prime; global_colors_info=\u00a0\u00bb{}\u00a0\u00bb button_one_text_size__hover_enabled=\u00a0\u00bboff\u00a0\u00bb button_two_text_size__hover_enabled=\u00a0\u00bboff\u00a0\u00bb button_one_text_color__hover_enabled=\u00a0\u00bboff\u00a0\u00bb button_two_text_color__hover_enabled=\u00a0\u00bboff\u00a0\u00bb button_one_border_width__hover_enabled=\u00a0\u00bboff\u00a0\u00bb button_two_border_width__hover_enabled=\u00a0\u00bboff\u00a0\u00bb button_one_border_color__hover_enabled=\u00a0\u00bboff\u00a0\u00bb button_two_border_color__hover_enabled=\u00a0\u00bboff\u00a0\u00bb button_one_border_radius__hover_enabled=\u00a0\u00bbon\u00a0\u00bb button_one_border_radius__hover=\u00a0\u00bb3&Prime; button_two_border_radius__hover_enabled=\u00a0\u00bbon\u00a0\u00bb button_two_border_radius__hover=\u00a0\u00bb3&Prime; button_one_letter_spacing__hover_enabled=\u00a0\u00bbon\u00a0\u00bb button_one_letter_spacing__hover=\u00a0\u00bb0&Prime; button_two_letter_spacing__hover_enabled=\u00a0\u00bbon\u00a0\u00bb button_two_letter_spacing__hover=\u00a0\u00bb0&Prime; button_one_bg_color__hover_enabled=\u00a0\u00bboff\u00a0\u00bb button_two_bg_color__hover_enabled=\u00a0\u00bboff\u00a0\u00bb] [\/et_pb_fullwidth_header][\/et_pb_section][et_pb_section fb_built=\u00a0\u00bb1&Prime; specialty=\u00a0\u00bbon\u00a0\u00bb admin_label=\u00a0\u00bbSektion\u00a0\u00bb _builder_version=\u00a0\u00bb4.16&Prime; global_colors_info=\u00a0\u00bb{}\u00a0\u00bb][et_pb_column type=\u00a0\u00bb3_4&Prime; specialty_columns=\u00a0\u00bb3&Prime; _builder_version=\u00a0\u00bb4.16&Prime; custom_padding=\u00a0\u00bb|||\u00a0\u00bb global_colors_info=\u00a0\u00bb{}\u00a0\u00bb custom_padding__hover=\u00a0\u00bb|||\u00a0\u00bb][et_pb_row_inner admin_label=\u00a0\u00bbZeile\u00a0\u00bb _builder_version=\u00a0\u00bb4.16&Prime; global_colors_info=\u00a0\u00bb{}\u00a0\u00bb][et_pb_column_inner saved_specialty_column_type=\u00a0\u00bb3_4&Prime; _builder_version=\u00a0\u00bb4.16&Prime; custom_padding=\u00a0\u00bb|||\u00a0\u00bb global_colors_info=\u00a0\u00bb{}\u00a0\u00bb custom_padding__hover=\u00a0\u00bb|||\u00a0\u00bb][et_pb_text admin_label=\u00a0\u00bbText\u00a0\u00bb _builder_version=\u00a0\u00bb4.16&Prime; text_font_size=\u00a0\u00bb16&Prime; background_size=\u00a0\u00bbinitial\u00a0\u00bb background_position=\u00a0\u00bbtop_left\u00a0\u00bb background_repeat=\u00a0\u00bbrepeat\u00a0\u00bb use_border_color=\u00a0\u00bboff\u00a0\u00bb border_color=\u00a0\u00bb#ffffff\u00a0\u00bb border_style=\u00a0\u00bbsolid\u00a0\u00bb global_colors_info=\u00a0\u00bb{}\u00a0\u00bb]<\/p>\n<h1><span style=\"color: #000080;\"><strong>Decision Making Helper pour simplifier la prise de d\u00e9cision<\/strong><\/span><\/h1>\n<p>&nbsp;<\/p>\n<p><b>Decision Making Helper<\/b> pour Microsoft Windows&#x2122; vous aide d&rsquo;une mani\u00e8re tr\u00e8s simple dans le processus de prise de d\u00e9cision. En utilisant le logiciel vous allez prendre des d\u00e9cisions rationnelles, \u00e9clair\u00e9es, compr\u00e9hensibles et claires.<\/p>\n<p>Le logiciel Decision Making Helper\u00a0est distribu\u00e9 comme Shareware et peut \u00eatre\u00a0<strong>test\u00e9\u00a0gratuitement<\/strong>\u00a0avant de l\u2019acheter. Avec Decision Making Helper vous pouvez\u00a0prendre la bonne d\u00e9cision\u00a0d&rsquo;une mani\u00e8re simple et ludique et en m\u00eame temps structur\u00e9e et compr\u00e9hensible.<\/p>\n<p>Le logiciel et le programme d\u2019installation sont sign\u00e9s num\u00e9riquement, <strong>100% propres<\/strong> et ne contiennent aucune publicit\u00e9 ou logiciel de tiers.<\/p>\n<p>[\/et_pb_text][et_pb_toggle title=\u00a0\u00bbSi l\u2019installation est bloqu\u00e9e par un message de s\u00e9curit\u00e9, veuillez s\u00e9lectionner \u00abInformations compl\u00e9mentaires\u00bb et ensuite \u00abEx\u00e9cuter quand m\u00eame\u00bb. %91+\/-%93&Prime; icon_color=\u00a0\u00bb#0c71c3&Prime; open_icon_color=\u00a0\u00bb#0c71c3&Prime; _builder_version=\u00a0\u00bb4.23.1&Prime; _module_preset=\u00a0\u00bbdefault\u00a0\u00bb title_font=\u00a0\u00bbArial||||||||\u00a0\u00bb title_font_size=\u00a0\u00bb15px\u00a0\u00bb closed_title_font=\u00a0\u00bbArial||||||||\u00a0\u00bb closed_title_font_size=\u00a0\u00bb15px\u00a0\u00bb closed_title_line_height=\u00a0\u00bb1em\u00a0\u00bb hover_enabled=\u00a0\u00bb0&Prime; global_colors_info=\u00a0\u00bb{}\u00a0\u00bb open=\u00a0\u00bbon\u00a0\u00bb sticky_enabled=\u00a0\u00bb0&Prime;]<\/p>\n<p><img loading=\"lazy\" decoding=\"async\" data-attachment-id=\"1496\" data-permalink=\"https:\/\/www.infonautics-software.ch\/aidedecisionnelle\/telecharger\/smartscreenfr\/\" data-orig-file=\"https:\/\/www.infonautics-software.ch\/aidedecisionnelle\/wp-content\/uploads\/sites\/24\/2022\/02\/SmartScreenFR.png\" data-orig-size=\"750,174\" data-comments-opened=\"1\" data-image-meta=\"{&quot;aperture&quot;:&quot;0&quot;,&quot;credit&quot;:&quot;&quot;,&quot;camera&quot;:&quot;&quot;,&quot;caption&quot;:&quot;&quot;,&quot;created_timestamp&quot;:&quot;0&quot;,&quot;copyright&quot;:&quot;&quot;,&quot;focal_length&quot;:&quot;0&quot;,&quot;iso&quot;:&quot;0&quot;,&quot;shutter_speed&quot;:&quot;0&quot;,&quot;title&quot;:&quot;&quot;,&quot;orientation&quot;:&quot;0&quot;}\" data-image-title=\"SmartScreenFR\" data-image-description=\"\" data-image-caption=\"\" data-medium-file=\"https:\/\/www.infonautics-software.ch\/aidedecisionnelle\/wp-content\/uploads\/sites\/24\/2022\/02\/SmartScreenFR-300x70.png\" data-large-file=\"https:\/\/www.infonautics-software.ch\/aidedecisionnelle\/wp-content\/uploads\/sites\/24\/2022\/02\/SmartScreenFR.png\" class=\"wp-image-1496 alignleft size-full\" src=\"https:\/\/www.infonautics-software.ch\/aidedecisionnelle\/wp-content\/uploads\/sites\/24\/2022\/02\/SmartScreenFR.png\" alt=\"\" width=\"750\" height=\"174\" srcset=\"https:\/\/www.infonautics-software.ch\/aidedecisionnelle\/wp-content\/uploads\/sites\/24\/2022\/02\/SmartScreenFR.png 750w, https:\/\/www.infonautics-software.ch\/aidedecisionnelle\/wp-content\/uploads\/sites\/24\/2022\/02\/SmartScreenFR-480x111.png 480w\" sizes=\"auto, (min-width: 0px) and (max-width: 480px) 480px, (min-width: 481px) 750px, 100vw\" \/><\/p>\n<p>[\/et_pb_toggle][et_pb_text admin_label=\u00a0\u00bbText\u00a0\u00bb _builder_version=\u00a0\u00bb4.16&Prime; text_font_size=\u00a0\u00bb16&Prime; background_size=\u00a0\u00bbinitial\u00a0\u00bb background_position=\u00a0\u00bbtop_left\u00a0\u00bb background_repeat=\u00a0\u00bbrepeat\u00a0\u00bb use_border_color=\u00a0\u00bboff\u00a0\u00bb border_color=\u00a0\u00bb#ffffff\u00a0\u00bb border_style=\u00a0\u00bbsolid\u00a0\u00bb global_colors_info=\u00a0\u00bb{}\u00a0\u00bb]<\/p>\n<p><strong><br \/>Installateur de logiciel<\/strong>, t\u00e9l\u00e9chargement du fichier d\u2019installation ex\u00e9cutable:<\/p>\n<table style=\"height: 40px;\" width=\"431\">\n<tbody>\n<tr>\n<td><span style=\"font-size: 12pt;\"><a href=\"https:\/\/www.infonautics-software.ch\/downloads\/DecisionMakingHelperEN.zip\"><strong><img loading=\"lazy\" decoding=\"async\" data-attachment-id=\"154\" data-permalink=\"https:\/\/www.infonautics-software.ch\/aidedecisionnelle\/telecharger\/united_kingdom_32\/\" data-orig-file=\"https:\/\/www.infonautics-software.ch\/aidedecisionnelle\/wp-content\/uploads\/sites\/24\/2015\/05\/united_kingdom_32.png\" data-orig-size=\"32,32\" data-comments-opened=\"1\" data-image-meta=\"{&quot;aperture&quot;:&quot;0&quot;,&quot;credit&quot;:&quot;&quot;,&quot;camera&quot;:&quot;&quot;,&quot;caption&quot;:&quot;&quot;,&quot;created_timestamp&quot;:&quot;0&quot;,&quot;copyright&quot;:&quot;&quot;,&quot;focal_length&quot;:&quot;0&quot;,&quot;iso&quot;:&quot;0&quot;,&quot;shutter_speed&quot;:&quot;0&quot;,&quot;title&quot;:&quot;&quot;,&quot;orientation&quot;:&quot;0&quot;}\" data-image-title=\"Decision Making Helper en Anglais\" data-image-description=\"\" data-image-caption=\"\" data-medium-file=\"https:\/\/www.infonautics-software.ch\/aidedecisionnelle\/wp-content\/uploads\/sites\/24\/2015\/05\/united_kingdom_32.png\" data-large-file=\"https:\/\/www.infonautics-software.ch\/aidedecisionnelle\/wp-content\/uploads\/sites\/24\/2015\/05\/united_kingdom_32.png\" class=\"alignleft wp-image-154 size-full\" title=\"T\u00e9l\u00e9charger gratuitement Decision Making Helper en Anglais\" src=\"https:\/\/www.infonautics-software.ch\/aidedecisionnelle\/wp-content\/uploads\/sites\/24\/2015\/05\/united_kingdom_32.png\" alt=\"Decision Making Helper pour simplifier la prise de d\u00e9cision \" width=\"32\" height=\"32\" \/>T\u00e9l\u00e9chargement en Anglais<br \/><\/strong><\/a><\/span><\/td>\n<td><span style=\"font-size: 12pt;\"><a href=\"https:\/\/www.infonautics-software.ch\/downloads\/DecisionMakingHelperDE.zip\"><strong><img loading=\"lazy\" decoding=\"async\" data-attachment-id=\"153\" data-permalink=\"https:\/\/www.infonautics-software.ch\/aidedecisionnelle\/telecharger\/germany_32\/\" data-orig-file=\"https:\/\/www.infonautics-software.ch\/aidedecisionnelle\/wp-content\/uploads\/sites\/24\/2015\/05\/germany_32.png\" data-orig-size=\"32,32\" data-comments-opened=\"1\" data-image-meta=\"{&quot;aperture&quot;:&quot;0&quot;,&quot;credit&quot;:&quot;&quot;,&quot;camera&quot;:&quot;&quot;,&quot;caption&quot;:&quot;&quot;,&quot;created_timestamp&quot;:&quot;0&quot;,&quot;copyright&quot;:&quot;&quot;,&quot;focal_length&quot;:&quot;0&quot;,&quot;iso&quot;:&quot;0&quot;,&quot;shutter_speed&quot;:&quot;0&quot;,&quot;title&quot;:&quot;&quot;,&quot;orientation&quot;:&quot;0&quot;}\" data-image-title=\"Decision Making Helper en Allemand\" data-image-description=\"\" data-image-caption=\"\" data-medium-file=\"https:\/\/www.infonautics-software.ch\/aidedecisionnelle\/wp-content\/uploads\/sites\/24\/2015\/05\/germany_32.png\" data-large-file=\"https:\/\/www.infonautics-software.ch\/aidedecisionnelle\/wp-content\/uploads\/sites\/24\/2015\/05\/germany_32.png\" class=\"alignleft wp-image-153 size-full\" title=\"T\u00e9l\u00e9charger gratuitement Decision Making Helper en Allemand\" src=\"https:\/\/www.infonautics-software.ch\/aidedecisionnelle\/wp-content\/uploads\/sites\/24\/2015\/05\/germany_32.png\" alt=\"Decision Making Helper pour simplifier la prise de d\u00e9cision \" width=\"32\" height=\"32\" \/>T\u00e9l\u00e9chargement en Allemand<br \/><\/strong><\/a><\/span><\/td>\n<td><span style=\"font-size: 12pt;\"><a href=\"https:\/\/www.infonautics-software.ch\/downloads\/DecisionMakingHelperFR.zip\"><img loading=\"lazy\" decoding=\"async\" data-attachment-id=\"152\" data-permalink=\"https:\/\/www.infonautics-software.ch\/aidedecisionnelle\/telecharger\/france_32\/\" data-orig-file=\"https:\/\/www.infonautics-software.ch\/aidedecisionnelle\/wp-content\/uploads\/sites\/24\/2015\/05\/france_32.png\" data-orig-size=\"32,32\" data-comments-opened=\"1\" data-image-meta=\"{&quot;aperture&quot;:&quot;0&quot;,&quot;credit&quot;:&quot;&quot;,&quot;camera&quot;:&quot;&quot;,&quot;caption&quot;:&quot;&quot;,&quot;created_timestamp&quot;:&quot;0&quot;,&quot;copyright&quot;:&quot;&quot;,&quot;focal_length&quot;:&quot;0&quot;,&quot;iso&quot;:&quot;0&quot;,&quot;shutter_speed&quot;:&quot;0&quot;,&quot;title&quot;:&quot;&quot;,&quot;orientation&quot;:&quot;0&quot;}\" data-image-title=\"france_32\" data-image-description=\"\" data-image-caption=\"\" data-medium-file=\"https:\/\/www.infonautics-software.ch\/aidedecisionnelle\/wp-content\/uploads\/sites\/24\/2015\/05\/france_32.png\" data-large-file=\"https:\/\/www.infonautics-software.ch\/aidedecisionnelle\/wp-content\/uploads\/sites\/24\/2015\/05\/france_32.png\" class=\"alignleft wp-image-152 size-full\" title=\"T\u00e9l\u00e9charger gratuitement Decision Making Helper en Fran\u00e7ais\" src=\"https:\/\/www.infonautics-software.ch\/aidedecisionnelle\/wp-content\/uploads\/sites\/24\/2015\/05\/france_32.png\" alt=\"Decision Making Helper pour simplifier la prise de d\u00e9cision \" width=\"32\" height=\"32\" \/><\/a><strong><a href=\"https:\/\/www.infonautics-software.ch\/downloads\/DecisionMakingHelperFR.zip\">T\u00e9l\u00e9chargement en Fran\u00e7ais<\/a><\/strong><\/span><\/td>\n<\/tr>\n<\/tbody>\n<\/table>\n<p>&nbsp;<\/p>\n<p>Pour l\u2019installation du logiciel Decision Making Helper\u00a0il ne faut aucune droit d\u2019administrateur. \u00a0Avec l\u2019installation du logiciel\u00a0<strong>aucunes modifications sont apport\u00e9es \u00e0 votre\u00a0syst\u00e8me d\u2019exploitation<\/strong>.<\/p>\n<p>Des informations concernant les derni\u00e8res modifications et les extensions de Decision Making Helper\u00a0vous trouvez dans notre <strong><a href=\"https:\/\/www.infonautics-software.com\/decisionmakinghelper\/changelog\/\" target=\"_blank\" rel=\"noopener noreferrer\">Change-Log<\/a><\/strong>\u00a0(en anglais).<\/p>\n<p>Si l<strong>&lsquo;<\/strong>outil d&rsquo;aide \u00e0 la d\u00e9cision\u00a0Decision Making Helper\u00a0ne r\u00e9pond pas \u00e0 vos attentes vous pouvez le facilement d\u00e9sinstaller \u00e0 nouveau.<\/p>\n<p>[\/et_pb_text][\/et_pb_column_inner][\/et_pb_row_inner][\/et_pb_column][et_pb_column type=\u00a0\u00bb1_4&Prime; _builder_version=\u00a0\u00bb4.16&Prime; custom_padding=\u00a0\u00bb|||\u00a0\u00bb global_colors_info=\u00a0\u00bb{}\u00a0\u00bb custom_padding__hover=\u00a0\u00bb|||\u00a0\u00bb][et_pb_sidebar orientation=\u00a0\u00bbright\u00a0\u00bb area=\u00a0\u00bbsidebar-1&Prime; admin_label=\u00a0\u00bbSidebar\u00a0\u00bb _builder_version=\u00a0\u00bb4.16&Prime; header_text_color=\u00a0\u00bb#000080&Prime; header_font_size=\u00a0\u00bb20&Prime; remove_border=\u00a0\u00bboff\u00a0\u00bb global_colors_info=\u00a0\u00bb{}\u00a0\u00bb]<\/p>\n<p>&nbsp;<\/p>\n<p>[\/et_pb_sidebar][\/et_pb_column][\/et_pb_section]<\/p>\n","protected":false},"excerpt":{"rendered":"<p>Decision Making Helper pour simplifier la prise de d\u00e9cision &nbsp; Decision Making Helper pour Microsoft Windows&#x2122; vous aide d&rsquo;une mani\u00e8re tr\u00e8s simple dans le processus de prise de d\u00e9cision. En utilisant le logiciel vous allez prendre des d\u00e9cisions rationnelles, \u00e9clair\u00e9es, compr\u00e9hensibles et claires. Le logiciel Decision Making Helper\u00a0est distribu\u00e9 comme Shareware et peut \u00eatre\u00a0test\u00e9\u00a0gratuitement\u00a0avant de [&hellip;]<\/p>\n","protected":false},"author":1,"featured_media":0,"parent":0,"menu_order":0,"comment_status":"open","ping_status":"open","template":"","meta":{"_et_pb_use_builder":"on","_et_pb_old_content":"","_et_gb_content_width":"","jetpack_post_was_ever_published":false,"footnotes":""},"class_list":["post-132","page","type-page","status-publish","hentry"],"yoast_head":"<!-- This site is optimized with the Yoast SEO plugin v25.0 - https:\/\/yoast.com\/wordpress\/plugins\/seo\/ -->\n<title>Decision Making Helper pour simplifier la prise de d\u00e9cision\u00a0<\/title>\n<meta name=\"description\" content=\"Le logiciel Decision Making Helper est un outil de grande aide pour simplifier votre prise de d\u00e9cision.T\u00e9l\u00e9charger et tester le logiciel gratuitement!\" \/>\n<meta name=\"robots\" content=\"index, follow, max-snippet:-1, max-image-preview:large, max-video-preview:-1\" \/>\n<link rel=\"canonical\" href=\"https:\/\/www.infonautics-software.ch\/aidedecisionnelle\/telecharger\/\" \/>\n<meta property=\"og:locale\" content=\"fr_FR\" \/>\n<meta property=\"og:type\" content=\"article\" \/>\n<meta property=\"og:title\" content=\"Decision Making Helper pour simplifier la prise de d\u00e9cision\u00a0\" \/>\n<meta property=\"og:description\" content=\"Le logiciel Decision Making Helper est un outil de grande aide pour simplifier votre prise de d\u00e9cision.T\u00e9l\u00e9charger et tester le logiciel gratuitement!\" \/>\n<meta property=\"og:url\" content=\"https:\/\/www.infonautics-software.ch\/aidedecisionnelle\/telecharger\/\" \/>\n<meta property=\"og:site_name\" content=\"Decision Making Helper FR\" \/>\n<meta property=\"article:modified_time\" content=\"2024-02-14T16:00:28+00:00\" \/>\n<meta property=\"og:image\" content=\"https:\/\/www.infonautics-software.ch\/aidedecisionnelle\/wp-content\/uploads\/sites\/24\/2022\/02\/SmartScreenFR.png\" \/>\n<meta name=\"twitter:card\" content=\"summary_large_image\" \/>\n<meta name=\"twitter:site\" content=\"@InfonauticsGmbH\" \/>\n<meta name=\"twitter:label1\" content=\"Dur\u00e9e de lecture estim\u00e9e\" \/>\n\t<meta name=\"twitter:data1\" content=\"3 minutes\" \/>\n<script type=\"application\/ld+json\" class=\"yoast-schema-graph\">{\"@context\":\"https:\/\/schema.org\",\"@graph\":[{\"@type\":\"WebPage\",\"@id\":\"https:\/\/www.infonautics-software.ch\/aidedecisionnelle\/telecharger\/\",\"url\":\"https:\/\/www.infonautics-software.ch\/aidedecisionnelle\/telecharger\/\",\"name\":\"Decision Making Helper pour simplifier la prise de d\u00e9cision\u00a0\",\"isPartOf\":{\"@id\":\"https:\/\/www.infonautics-software.ch\/aidedecisionnelle\/#website\"},\"primaryImageOfPage\":{\"@id\":\"https:\/\/www.infonautics-software.ch\/aidedecisionnelle\/telecharger\/#primaryimage\"},\"image\":{\"@id\":\"https:\/\/www.infonautics-software.ch\/aidedecisionnelle\/telecharger\/#primaryimage\"},\"thumbnailUrl\":\"https:\/\/www.infonautics-software.ch\/aidedecisionnelle\/wp-content\/uploads\/sites\/24\/2022\/02\/SmartScreenFR.png\",\"datePublished\":\"2024-02-14T09:00:50+00:00\",\"dateModified\":\"2024-02-14T16:00:28+00:00\",\"description\":\"Le logiciel Decision Making Helper est un outil de grande aide pour simplifier votre prise de d\u00e9cision.T\u00e9l\u00e9charger et tester le logiciel gratuitement!\",\"breadcrumb\":{\"@id\":\"https:\/\/www.infonautics-software.ch\/aidedecisionnelle\/telecharger\/#breadcrumb\"},\"inLanguage\":\"fr-FR\",\"potentialAction\":[{\"@type\":\"ReadAction\",\"target\":[\"https:\/\/www.infonautics-software.ch\/aidedecisionnelle\/telecharger\/\"]}]},{\"@type\":\"ImageObject\",\"inLanguage\":\"fr-FR\",\"@id\":\"https:\/\/www.infonautics-software.ch\/aidedecisionnelle\/telecharger\/#primaryimage\",\"url\":\"https:\/\/www.infonautics-software.ch\/aidedecisionnelle\/wp-content\/uploads\/sites\/24\/2022\/02\/SmartScreenFR.png\",\"contentUrl\":\"https:\/\/www.infonautics-software.ch\/aidedecisionnelle\/wp-content\/uploads\/sites\/24\/2022\/02\/SmartScreenFR.png\",\"width\":750,\"height\":174},{\"@type\":\"BreadcrumbList\",\"@id\":\"https:\/\/www.infonautics-software.ch\/aidedecisionnelle\/telecharger\/#breadcrumb\",\"itemListElement\":[{\"@type\":\"ListItem\",\"position\":1,\"name\":\"Accueil\",\"item\":\"https:\/\/www.infonautics-software.ch\/aidedecisionnelle\/\"},{\"@type\":\"ListItem\",\"position\":2,\"name\":\"T\u00c9L\u00c9CHARGER\"}]},{\"@type\":\"WebSite\",\"@id\":\"https:\/\/www.infonautics-software.ch\/aidedecisionnelle\/#website\",\"url\":\"https:\/\/www.infonautics-software.ch\/aidedecisionnelle\/\",\"name\":\"Decision Making Helper FR\",\"description\":\"Aide decisionnelle\",\"potentialAction\":[{\"@type\":\"SearchAction\",\"target\":{\"@type\":\"EntryPoint\",\"urlTemplate\":\"https:\/\/www.infonautics-software.ch\/aidedecisionnelle\/?s={search_term_string}\"},\"query-input\":{\"@type\":\"PropertyValueSpecification\",\"valueRequired\":true,\"valueName\":\"search_term_string\"}}],\"inLanguage\":\"fr-FR\"}]}<\/script>\n<!-- \/ Yoast SEO plugin. -->","yoast_head_json":{"title":"Decision Making Helper pour simplifier la prise de d\u00e9cision\u00a0","description":"Le logiciel Decision Making Helper est un outil de grande aide pour simplifier votre prise de d\u00e9cision.T\u00e9l\u00e9charger et tester le logiciel gratuitement!","robots":{"index":"index","follow":"follow","max-snippet":"max-snippet:-1","max-image-preview":"max-image-preview:large","max-video-preview":"max-video-preview:-1"},"canonical":"https:\/\/www.infonautics-software.ch\/aidedecisionnelle\/telecharger\/","og_locale":"fr_FR","og_type":"article","og_title":"Decision Making Helper pour simplifier la prise de d\u00e9cision\u00a0","og_description":"Le logiciel Decision Making Helper est un outil de grande aide pour simplifier votre prise de d\u00e9cision.T\u00e9l\u00e9charger et tester le logiciel gratuitement!","og_url":"https:\/\/www.infonautics-software.ch\/aidedecisionnelle\/telecharger\/","og_site_name":"Decision Making Helper FR","article_modified_time":"2024-02-14T16:00:28+00:00","og_image":[{"url":"https:\/\/www.infonautics-software.ch\/aidedecisionnelle\/wp-content\/uploads\/sites\/24\/2022\/02\/SmartScreenFR.png","type":"","width":"","height":""}],"twitter_card":"summary_large_image","twitter_site":"@InfonauticsGmbH","twitter_misc":{"Dur\u00e9e de lecture estim\u00e9e":"3 minutes"},"schema":{"@context":"https:\/\/schema.org","@graph":[{"@type":"WebPage","@id":"https:\/\/www.infonautics-software.ch\/aidedecisionnelle\/telecharger\/","url":"https:\/\/www.infonautics-software.ch\/aidedecisionnelle\/telecharger\/","name":"Decision Making Helper pour simplifier la prise de d\u00e9cision\u00a0","isPartOf":{"@id":"https:\/\/www.infonautics-software.ch\/aidedecisionnelle\/#website"},"primaryImageOfPage":{"@id":"https:\/\/www.infonautics-software.ch\/aidedecisionnelle\/telecharger\/#primaryimage"},"image":{"@id":"https:\/\/www.infonautics-software.ch\/aidedecisionnelle\/telecharger\/#primaryimage"},"thumbnailUrl":"https:\/\/www.infonautics-software.ch\/aidedecisionnelle\/wp-content\/uploads\/sites\/24\/2022\/02\/SmartScreenFR.png","datePublished":"2024-02-14T09:00:50+00:00","dateModified":"2024-02-14T16:00:28+00:00","description":"Le logiciel Decision Making Helper est un outil de grande aide pour simplifier votre prise de d\u00e9cision.T\u00e9l\u00e9charger et tester le logiciel gratuitement!","breadcrumb":{"@id":"https:\/\/www.infonautics-software.ch\/aidedecisionnelle\/telecharger\/#breadcrumb"},"inLanguage":"fr-FR","potentialAction":[{"@type":"ReadAction","target":["https:\/\/www.infonautics-software.ch\/aidedecisionnelle\/telecharger\/"]}]},{"@type":"ImageObject","inLanguage":"fr-FR","@id":"https:\/\/www.infonautics-software.ch\/aidedecisionnelle\/telecharger\/#primaryimage","url":"https:\/\/www.infonautics-software.ch\/aidedecisionnelle\/wp-content\/uploads\/sites\/24\/2022\/02\/SmartScreenFR.png","contentUrl":"https:\/\/www.infonautics-software.ch\/aidedecisionnelle\/wp-content\/uploads\/sites\/24\/2022\/02\/SmartScreenFR.png","width":750,"height":174},{"@type":"BreadcrumbList","@id":"https:\/\/www.infonautics-software.ch\/aidedecisionnelle\/telecharger\/#breadcrumb","itemListElement":[{"@type":"ListItem","position":1,"name":"Accueil","item":"https:\/\/www.infonautics-software.ch\/aidedecisionnelle\/"},{"@type":"ListItem","position":2,"name":"T\u00c9L\u00c9CHARGER"}]},{"@type":"WebSite","@id":"https:\/\/www.infonautics-software.ch\/aidedecisionnelle\/#website","url":"https:\/\/www.infonautics-software.ch\/aidedecisionnelle\/","name":"Decision Making Helper FR","description":"Aide decisionnelle","potentialAction":[{"@type":"SearchAction","target":{"@type":"EntryPoint","urlTemplate":"https:\/\/www.infonautics-software.ch\/aidedecisionnelle\/?s={search_term_string}"},"query-input":{"@type":"PropertyValueSpecification","valueRequired":true,"valueName":"search_term_string"}}],"inLanguage":"fr-FR"}]}},"jetpack_sharing_enabled":true,"jetpack_shortlink":"https:\/\/wp.me\/P7fdW9-28","_links":{"self":[{"href":"https:\/\/www.infonautics-software.ch\/aidedecisionnelle\/wp-json\/wp\/v2\/pages\/132","targetHints":{"allow":["GET"]}}],"collection":[{"href":"https:\/\/www.infonautics-software.ch\/aidedecisionnelle\/wp-json\/wp\/v2\/pages"}],"about":[{"href":"https:\/\/www.infonautics-software.ch\/aidedecisionnelle\/wp-json\/wp\/v2\/types\/page"}],"author":[{"embeddable":true,"href":"https:\/\/www.infonautics-software.ch\/aidedecisionnelle\/wp-json\/wp\/v2\/users\/1"}],"replies":[{"embeddable":true,"href":"https:\/\/www.infonautics-software.ch\/aidedecisionnelle\/wp-json\/wp\/v2\/comments?post=132"}],"version-history":[{"count":10,"href":"https:\/\/www.infonautics-software.ch\/aidedecisionnelle\/wp-json\/wp\/v2\/pages\/132\/revisions"}],"predecessor-version":[{"id":1501,"href":"https:\/\/www.infonautics-software.ch\/aidedecisionnelle\/wp-json\/wp\/v2\/pages\/132\/revisions\/1501"}],"wp:attachment":[{"href":"https:\/\/www.infonautics-software.ch\/aidedecisionnelle\/wp-json\/wp\/v2\/media?parent=132"}],"curies":[{"name":"wp","href":"https:\/\/api.w.org\/{rel}","templated":true}]}}