{"id":855,"date":"2016-02-16T14:00:23","date_gmt":"2016-02-16T13:00:23","guid":{"rendered":"http:\/\/www.livefilebackup.ch\/?page_id=855"},"modified":"2016-02-16T13:57:48","modified_gmt":"2016-02-16T12:57:48","slug":"decision","status":"publish","type":"page","link":"https:\/\/www.infonautics-software.ch\/aidedecisionnelle\/decision\/","title":{"rendered":"D\u00c9CISION"},"content":{"rendered":"<p>[et_pb_section admin_label=\u00a0\u00bbSektion\u00a0\u00bb fullwidth=\u00a0\u00bbon\u00a0\u00bb specialty=\u00a0\u00bboff\u00a0\u00bb transparent_background=\u00a0\u00bboff\u00a0\u00bb background_color=\u00a0\u00bb#00458e\u00a0\u00bb allow_player_pause=\u00a0\u00bboff\u00a0\u00bb inner_shadow=\u00a0\u00bboff\u00a0\u00bb parallax=\u00a0\u00bboff\u00a0\u00bb parallax_method=\u00a0\u00bboff\u00a0\u00bb custom_padding=\u00a0\u00bb50px|\u00a0\u00bb padding_mobile=\u00a0\u00bboff\u00a0\u00bb make_fullwidth=\u00a0\u00bboff\u00a0\u00bb use_custom_width=\u00a0\u00bboff\u00a0\u00bb width_unit=\u00a0\u00bbon\u00a0\u00bb make_equal=\u00a0\u00bboff\u00a0\u00bb use_custom_gutter=\u00a0\u00bboff\u00a0\u00bb][et_pb_fullwidth_header admin_label=\u00a0\u00bbVollbreite Kopfzeile\u00a0\u00bb title=\u00a0\u00bbPrendre des d\u00e9cisions avec Decision Making Helper\u00a0\u00bb background_layout=\u00a0\u00bbdark\u00a0\u00bb text_orientation=\u00a0\u00bbleft\u00a0\u00bb header_fullscreen=\u00a0\u00bboff\u00a0\u00bb header_scroll_down=\u00a0\u00bboff\u00a0\u00bb parallax=\u00a0\u00bboff\u00a0\u00bb parallax_method=\u00a0\u00bboff\u00a0\u00bb content_orientation=\u00a0\u00bbcenter\u00a0\u00bb image_orientation=\u00a0\u00bbcenter\u00a0\u00bb custom_button_one=\u00a0\u00bboff\u00a0\u00bb button_one_letter_spacing=\u00a0\u00bb0&Prime; button_one_use_icon=\u00a0\u00bbdefault\u00a0\u00bb button_one_icon_placement=\u00a0\u00bbright\u00a0\u00bb button_one_on_hover=\u00a0\u00bbon\u00a0\u00bb button_one_letter_spacing_hover=\u00a0\u00bb0&Prime; custom_button_two=\u00a0\u00bboff\u00a0\u00bb button_two_letter_spacing=\u00a0\u00bb0&Prime; button_two_use_icon=\u00a0\u00bbdefault\u00a0\u00bb button_two_icon_placement=\u00a0\u00bbright\u00a0\u00bb button_two_on_hover=\u00a0\u00bbon\u00a0\u00bb button_two_letter_spacing_hover=\u00a0\u00bb0&Prime;] [\/et_pb_fullwidth_header][\/et_pb_section][et_pb_section admin_label=\u00a0\u00bbSektion\u00a0\u00bb fullwidth=\u00a0\u00bboff\u00a0\u00bb specialty=\u00a0\u00bbon\u00a0\u00bb][et_pb_column type=\u00a0\u00bb3_4&Prime; specialty_columns=\u00a0\u00bb3&Prime;][et_pb_row_inner admin_label=\u00a0\u00bbZeile\u00a0\u00bb][et_pb_column_inner type=\u00a0\u00bb4_4&Prime; saved_specialty_column_type=\u00a0\u00bb3_4&Prime;][et_pb_text admin_label=\u00a0\u00bbText\u00a0\u00bb background_layout=\u00a0\u00bblight\u00a0\u00bb text_orientation=\u00a0\u00bbleft\u00a0\u00bb use_border_color=\u00a0\u00bboff\u00a0\u00bb border_color=\u00a0\u00bb#ffffff\u00a0\u00bb border_style=\u00a0\u00bbsolid\u00a0\u00bb]<\/p>\n<h1><span style=\"color: #000080;\"><strong>Prendre la bonne d\u00e9cision d&rsquo;une mani\u00e8re approfondie, consciente et objective.<\/strong><\/span><\/h1>\n<p>&nbsp;<\/p>\n<p><span style=\"color: #000080;\"><strong><span style=\"font-size: 12pt;\"><em>J&rsquo;ai trois offres d&#8217;emploi. Quelle offre dois-je accepter?<br \/> Quelle voiture dois-je acheter?<br \/> Dois-je immigrer aux \u00c9tats-Unis?<br \/> Quel candidat s&rsquo;int\u00e9grera le mieux dans notre soci\u00e9t\u00e9?<br \/> Quel ordinateur est le meilleur pour moi?<br \/> Dois-je me lancer dans l&rsquo;activit\u00e9 ind\u00e9pendante?<\/em><\/span><\/strong><\/span><\/p>\n<p>&nbsp;<\/p>\n<p><strong>Dans la vie quotidienne nous devons r\u00e9guli\u00e8rement prendre des d\u00e9cisions,<\/strong>\u00a0 parfois des d\u00e9cisions rapides, des d\u00e9cisions \u00e0\u00a0long terme, des d\u00e9cisions de grande envergure ou des d\u00e9cisions globales. Sa propre intuition est certainement un facteur important quand on doit prendre une d\u00e9cision. Mais si la prise de d\u00e9cision est complexe et a m\u00eame une grande influence sur des tiers, une d\u00e9cision structur\u00e9e et compr\u00e9hensible fournit automatiquement des arguments convaincants pour la bonne d\u00e9cision.<\/p>\n<p>Le logiciel <strong>Decision Making Helper peut vous aider ici<\/strong>.\u00a0Decision Making Helper est l&rsquo;outil d&rsquo;aide \u00e0 la prise de d\u00e9cision pour prendre la bonne d\u00e9cision. Prendre des d\u00e9cisions peut \u00eatre amusant!<span style=\"color: #000080;\"><strong><em>\u00a0<\/em><\/strong><\/span><\/p>\n<h2>\u00a0<\/h2>\n<h2><span style=\"color: #000080;\"><strong>Comment prendre la bonne d\u00e9cision?<\/strong><\/span><\/h2>\n<p>Le logiciel fonctionne sur le principe de la <strong><a href=\"https:\/\/www.infonautics-software.ch\/aidedecisionnelle\/matricedecision\/\">matrice de d\u00e9cision pond\u00e9r\u00e9e<\/a><\/strong> qui permet une prise de d\u00e9cision structur\u00e9e et transparente. Le programme vous demande de saisir toutes les possibilit\u00e9s de choix (options). Mais chaque option a des avantages et des inconv\u00e9nients qui peuvent rendre la d\u00e9cision difficile. Pour bien peser le pour et le contre de chaque option Decision Making Helper vous demande ensuite des lister tous les crit\u00e8res pr\u00e9cis et les pond\u00e9rer apr\u00e8s.<\/p>\n<p><span style=\"color: #000080;\"><strong><em>Exemple achat d&rsquo;une voiture: <\/em><\/strong><\/span><em><span style=\"color: #000080;\">\u00a0<\/span>Il y a 3 voitures (options) diff\u00e9rentes disponibles au choix. Outre le prix, des autres crit\u00e8res comme par exemple le kilom\u00e9trage, la premi\u00e8re mise en circulation etc. sont \u00e0 d\u00e9finir pour apr\u00e8s les pond\u00e9rer et les \u00e9valuer relatif \u00e0 chaque option (ici voiture). Cela montre donc, le pour et le contre pour chaque voiture. \u00a0<\/em><\/p>\n<p><em>Sur la base de vos pond\u00e9rations et de vos \u00e9valuations des crit\u00e8res pour chaque option (possibilit\u00e9 de choix), le logiciel Decision Making Helper calcule ensuite pour chaque option une valeur d\u00e9cisionnelle pour ainsi d\u00e9terminer le \u00ab\u00a0r\u00e9sultat\u00a0\u00bb \u00a0&#8211; la \u00ab\u00a0d\u00e9cision\u00a0\u00bb.<\/em><\/p>\n<h2>\u00a0<\/h2>\n<h2><span style=\"color: #000080;\"><strong>Les avantages de Decision Making Helper:<\/strong><\/span><\/h2>\n<ul>\n<li>Simple utilisation des aides \u00e0 la d\u00e9cision dans un seul programme.<\/li>\n<li>L&rsquo;\u00e9valuation pr\u00e9cise des options par des crit\u00e8res pond\u00e9r\u00e9s.<\/li>\n<li>Prise de d\u00e9cision rationnelle, compl\u00e8te, compr\u00e9hensible et claire.<\/li>\n<li>Processus de prise de d\u00e9cision fiable et clair, \u00e9galement dans des situations complexes.<\/li>\n<li>Un niveau \u00e9lev\u00e9 de s\u00e9curit\u00e9 et de confiance dans la d\u00e9cision prise.<\/li>\n<li>Bonne reconnaissance des conditions cadres d&rsquo;une d\u00e9cision.<\/li>\n<li>Repr\u00e9sentation graphique claire de la prise de d\u00e9cision.<\/li>\n<li>Approche ludique au processus de prise de d\u00e9cision.<\/li>\n<li>Instrument convaincant pour soutenir\u00a0une d\u00e9cision aupr\u00e8s des partenaires.<\/li>\n<\/ul>\n<p>&nbsp;<\/p>\n<h2><span style=\"color: #000080;\"><strong>Souhaitez-vous du soutien pour prendre la bonne d\u00e9cision?<\/strong><\/span><\/h2>\n<p>Testez maintenant le logiciel Decision Making Helper et <strong><a href=\"https:\/\/www.infonautics-software.ch\/aidedecisionnelle\/telecharger\">t\u00e9l\u00e9chargez-le gratuitement<\/a><\/strong>.<\/p>\n<p>&nbsp;<\/p>\n<h2>\u00a0<\/h2>\n<h2><span style=\"color: #000080;\"><strong>Des sources externes sur le sujet de la prise de d\u00e9cision<\/strong><\/span><\/h2>\n<p>[\/et_pb_text][\/et_pb_column_inner][\/et_pb_row_inner][et_pb_row_inner admin_label=\u00a0\u00bbZeile\u00a0\u00bb][et_pb_column_inner type=\u00a0\u00bb1_3&Prime; saved_specialty_column_type=\u00a0\u00bb3_4&Prime;][et_pb_image admin_label=\u00a0\u00bbBild\u00a0\u00bb src=\u00a0\u00bbhttps:\/\/www.infonautics-software.ch\/aidedecisionnelle\/wp-content\/uploads\/sites\/24\/2016\/02\/innovatorsguide.jpg\u00a0\u00bb alt=\u00a0\u00bbInnovator&rsquo;s Guide Switzerland\u00a0\u00bb show_in_lightbox=\u00a0\u00bboff\u00a0\u00bb url=\u00a0\u00bbhttp:\/\/innovators-guide.ch\/2013\/01\/decision-making-helper-hilft-im-privaten-und-beruflichen-leben-bei-der-entscheidunsfindung\/\u00a0\u00bb url_new_window=\u00a0\u00bbon\u00a0\u00bb animation=\u00a0\u00bboff\u00a0\u00bb sticky=\u00a0\u00bboff\u00a0\u00bb align=\u00a0\u00bbleft\u00a0\u00bb force_fullwidth=\u00a0\u00bboff\u00a0\u00bb always_center_on_mobile=\u00a0\u00bbon\u00a0\u00bb use_border_color=\u00a0\u00bboff\u00a0\u00bb border_color=\u00a0\u00bb#ffffff\u00a0\u00bb border_style=\u00a0\u00bbsolid\u00a0\u00bb] [\/et_pb_image][\/et_pb_column_inner][et_pb_column_inner type=\u00a0\u00bb1_3&Prime; saved_specialty_column_type=\u00a0\u00bb3_4&Prime;][et_pb_image admin_label=\u00a0\u00bbBild\u00a0\u00bb src=\u00a0\u00bbhttps:\/\/www.infonautics-software.ch\/aidedecisionnelle\/wp-content\/uploads\/sites\/24\/2016\/02\/skillsyouneed.jpg\u00a0\u00bb alt=\u00a0\u00bbSkills You Need\u00a0\u00bb show_in_lightbox=\u00a0\u00bboff\u00a0\u00bb url=\u00a0\u00bbhttp:\/\/www.skillsyouneed.com\/ips\/decision-making.html\u00a0\u00bb url_new_window=\u00a0\u00bbon\u00a0\u00bb animation=\u00a0\u00bboff\u00a0\u00bb sticky=\u00a0\u00bboff\u00a0\u00bb align=\u00a0\u00bbleft\u00a0\u00bb force_fullwidth=\u00a0\u00bboff\u00a0\u00bb always_center_on_mobile=\u00a0\u00bbon\u00a0\u00bb use_border_color=\u00a0\u00bboff\u00a0\u00bb border_color=\u00a0\u00bb#ffffff\u00a0\u00bb border_style=\u00a0\u00bbsolid\u00a0\u00bb] [\/et_pb_image][\/et_pb_column_inner][et_pb_column_inner type=\u00a0\u00bb1_3&Prime; saved_specialty_column_type=\u00a0\u00bb3_4&Prime;][et_pb_image admin_label=\u00a0\u00bbBild\u00a0\u00bb src=\u00a0\u00bbhttps:\/\/www.infonautics-software.ch\/aidedecisionnelle\/wp-content\/uploads\/sites\/24\/2016\/02\/unternehmerhandbuch.jpg\u00a0\u00bb alt=\u00a0\u00bbDas Unternehmerhandbuch\u00a0\u00bb show_in_lightbox=\u00a0\u00bboff\u00a0\u00bb url=\u00a0\u00bbhttp:\/\/das-unternehmerhandbuch.de\/2010\/10\/04\/gute-entscheidungen-treffen\/\u00a0\u00bb url_new_window=\u00a0\u00bbon\u00a0\u00bb animation=\u00a0\u00bboff\u00a0\u00bb sticky=\u00a0\u00bboff\u00a0\u00bb align=\u00a0\u00bbleft\u00a0\u00bb force_fullwidth=\u00a0\u00bboff\u00a0\u00bb always_center_on_mobile=\u00a0\u00bbon\u00a0\u00bb use_border_color=\u00a0\u00bboff\u00a0\u00bb border_color=\u00a0\u00bb#ffffff\u00a0\u00bb border_style=\u00a0\u00bbsolid\u00a0\u00bb] [\/et_pb_image][\/et_pb_column_inner][\/et_pb_row_inner][\/et_pb_column][et_pb_column type=\u00a0\u00bb1_4&Prime;][et_pb_sidebar admin_label=\u00a0\u00bbSeitenleiste\u00a0\u00bb orientation=\u00a0\u00bbright\u00a0\u00bb area=\u00a0\u00bbsidebar-1&Prime; background_layout=\u00a0\u00bblight\u00a0\u00bb remove_border=\u00a0\u00bboff\u00a0\u00bb header_text_color=\u00a0\u00bb#000080&Prime; header_font_size=\u00a0\u00bb20&Prime;] [\/et_pb_sidebar][\/et_pb_column][\/et_pb_section]<\/p>\n","protected":false},"excerpt":{"rendered":"<p>Prendre la bonne d\u00e9cision d&rsquo;une mani\u00e8re approfondie, consciente et objective.&nbsp;J&rsquo;ai trois offres d&#8217;emploi. Quelle offre dois-je accepter? Quelle voiture dois-je acheter? Dois-je immigrer aux \u00c9tats-Unis? Quel candidat s&rsquo;int\u00e9grera le mieux dans notre soci\u00e9t\u00e9? Quel ordinateur est le meilleur pour moi? Dois-je me lancer dans l&rsquo;activit\u00e9 ind\u00e9pendante?&nbsp;Dans la vie quotidienne nous devons r\u00e9guli\u00e8rement prendre des d\u00e9cisions,\u00a0 [&hellip;]<\/p>\n","protected":false},"author":1,"featured_media":0,"parent":0,"menu_order":0,"comment_status":"closed","ping_status":"closed","template":"","meta":{"_et_pb_use_builder":"on","_et_pb_old_content":"","_et_gb_content_width":"","jetpack_post_was_ever_published":false,"footnotes":""},"class_list":["post-855","page","type-page","status-publish","hentry"],"yoast_head":"<!-- This site is optimized with the Yoast SEO plugin v25.0 - https:\/\/yoast.com\/wordpress\/plugins\/seo\/ -->\n<title>Prendre la bonne decision avec Decision Making Helper<\/title>\n<meta name=\"description\" content=\"Decision Making Helper est l&#039;outil d&#039;aide \u00e0 la prise de d\u00e9cision pour prendre la bonne d\u00e9cision. Telecharger et tester maintenant gratuitement le logiciel.\" \/>\n<meta name=\"robots\" content=\"index, follow, max-snippet:-1, max-image-preview:large, max-video-preview:-1\" \/>\n<link rel=\"canonical\" href=\"https:\/\/www.infonautics-software.ch\/aidedecisionnelle\/decision\/\" \/>\n<meta property=\"og:locale\" content=\"fr_FR\" \/>\n<meta property=\"og:type\" content=\"article\" \/>\n<meta property=\"og:title\" content=\"Prendre la bonne decision avec Decision Making Helper\" \/>\n<meta property=\"og:description\" content=\"Decision Making Helper est l&#039;outil d&#039;aide \u00e0 la prise de d\u00e9cision pour prendre la bonne d\u00e9cision. Telecharger et tester maintenant gratuitement le logiciel.\" \/>\n<meta property=\"og:url\" content=\"https:\/\/www.infonautics-software.ch\/aidedecisionnelle\/decision\/\" \/>\n<meta property=\"og:site_name\" content=\"Decision Making Helper FR\" \/>\n<meta name=\"twitter:card\" content=\"summary_large_image\" \/>\n<meta name=\"twitter:site\" content=\"@InfonauticsGmbH\" \/>\n<meta name=\"twitter:label1\" content=\"Dur\u00e9e de lecture estim\u00e9e\" \/>\n\t<meta name=\"twitter:data1\" content=\"5 minutes\" \/>\n<script type=\"application\/ld+json\" class=\"yoast-schema-graph\">{\"@context\":\"https:\/\/schema.org\",\"@graph\":[{\"@type\":\"WebPage\",\"@id\":\"https:\/\/www.infonautics-software.ch\/aidedecisionnelle\/decision\/\",\"url\":\"https:\/\/www.infonautics-software.ch\/aidedecisionnelle\/decision\/\",\"name\":\"Prendre la bonne decision avec Decision Making Helper\",\"isPartOf\":{\"@id\":\"https:\/\/www.infonautics-software.ch\/aidedecisionnelle\/#website\"},\"datePublished\":\"2016-02-16T13:00:23+00:00\",\"description\":\"Decision Making Helper est l'outil d'aide \u00e0 la prise de d\u00e9cision pour prendre la bonne d\u00e9cision. Telecharger et tester maintenant gratuitement le logiciel.\",\"breadcrumb\":{\"@id\":\"https:\/\/www.infonautics-software.ch\/aidedecisionnelle\/decision\/#breadcrumb\"},\"inLanguage\":\"fr-FR\",\"potentialAction\":[{\"@type\":\"ReadAction\",\"target\":[\"https:\/\/www.infonautics-software.ch\/aidedecisionnelle\/decision\/\"]}]},{\"@type\":\"BreadcrumbList\",\"@id\":\"https:\/\/www.infonautics-software.ch\/aidedecisionnelle\/decision\/#breadcrumb\",\"itemListElement\":[{\"@type\":\"ListItem\",\"position\":1,\"name\":\"Accueil\",\"item\":\"https:\/\/www.infonautics-software.ch\/aidedecisionnelle\/\"},{\"@type\":\"ListItem\",\"position\":2,\"name\":\"D\u00c9CISION\"}]},{\"@type\":\"WebSite\",\"@id\":\"https:\/\/www.infonautics-software.ch\/aidedecisionnelle\/#website\",\"url\":\"https:\/\/www.infonautics-software.ch\/aidedecisionnelle\/\",\"name\":\"Decision Making Helper FR\",\"description\":\"Aide decisionnelle\",\"potentialAction\":[{\"@type\":\"SearchAction\",\"target\":{\"@type\":\"EntryPoint\",\"urlTemplate\":\"https:\/\/www.infonautics-software.ch\/aidedecisionnelle\/?s={search_term_string}\"},\"query-input\":{\"@type\":\"PropertyValueSpecification\",\"valueRequired\":true,\"valueName\":\"search_term_string\"}}],\"inLanguage\":\"fr-FR\"}]}<\/script>\n<!-- \/ Yoast SEO plugin. -->","yoast_head_json":{"title":"Prendre la bonne decision avec Decision Making Helper","description":"Decision Making Helper est l'outil d'aide \u00e0 la prise de d\u00e9cision pour prendre la bonne d\u00e9cision. Telecharger et tester maintenant gratuitement le logiciel.","robots":{"index":"index","follow":"follow","max-snippet":"max-snippet:-1","max-image-preview":"max-image-preview:large","max-video-preview":"max-video-preview:-1"},"canonical":"https:\/\/www.infonautics-software.ch\/aidedecisionnelle\/decision\/","og_locale":"fr_FR","og_type":"article","og_title":"Prendre la bonne decision avec Decision Making Helper","og_description":"Decision Making Helper est l'outil d'aide \u00e0 la prise de d\u00e9cision pour prendre la bonne d\u00e9cision. Telecharger et tester maintenant gratuitement le logiciel.","og_url":"https:\/\/www.infonautics-software.ch\/aidedecisionnelle\/decision\/","og_site_name":"Decision Making Helper FR","twitter_card":"summary_large_image","twitter_site":"@InfonauticsGmbH","twitter_misc":{"Dur\u00e9e de lecture estim\u00e9e":"5 minutes"},"schema":{"@context":"https:\/\/schema.org","@graph":[{"@type":"WebPage","@id":"https:\/\/www.infonautics-software.ch\/aidedecisionnelle\/decision\/","url":"https:\/\/www.infonautics-software.ch\/aidedecisionnelle\/decision\/","name":"Prendre la bonne decision avec Decision Making Helper","isPartOf":{"@id":"https:\/\/www.infonautics-software.ch\/aidedecisionnelle\/#website"},"datePublished":"2016-02-16T13:00:23+00:00","description":"Decision Making Helper est l'outil d'aide \u00e0 la prise de d\u00e9cision pour prendre la bonne d\u00e9cision. Telecharger et tester maintenant gratuitement le logiciel.","breadcrumb":{"@id":"https:\/\/www.infonautics-software.ch\/aidedecisionnelle\/decision\/#breadcrumb"},"inLanguage":"fr-FR","potentialAction":[{"@type":"ReadAction","target":["https:\/\/www.infonautics-software.ch\/aidedecisionnelle\/decision\/"]}]},{"@type":"BreadcrumbList","@id":"https:\/\/www.infonautics-software.ch\/aidedecisionnelle\/decision\/#breadcrumb","itemListElement":[{"@type":"ListItem","position":1,"name":"Accueil","item":"https:\/\/www.infonautics-software.ch\/aidedecisionnelle\/"},{"@type":"ListItem","position":2,"name":"D\u00c9CISION"}]},{"@type":"WebSite","@id":"https:\/\/www.infonautics-software.ch\/aidedecisionnelle\/#website","url":"https:\/\/www.infonautics-software.ch\/aidedecisionnelle\/","name":"Decision Making Helper FR","description":"Aide decisionnelle","potentialAction":[{"@type":"SearchAction","target":{"@type":"EntryPoint","urlTemplate":"https:\/\/www.infonautics-software.ch\/aidedecisionnelle\/?s={search_term_string}"},"query-input":{"@type":"PropertyValueSpecification","valueRequired":true,"valueName":"search_term_string"}}],"inLanguage":"fr-FR"}]}},"jetpack_sharing_enabled":true,"jetpack_shortlink":"https:\/\/wp.me\/P7fdW9-dN","_links":{"self":[{"href":"https:\/\/www.infonautics-software.ch\/aidedecisionnelle\/wp-json\/wp\/v2\/pages\/855","targetHints":{"allow":["GET"]}}],"collection":[{"href":"https:\/\/www.infonautics-software.ch\/aidedecisionnelle\/wp-json\/wp\/v2\/pages"}],"about":[{"href":"https:\/\/www.infonautics-software.ch\/aidedecisionnelle\/wp-json\/wp\/v2\/types\/page"}],"author":[{"embeddable":true,"href":"https:\/\/www.infonautics-software.ch\/aidedecisionnelle\/wp-json\/wp\/v2\/users\/1"}],"replies":[{"embeddable":true,"href":"https:\/\/www.infonautics-software.ch\/aidedecisionnelle\/wp-json\/wp\/v2\/comments?post=855"}],"version-history":[{"count":10,"href":"https:\/\/www.infonautics-software.ch\/aidedecisionnelle\/wp-json\/wp\/v2\/pages\/855\/revisions"}],"predecessor-version":[{"id":1415,"href":"https:\/\/www.infonautics-software.ch\/aidedecisionnelle\/wp-json\/wp\/v2\/pages\/855\/revisions\/1415"}],"wp:attachment":[{"href":"https:\/\/www.infonautics-software.ch\/aidedecisionnelle\/wp-json\/wp\/v2\/media?parent=855"}],"curies":[{"name":"wp","href":"https:\/\/api.w.org\/{rel}","templated":true}]}}