{"id":132,"date":"2025-09-24T10:00:50","date_gmt":"2025-09-24T08:00:50","guid":{"rendered":"http:\/\/www.infonautics-software.ch\/mymenuexplorerde\/?page_id=132"},"modified":"2025-09-24T15:20:14","modified_gmt":"2025-09-24T13:20:14","slug":"download","status":"publish","type":"page","link":"https:\/\/www.infonautics-software.ch\/bildschirmlineal\/download\/","title":{"rendered":"DOWNLOAD"},"content":{"rendered":"<p>[et_pb_section fb_built=&#8220;1&#8243; fullwidth=&#8220;on&#8220; custom_padding_last_edited=&#8220;on|desktop&#8220; admin_label=&#8220;section&#8220; _builder_version=&#8220;4.16&#8243; background_color=&#8220;#00458e&#8220; custom_padding=&#8220;50px|||&#8220; custom_padding_tablet=&#8220;50px|0|50px|0&#8243; custom_padding_phone=&#8220;&#8220; transparent_background=&#8220;off&#8220; padding_mobile=&#8220;off&#8220; make_fullwidth=&#8220;off&#8220; use_custom_width=&#8220;off&#8220; width_unit=&#8220;on&#8220; global_colors_info=&#8220;{}&#8220;][et_pb_fullwidth_header title=&#8220;Jetzt herunterladen und frei verwenden!&#8220; content_max_width=&#8220;none&#8220; admin_label=&#8220;Fullwidth Header&#8220; _builder_version=&#8220;4.23.1&#8243; background_color=&#8220;rgba(255, 255, 255, 0)&#8220; button_one_letter_spacing_hover=&#8220;0&#8243; button_two_letter_spacing_hover=&#8220;0&#8243; global_colors_info=&#8220;{}&#8220; button_one_text_size__hover_enabled=&#8220;off&#8220; button_two_text_size__hover_enabled=&#8220;off&#8220; button_one_text_color__hover_enabled=&#8220;off&#8220; button_two_text_color__hover_enabled=&#8220;off&#8220; button_one_border_width__hover_enabled=&#8220;off&#8220; button_two_border_width__hover_enabled=&#8220;off&#8220; button_one_border_color__hover_enabled=&#8220;off&#8220; button_two_border_color__hover_enabled=&#8220;off&#8220; button_one_border_radius__hover_enabled=&#8220;off&#8220; button_two_border_radius__hover_enabled=&#8220;off&#8220; button_one_letter_spacing__hover_enabled=&#8220;on&#8220; button_one_letter_spacing__hover=&#8220;0&#8243; button_two_letter_spacing__hover_enabled=&#8220;on&#8220; button_two_letter_spacing__hover=&#8220;0&#8243; button_one_bg_color__hover_enabled=&#8220;off&#8220; button_two_bg_color__hover_enabled=&#8220;off&#8220;][\/et_pb_fullwidth_header][\/et_pb_section][et_pb_section fb_built=&#8220;1&#8243; admin_label=&#8220;section&#8220; _builder_version=&#8220;4.16&#8243; global_colors_info=&#8220;{}&#8220;][et_pb_row column_structure=&#8220;3_4,1_4&#8243; admin_label=&#8220;row&#8220; _builder_version=&#8220;4.16&#8243; background_size=&#8220;initial&#8220; background_position=&#8220;top_left&#8220; background_repeat=&#8220;repeat&#8220; global_colors_info=&#8220;{}&#8220;][et_pb_column type=&#8220;3_4&#8243; _builder_version=&#8220;4.16&#8243; custom_padding=&#8220;|||&#8220; global_colors_info=&#8220;{}&#8220; custom_padding__hover=&#8220;|||&#8220;][et_pb_text admin_label=&#8220;Text&#8220; _builder_version=&#8220;4.23.1&#8243; text_font_size=&#8220;16&#8243; background_size=&#8220;initial&#8220; background_position=&#8220;top_left&#8220; background_repeat=&#8220;repeat&#8220; use_border_color=&#8220;off&#8220; border_color=&#8220;#ffffff&#8220; border_style=&#8220;solid&#8220; global_colors_info=&#8220;{}&#8220;]<\/p>\n<h2><span style=\"color: #000080;\"><strong>Kostenloser\u00a0Download\u00a0von Screen Ruler 2D &#8211; Pixel-Lineal<\/strong><\/span><\/h2>\n<p>&nbsp;<\/p>\n<p><span style=\"font-size: 12pt;\">Das Pixel-Lineal Screen Ruler 2D wird als <strong>Freeware<\/strong> ohne jede Garantie und Haftung angeboten.<\/span><\/p>\n<p><span style=\"font-size: 12pt;\">Screen Ruler 2D\u00a0ben\u00f6tigt keine Administratorenrechte f\u00fcr die Installation. Mit der Installation der Software werden <strong>keine \u00c4nderungen an Ihrem Betriebssystem vorgenommen<\/strong>.<\/span><\/p>\n<p><span style=\"font-size: 12pt;\">Die Software-Installation und das Programm selbst sind digital signiert, <strong>100% sauber und sicher<\/strong>, und enthalten keinerlei Werbung oder Software von Drittanbietern.<\/span><\/p>\n<p>[\/et_pb_text][et_pb_toggle title=&#8220;Wenn Windows die Installation durch eine Sicherheitsmeldung blockiert, w\u00e4hlen Sie bitte \u201eWeitere Informationen\u201c und dann \u201eTrotzdem ausf\u00fchren\u201c. %91+\/-%93&#8243; open=&#8220;on&#8220; icon_color=&#8220;#0c71c3&#8243; open_icon_color=&#8220;#0c71c3&#8243; _builder_version=&#8220;4.23.1&#8243; _module_preset=&#8220;default&#8220; title_font=&#8220;Arial||||||||&#8220; title_font_size=&#8220;15px&#8220; closed_title_font=&#8220;Arial||||||||&#8220; closed_title_font_size=&#8220;15px&#8220; closed_title_line_height=&#8220;1em&#8220; global_colors_info=&#8220;{}&#8220;]<\/p>\n<p><img data-recalc-dims=\"1\" loading=\"lazy\" decoding=\"async\" data-attachment-id=\"950\" data-permalink=\"https:\/\/www.infonautics-software.ch\/bildschirmlineal\/download\/smartscreende\/\" data-orig-file=\"https:\/\/i0.wp.com\/www.infonautics-software.ch\/bildschirmlineal\/wp-content\/uploads\/sites\/16\/2022\/02\/SmartScreenDE.png?fit=750%2C196&amp;ssl=1\" data-orig-size=\"750,196\" data-comments-opened=\"1\" data-image-meta=\"{&quot;aperture&quot;:&quot;0&quot;,&quot;credit&quot;:&quot;&quot;,&quot;camera&quot;:&quot;&quot;,&quot;caption&quot;:&quot;&quot;,&quot;created_timestamp&quot;:&quot;0&quot;,&quot;copyright&quot;:&quot;&quot;,&quot;focal_length&quot;:&quot;0&quot;,&quot;iso&quot;:&quot;0&quot;,&quot;shutter_speed&quot;:&quot;0&quot;,&quot;title&quot;:&quot;&quot;,&quot;orientation&quot;:&quot;0&quot;}\" data-image-title=\"SmartScreenDE\" data-image-description=\"\" data-image-caption=\"\" data-medium-file=\"https:\/\/i0.wp.com\/www.infonautics-software.ch\/bildschirmlineal\/wp-content\/uploads\/sites\/16\/2022\/02\/SmartScreenDE.png?fit=300%2C78&amp;ssl=1\" data-large-file=\"https:\/\/i0.wp.com\/www.infonautics-software.ch\/bildschirmlineal\/wp-content\/uploads\/sites\/16\/2022\/02\/SmartScreenDE.png?fit=750%2C196&amp;ssl=1\" class=\"wp-image-950 alignleft size-full\" src=\"https:\/\/i0.wp.com\/www.infonautics-software.ch\/bildschirmlineal\/wp-content\/uploads\/sites\/16\/2022\/02\/SmartScreenDE.png?resize=750%2C196&#038;ssl=1\" alt=\"\" width=\"750\" height=\"196\" srcset=\"https:\/\/www.infonautics-software.ch\/bildschirmlineal\/wp-content\/uploads\/sites\/16\/2022\/02\/SmartScreenDE.png 750w, https:\/\/www.infonautics-software.ch\/bildschirmlineal\/wp-content\/uploads\/sites\/16\/2022\/02\/SmartScreenDE-480x125.png 480w\" sizes=\"auto, (min-width: 0px) and (max-width: 480px) 480px, (min-width: 481px) 750px, 100vw\" \/><\/p>\n<p>[\/et_pb_toggle][et_pb_text admin_label=&#8220;Text&#8220; _builder_version=&#8220;4.23.1&#8243; text_font_size=&#8220;16&#8243; background_size=&#8220;initial&#8220; background_position=&#8220;top_left&#8220; background_repeat=&#8220;repeat&#8220; hover_enabled=&#8220;0&#8243; use_border_color=&#8220;off&#8220; border_color=&#8220;#ffffff&#8220; border_style=&#8220;solid&#8220; global_colors_info=&#8220;{}&#8220; sticky_enabled=&#8220;0&#8243;]<\/p>\n<p><span style=\"font-size: 12pt;\"><strong><br \/>Software-Installer<\/strong> als ausf\u00fchrbare Installations-Datei herunterladen:<\/span><\/p>\n<table style=\"height: 88px; width: 94.3051%;\" width=\"424\">\n<tbody>\n<tr style=\"height: 46px;\">\n<td style=\"width: 45.8824%; height: 46px;\"><a href=\"https:\/\/www.infonautics-software.ch\/downloads\/ScreenRuler2DDE.zip\" rel=\"https:\/\/www.infonautics-software.ch\/downloads\/ScreenRuler2DDE.zip\"><img data-recalc-dims=\"1\" loading=\"lazy\" decoding=\"async\" data-attachment-id=\"153\" data-permalink=\"https:\/\/www.infonautics-software.ch\/bildschirmlineal\/download\/germany_32\/\" data-orig-file=\"https:\/\/i0.wp.com\/www.infonautics-software.ch\/bildschirmlineal\/wp-content\/uploads\/sites\/16\/2015\/05\/germany_32.png?fit=32%2C32&amp;ssl=1\" data-orig-size=\"32,32\" data-comments-opened=\"1\" data-image-meta=\"{&quot;aperture&quot;:&quot;0&quot;,&quot;credit&quot;:&quot;&quot;,&quot;camera&quot;:&quot;&quot;,&quot;caption&quot;:&quot;&quot;,&quot;created_timestamp&quot;:&quot;0&quot;,&quot;copyright&quot;:&quot;&quot;,&quot;focal_length&quot;:&quot;0&quot;,&quot;iso&quot;:&quot;0&quot;,&quot;shutter_speed&quot;:&quot;0&quot;,&quot;title&quot;:&quot;&quot;,&quot;orientation&quot;:&quot;0&quot;}\" data-image-title=\"Screen Ruler 2D in Deutsch\" data-image-description=\"\" data-image-caption=\"\" data-medium-file=\"https:\/\/i0.wp.com\/www.infonautics-software.ch\/bildschirmlineal\/wp-content\/uploads\/sites\/16\/2015\/05\/germany_32.png?fit=32%2C32&amp;ssl=1\" data-large-file=\"https:\/\/i0.wp.com\/www.infonautics-software.ch\/bildschirmlineal\/wp-content\/uploads\/sites\/16\/2015\/05\/germany_32.png?fit=32%2C32&amp;ssl=1\" class=\"alignleft wp-image-153 size-full\" title=\"Pixel-Lineal Screen Ruler 2D in Deutsch\" src=\"https:\/\/i0.wp.com\/www.infonautics-software.ch\/bildschirmlineal\/wp-content\/uploads\/sites\/16\/2015\/05\/germany_32.png?resize=32%2C32&#038;ssl=1\" alt=\"Pixel-Lineal Screen Ruler 2D Version Deutsch\" width=\"32\" height=\"32\" \/><\/a><strong><a href=\"https:\/\/www.infonautics-software.ch\/downloads\/ScreenRuler2DDE.zip\" target=\"_blank\" rel=\"noopener noreferrer\">Download Deutsch<\/a><\/strong><\/td>\n<td style=\"width: 150.318%; height: 46px;\"><a href=\"https:\/\/www.infonautics-software.ch\/downloads\/ScreenRuler2DEN.zip\" rel=\"https:\/\/www.infonautics-software.ch\/downloads\/ScreenRuler2DEN.zip\"><img data-recalc-dims=\"1\" loading=\"lazy\" decoding=\"async\" data-attachment-id=\"154\" data-permalink=\"https:\/\/www.infonautics-software.ch\/bildschirmlineal\/download\/united_kingdom_32\/\" data-orig-file=\"https:\/\/i0.wp.com\/www.infonautics-software.ch\/bildschirmlineal\/wp-content\/uploads\/sites\/16\/2015\/05\/united_kingdom_32.png?fit=32%2C32&amp;ssl=1\" data-orig-size=\"32,32\" data-comments-opened=\"1\" data-image-meta=\"{&quot;aperture&quot;:&quot;0&quot;,&quot;credit&quot;:&quot;&quot;,&quot;camera&quot;:&quot;&quot;,&quot;caption&quot;:&quot;&quot;,&quot;created_timestamp&quot;:&quot;0&quot;,&quot;copyright&quot;:&quot;&quot;,&quot;focal_length&quot;:&quot;0&quot;,&quot;iso&quot;:&quot;0&quot;,&quot;shutter_speed&quot;:&quot;0&quot;,&quot;title&quot;:&quot;&quot;,&quot;orientation&quot;:&quot;0&quot;}\" data-image-title=\"Screen Ruler 2D in Englisch\" data-image-description=\"\" data-image-caption=\"\" data-medium-file=\"https:\/\/i0.wp.com\/www.infonautics-software.ch\/bildschirmlineal\/wp-content\/uploads\/sites\/16\/2015\/05\/united_kingdom_32.png?fit=32%2C32&amp;ssl=1\" data-large-file=\"https:\/\/i0.wp.com\/www.infonautics-software.ch\/bildschirmlineal\/wp-content\/uploads\/sites\/16\/2015\/05\/united_kingdom_32.png?fit=32%2C32&amp;ssl=1\" class=\"alignleft wp-image-154 size-full\" title=\"Pixel-Lineal Screen Ruler 2D in Englisch\" src=\"https:\/\/i0.wp.com\/www.infonautics-software.ch\/bildschirmlineal\/wp-content\/uploads\/sites\/16\/2015\/05\/united_kingdom_32.png?resize=32%2C32&#038;ssl=1\" alt=\"Englische Version von Screen Ruler 2D\" width=\"32\" height=\"32\" \/><\/a><strong><a href=\"https:\/\/www.infonautics-software.ch\/downloads\/ScreenRuler2DEN.zip\" target=\"_blank\" rel=\"noopener noreferrer\">Download Englisch<\/a><\/strong><\/td>\n<\/tr>\n<tr>\n<td style=\"width: 45.8824%;\"><a href=\"https:\/\/www.infonautics-software.ch\/downloads\/ScreenRuler2DNL.zip\" rel=\"https:\/\/www.infonautics-software.ch\/downloads\/ScreenRuler2DNL.zip\"><img data-recalc-dims=\"1\" loading=\"lazy\" decoding=\"async\" data-attachment-id=\"975\" data-permalink=\"https:\/\/www.infonautics-software.ch\/bildschirmlineal\/download\/dutch\/\" data-orig-file=\"https:\/\/i0.wp.com\/www.infonautics-software.ch\/bildschirmlineal\/wp-content\/uploads\/sites\/16\/2025\/09\/dutch.jpg?fit=32%2C21&amp;ssl=1\" data-orig-size=\"32,21\" data-comments-opened=\"1\" data-image-meta=\"{&quot;aperture&quot;:&quot;0&quot;,&quot;credit&quot;:&quot;&quot;,&quot;camera&quot;:&quot;&quot;,&quot;caption&quot;:&quot;&quot;,&quot;created_timestamp&quot;:&quot;0&quot;,&quot;copyright&quot;:&quot;&quot;,&quot;focal_length&quot;:&quot;0&quot;,&quot;iso&quot;:&quot;0&quot;,&quot;shutter_speed&quot;:&quot;0&quot;,&quot;title&quot;:&quot;&quot;,&quot;orientation&quot;:&quot;0&quot;}\" data-image-title=\"\" data-image-description=\"\" data-image-caption=\"\" data-medium-file=\"https:\/\/i0.wp.com\/www.infonautics-software.ch\/bildschirmlineal\/wp-content\/uploads\/sites\/16\/2025\/09\/dutch.jpg?fit=32%2C21&amp;ssl=1\" data-large-file=\"https:\/\/i0.wp.com\/www.infonautics-software.ch\/bildschirmlineal\/wp-content\/uploads\/sites\/16\/2025\/09\/dutch.jpg?fit=32%2C21&amp;ssl=1\" class=\"alignleft wp-image-975 size-full\" title=\"Screen Ruler 2D Dutch\" src=\"https:\/\/i0.wp.com\/www.infonautics-software.ch\/bildschirmlineal\/wp-content\/uploads\/sites\/16\/2025\/09\/dutch.jpg?resize=32%2C21&#038;ssl=1\" alt=\"Screen Ruler 2D Dutch\" width=\"32\" height=\"21\" \/><\/a><strong><a href=\"https:\/\/www.infonautics-software.ch\/downloads\/ScreenRuler2DNL.zip\" target=\"_blank\" rel=\"noopener noreferrer\">Download Niederl\u00e4ndisch<\/a><\/strong><\/td>\n<td style=\"width: 150.318%; height: 42px;\">\u00a0<\/td>\n<\/tr>\n<\/tbody>\n<\/table>\n<p>&nbsp;<\/p>\n<p><span style=\"font-size: 12pt;\">Die aktuellsten \u00c4nderungen und Erweiterungen vom Pixel-Lineal Screen Ruler 2D finden Sie in unserem <a href=\"https:\/\/www.infonautics-software.ch\/bildschirmlineal\/aenderungen\/\">Change-Log<\/a>.<\/span><\/p>\n<p><span style=\"font-size: 12pt;\">Sollte Screen Ruler 2D\u00a0nicht Ihren Erwartungen entsprechen, k\u00f6nnen Sie die Software problemlos wieder deinstallieren.\u00a0<\/span><\/p>\n<p>&nbsp;<\/p>\n<p><strong>\u00dcbersetzungen<\/strong><\/p>\n<p>Besten Dank f\u00fcr die sprachlichen \u00dcbersetzungen der Software an:<\/p>\n<p>Niederl\u00e4ndisch durch J. Kramer, Niederlande<\/p>\n<p>&nbsp;<\/p>\n<p>[\/et_pb_text][\/et_pb_column][et_pb_column type=&#8220;1_4&#8243; _builder_version=&#8220;4.16&#8243; custom_padding=&#8220;|||&#8220; global_colors_info=&#8220;{}&#8220; custom_padding__hover=&#8220;|||&#8220;][et_pb_sidebar orientation=&#8220;right&#8220; area=&#8220;sidebar-1&#8243; admin_label=&#8220;Sidebar&#8220; _builder_version=&#8220;4.16&#8243; header_text_color=&#8220;#000080&#8243; remove_border=&#8220;off&#8220; global_colors_info=&#8220;{}&#8220;] [\/et_pb_sidebar][\/et_pb_column][\/et_pb_row][\/et_pb_section]<\/p>\n","protected":false},"excerpt":{"rendered":"<p>Kostenloser\u00a0Download\u00a0von Screen Ruler 2D &#8211; Pixel-Lineal &nbsp; Das Pixel-Lineal Screen Ruler 2D wird als Freeware ohne jede Garantie und Haftung angeboten. Screen Ruler 2D\u00a0ben\u00f6tigt keine Administratorenrechte f\u00fcr die Installation. Mit der Installation der Software werden keine \u00c4nderungen an Ihrem Betriebssystem vorgenommen. Die Software-Installation und das Programm selbst sind digital signiert, 100% sauber und sicher, und [&hellip;]<\/p>\n","protected":false},"author":1,"featured_media":0,"parent":0,"menu_order":0,"comment_status":"open","ping_status":"open","template":"","meta":{"_et_pb_use_builder":"on","_et_pb_old_content":"","_et_gb_content_width":"","jetpack_post_was_ever_published":false,"footnotes":""},"class_list":["post-132","page","type-page","status-publish","hentry"],"yoast_head":"<!-- This site is optimized with the Yoast SEO plugin v25.0 - https:\/\/yoast.com\/wordpress\/plugins\/seo\/ -->\n<title>Kostenlos herunterladen Pixel-Lineal Screen Ruler 2D<\/title>\n<meta name=\"description\" content=\"Jetzt das Pixel-Lineal f\u00fcr Windows Screen Ruler 2D herunterladen und kostenlos testen. Bildschirmlineal f\u00fcr gleichzeitiges Messen von H\u00f6he und Breite.\" \/>\n<meta name=\"robots\" content=\"index, follow, max-snippet:-1, max-image-preview:large, max-video-preview:-1\" \/>\n<link rel=\"canonical\" href=\"https:\/\/www.infonautics-software.ch\/bildschirmlineal\/download\/\" \/>\n<meta property=\"og:locale\" content=\"de_DE\" \/>\n<meta property=\"og:type\" content=\"article\" \/>\n<meta property=\"og:title\" content=\"Kostenlos herunterladen Pixel-Lineal Screen Ruler 2D\" \/>\n<meta property=\"og:description\" content=\"Jetzt das Pixel-Lineal f\u00fcr Windows Screen Ruler 2D herunterladen und kostenlos testen. Bildschirmlineal f\u00fcr gleichzeitiges Messen von H\u00f6he und Breite.\" \/>\n<meta property=\"og:url\" content=\"https:\/\/www.infonautics-software.ch\/bildschirmlineal\/download\/\" \/>\n<meta property=\"og:site_name\" content=\"Bildschirmlineal Screen Ruler 2D\" \/>\n<meta property=\"article:modified_time\" content=\"2025-09-24T13:20:14+00:00\" \/>\n<meta property=\"og:image\" content=\"https:\/\/www.infonautics-software.ch\/bildschirmlineal\/wp-content\/uploads\/sites\/16\/2022\/02\/SmartScreenDE.png\" \/>\n<meta name=\"twitter:card\" content=\"summary_large_image\" \/>\n<meta name=\"twitter:site\" content=\"@InfonauticsGmbH\" \/>\n<meta name=\"twitter:label1\" content=\"Gesch\u00e4tzte Lesezeit\" \/>\n\t<meta name=\"twitter:data1\" content=\"4\u00a0Minuten\" \/>\n<script type=\"application\/ld+json\" class=\"yoast-schema-graph\">{\"@context\":\"https:\/\/schema.org\",\"@graph\":[{\"@type\":\"WebPage\",\"@id\":\"https:\/\/www.infonautics-software.ch\/bildschirmlineal\/download\/\",\"url\":\"https:\/\/www.infonautics-software.ch\/bildschirmlineal\/download\/\",\"name\":\"Kostenlos herunterladen Pixel-Lineal Screen Ruler 2D\",\"isPartOf\":{\"@id\":\"https:\/\/www.infonautics-software.ch\/bildschirmlineal\/#website\"},\"primaryImageOfPage\":{\"@id\":\"https:\/\/www.infonautics-software.ch\/bildschirmlineal\/download\/#primaryimage\"},\"image\":{\"@id\":\"https:\/\/www.infonautics-software.ch\/bildschirmlineal\/download\/#primaryimage\"},\"thumbnailUrl\":\"https:\/\/www.infonautics-software.ch\/bildschirmlineal\/wp-content\/uploads\/sites\/16\/2022\/02\/SmartScreenDE.png\",\"datePublished\":\"2025-09-24T08:00:50+00:00\",\"dateModified\":\"2025-09-24T13:20:14+00:00\",\"description\":\"Jetzt das Pixel-Lineal f\u00fcr Windows Screen Ruler 2D herunterladen und kostenlos testen. Bildschirmlineal f\u00fcr gleichzeitiges Messen von H\u00f6he und Breite.\",\"breadcrumb\":{\"@id\":\"https:\/\/www.infonautics-software.ch\/bildschirmlineal\/download\/#breadcrumb\"},\"inLanguage\":\"de\",\"potentialAction\":[{\"@type\":\"ReadAction\",\"target\":[\"https:\/\/www.infonautics-software.ch\/bildschirmlineal\/download\/\"]}]},{\"@type\":\"ImageObject\",\"inLanguage\":\"de\",\"@id\":\"https:\/\/www.infonautics-software.ch\/bildschirmlineal\/download\/#primaryimage\",\"url\":\"https:\/\/i0.wp.com\/www.infonautics-software.ch\/bildschirmlineal\/wp-content\/uploads\/sites\/16\/2022\/02\/SmartScreenDE.png?fit=750%2C196&ssl=1\",\"contentUrl\":\"https:\/\/i0.wp.com\/www.infonautics-software.ch\/bildschirmlineal\/wp-content\/uploads\/sites\/16\/2022\/02\/SmartScreenDE.png?fit=750%2C196&ssl=1\",\"width\":750,\"height\":196},{\"@type\":\"BreadcrumbList\",\"@id\":\"https:\/\/www.infonautics-software.ch\/bildschirmlineal\/download\/#breadcrumb\",\"itemListElement\":[{\"@type\":\"ListItem\",\"position\":1,\"name\":\"Startseite\",\"item\":\"https:\/\/www.infonautics-software.ch\/bildschirmlineal\/\"},{\"@type\":\"ListItem\",\"position\":2,\"name\":\"DOWNLOAD\"}]},{\"@type\":\"WebSite\",\"@id\":\"https:\/\/www.infonautics-software.ch\/bildschirmlineal\/#website\",\"url\":\"https:\/\/www.infonautics-software.ch\/bildschirmlineal\/\",\"name\":\"Bildschirmlineal Screen Ruler 2D\",\"description\":\"Screen Ruler 2D misst gleichzeitig in 2 Dimensionen (H\u00f6he und Breite)\",\"potentialAction\":[{\"@type\":\"SearchAction\",\"target\":{\"@type\":\"EntryPoint\",\"urlTemplate\":\"https:\/\/www.infonautics-software.ch\/bildschirmlineal\/?s={search_term_string}\"},\"query-input\":{\"@type\":\"PropertyValueSpecification\",\"valueRequired\":true,\"valueName\":\"search_term_string\"}}],\"inLanguage\":\"de\"}]}<\/script>\n<!-- \/ Yoast SEO plugin. -->","yoast_head_json":{"title":"Kostenlos herunterladen Pixel-Lineal Screen Ruler 2D","description":"Jetzt das Pixel-Lineal f\u00fcr Windows Screen Ruler 2D herunterladen und kostenlos testen. Bildschirmlineal f\u00fcr gleichzeitiges Messen von H\u00f6he und Breite.","robots":{"index":"index","follow":"follow","max-snippet":"max-snippet:-1","max-image-preview":"max-image-preview:large","max-video-preview":"max-video-preview:-1"},"canonical":"https:\/\/www.infonautics-software.ch\/bildschirmlineal\/download\/","og_locale":"de_DE","og_type":"article","og_title":"Kostenlos herunterladen Pixel-Lineal Screen Ruler 2D","og_description":"Jetzt das Pixel-Lineal f\u00fcr Windows Screen Ruler 2D herunterladen und kostenlos testen. Bildschirmlineal f\u00fcr gleichzeitiges Messen von H\u00f6he und Breite.","og_url":"https:\/\/www.infonautics-software.ch\/bildschirmlineal\/download\/","og_site_name":"Bildschirmlineal Screen Ruler 2D","article_modified_time":"2025-09-24T13:20:14+00:00","og_image":[{"url":"https:\/\/www.infonautics-software.ch\/bildschirmlineal\/wp-content\/uploads\/sites\/16\/2022\/02\/SmartScreenDE.png","type":"","width":"","height":""}],"twitter_card":"summary_large_image","twitter_site":"@InfonauticsGmbH","twitter_misc":{"Gesch\u00e4tzte Lesezeit":"4\u00a0Minuten"},"schema":{"@context":"https:\/\/schema.org","@graph":[{"@type":"WebPage","@id":"https:\/\/www.infonautics-software.ch\/bildschirmlineal\/download\/","url":"https:\/\/www.infonautics-software.ch\/bildschirmlineal\/download\/","name":"Kostenlos herunterladen Pixel-Lineal Screen Ruler 2D","isPartOf":{"@id":"https:\/\/www.infonautics-software.ch\/bildschirmlineal\/#website"},"primaryImageOfPage":{"@id":"https:\/\/www.infonautics-software.ch\/bildschirmlineal\/download\/#primaryimage"},"image":{"@id":"https:\/\/www.infonautics-software.ch\/bildschirmlineal\/download\/#primaryimage"},"thumbnailUrl":"https:\/\/www.infonautics-software.ch\/bildschirmlineal\/wp-content\/uploads\/sites\/16\/2022\/02\/SmartScreenDE.png","datePublished":"2025-09-24T08:00:50+00:00","dateModified":"2025-09-24T13:20:14+00:00","description":"Jetzt das Pixel-Lineal f\u00fcr Windows Screen Ruler 2D herunterladen und kostenlos testen. Bildschirmlineal f\u00fcr gleichzeitiges Messen von H\u00f6he und Breite.","breadcrumb":{"@id":"https:\/\/www.infonautics-software.ch\/bildschirmlineal\/download\/#breadcrumb"},"inLanguage":"de","potentialAction":[{"@type":"ReadAction","target":["https:\/\/www.infonautics-software.ch\/bildschirmlineal\/download\/"]}]},{"@type":"ImageObject","inLanguage":"de","@id":"https:\/\/www.infonautics-software.ch\/bildschirmlineal\/download\/#primaryimage","url":"https:\/\/i0.wp.com\/www.infonautics-software.ch\/bildschirmlineal\/wp-content\/uploads\/sites\/16\/2022\/02\/SmartScreenDE.png?fit=750%2C196&ssl=1","contentUrl":"https:\/\/i0.wp.com\/www.infonautics-software.ch\/bildschirmlineal\/wp-content\/uploads\/sites\/16\/2022\/02\/SmartScreenDE.png?fit=750%2C196&ssl=1","width":750,"height":196},{"@type":"BreadcrumbList","@id":"https:\/\/www.infonautics-software.ch\/bildschirmlineal\/download\/#breadcrumb","itemListElement":[{"@type":"ListItem","position":1,"name":"Startseite","item":"https:\/\/www.infonautics-software.ch\/bildschirmlineal\/"},{"@type":"ListItem","position":2,"name":"DOWNLOAD"}]},{"@type":"WebSite","@id":"https:\/\/www.infonautics-software.ch\/bildschirmlineal\/#website","url":"https:\/\/www.infonautics-software.ch\/bildschirmlineal\/","name":"Bildschirmlineal Screen Ruler 2D","description":"Screen Ruler 2D misst gleichzeitig in 2 Dimensionen (H\u00f6he und Breite)","potentialAction":[{"@type":"SearchAction","target":{"@type":"EntryPoint","urlTemplate":"https:\/\/www.infonautics-software.ch\/bildschirmlineal\/?s={search_term_string}"},"query-input":{"@type":"PropertyValueSpecification","valueRequired":true,"valueName":"search_term_string"}}],"inLanguage":"de"}]}},"jetpack_shortlink":"https:\/\/wp.me\/P6LF9V-28","jetpack_sharing_enabled":true,"_links":{"self":[{"href":"https:\/\/www.infonautics-software.ch\/bildschirmlineal\/wp-json\/wp\/v2\/pages\/132","targetHints":{"allow":["GET"]}}],"collection":[{"href":"https:\/\/www.infonautics-software.ch\/bildschirmlineal\/wp-json\/wp\/v2\/pages"}],"about":[{"href":"https:\/\/www.infonautics-software.ch\/bildschirmlineal\/wp-json\/wp\/v2\/types\/page"}],"author":[{"embeddable":true,"href":"https:\/\/www.infonautics-software.ch\/bildschirmlineal\/wp-json\/wp\/v2\/users\/1"}],"replies":[{"embeddable":true,"href":"https:\/\/www.infonautics-software.ch\/bildschirmlineal\/wp-json\/wp\/v2\/comments?post=132"}],"version-history":[{"count":10,"href":"https:\/\/www.infonautics-software.ch\/bildschirmlineal\/wp-json\/wp\/v2\/pages\/132\/revisions"}],"predecessor-version":[{"id":984,"href":"https:\/\/www.infonautics-software.ch\/bildschirmlineal\/wp-json\/wp\/v2\/pages\/132\/revisions\/984"}],"wp:attachment":[{"href":"https:\/\/www.infonautics-software.ch\/bildschirmlineal\/wp-json\/wp\/v2\/media?parent=132"}],"curies":[{"name":"wp","href":"https:\/\/api.w.org\/{rel}","templated":true}]}}