{"id":137,"date":"2025-06-13T11:00:10","date_gmt":"2025-06-13T09:00:10","guid":{"rendered":"http:\/\/www.infonautics-software.ch\/mymenuexplorerde\/?page_id=137"},"modified":"2025-06-13T16:26:28","modified_gmt":"2025-06-13T14:26:28","slug":"support","status":"publish","type":"page","link":"https:\/\/www.infonautics-software.ch\/bildschirmlineal\/support\/","title":{"rendered":"SUPPORT"},"content":{"rendered":"<p>[et_pb_section fb_built=&#8220;1&#8243; fullwidth=&#8220;on&#8220; custom_padding_last_edited=&#8220;on|desktop&#8220; admin_label=&#8220;section&#8220; _builder_version=&#8220;4.16&#8243; background_color=&#8220;#00458e&#8220; custom_padding=&#8220;50px|||&#8220; custom_padding_tablet=&#8220;50px|0|50px|0&#8243; transparent_background=&#8220;off&#8220; padding_mobile=&#8220;off&#8220; make_fullwidth=&#8220;off&#8220; use_custom_width=&#8220;off&#8220; width_unit=&#8220;on&#8220; global_colors_info=&#8220;{}&#8220; custom_padding_phone=&#8220;50px|0|50px|0&#8243;][et_pb_fullwidth_header title=&#8220;Support f\u00fcr Screen Ruler 2D&#8220; content_max_width=&#8220;none&#8220; admin_label=&#8220;Fullwidth Header&#8220; _builder_version=&#8220;4.16&#8243; background_color=&#8220;rgba(255, 255, 255, 0)&#8220; button_one_letter_spacing_hover=&#8220;0&#8243; button_two_letter_spacing_hover=&#8220;0&#8243; global_colors_info=&#8220;{}&#8220; button_one_text_size__hover_enabled=&#8220;off&#8220; button_two_text_size__hover_enabled=&#8220;off&#8220; button_one_text_color__hover_enabled=&#8220;off&#8220; button_two_text_color__hover_enabled=&#8220;off&#8220; button_one_border_width__hover_enabled=&#8220;off&#8220; button_two_border_width__hover_enabled=&#8220;off&#8220; button_one_border_color__hover_enabled=&#8220;off&#8220; button_two_border_color__hover_enabled=&#8220;off&#8220; button_one_border_radius__hover_enabled=&#8220;off&#8220; button_two_border_radius__hover_enabled=&#8220;off&#8220; button_one_letter_spacing__hover_enabled=&#8220;on&#8220; button_one_letter_spacing__hover=&#8220;0&#8243; button_two_letter_spacing__hover_enabled=&#8220;on&#8220; button_two_letter_spacing__hover=&#8220;0&#8243; button_one_bg_color__hover_enabled=&#8220;off&#8220; button_two_bg_color__hover_enabled=&#8220;off&#8220;][\/et_pb_fullwidth_header][\/et_pb_section][et_pb_section fb_built=&#8220;1&#8243; admin_label=&#8220;section&#8220; _builder_version=&#8220;4.16&#8243; global_colors_info=&#8220;{}&#8220;][et_pb_row padding_mobile=&#8220;off&#8220; admin_label=&#8220;row&#8220; _builder_version=&#8220;4.16&#8243; background_size=&#8220;initial&#8220; background_position=&#8220;top_left&#8220; background_repeat=&#8220;repeat&#8220; make_fullwidth=&#8220;off&#8220; use_custom_width=&#8220;off&#8220; width_unit=&#8220;on&#8220; global_colors_info=&#8220;{}&#8220; column_structure=&#8220;3_4,1_4&#8243;][et_pb_column type=&#8220;3_4&#8243; _builder_version=&#8220;4.16&#8243; custom_padding=&#8220;|||&#8220; global_colors_info=&#8220;{}&#8220; custom_padding__hover=&#8220;|||&#8220;][et_pb_text admin_label=&#8220;Text&#8220; _builder_version=&#8220;4.23.1&#8243; text_font_size=&#8220;16&#8243; background_size=&#8220;initial&#8220; background_position=&#8220;top_left&#8220; background_repeat=&#8220;repeat&#8220; hover_enabled=&#8220;0&#8243; use_border_color=&#8220;off&#8220; border_color=&#8220;#ffffff&#8220; border_style=&#8220;solid&#8220; global_colors_info=&#8220;{}&#8220; sticky_enabled=&#8220;0&#8243;]<\/p>\n<h2><span style=\"color: #000080;\"><strong>Kostenloser\u00a0Support f\u00fcr\u00a0Screen Ruler 2D<\/strong><\/span><\/h2>\n<p>&nbsp;<\/p>\n<p><span style=\"font-size: 12pt;\">Mit Screen Ruler 2D l\u00e4sst sich m\u00fchelos in <strong>2 Dimensionen gleichzeitig\u00a0der Bildschirm messen<\/strong> (waagrecht und senkrecht &#8211; H\u00f6he und Breite) . Die integrierte <strong>Lupe<\/strong> mit den hilfreichen Positionierhilfen erlaubt ein pixelgnaues Positionieren des Massstabes auf dem Desktop. Mit dem zus\u00e4tzlich eingebauten <strong>Farbmesser<\/strong> wird Screen Ruler 2D ein wertvolles Software-Tool f\u00fcr grafische Arbeiten.<\/span><\/p>\n<p>Eine kurze Einleitung zu den Funktionen und M\u00f6glichkeiten von Screen Ruler 2D bietet Ihnen unsere <a href=\"https:\/\/www.infonautics-software.ch\/bildschirmlineal\/funktionen\/\">Video-Anleitung<\/a>.<\/p>\n<p><span style=\"font-size: 12pt;\">Haben Sie weitere Fragen zum Bildschirmlineal Screen Ruler 2D?\u00a0<\/span><span style=\"font-size: 12pt;\">F\u00fcr Screen Ruler 2D\u00a0offerieren\u00a0wir Ihnen <strong>kostenlosen Support via E-Mail<\/strong> in den Sprachen Deutsch und Englisch an. Bitte kontaktieren Sie uns bei m\u00f6glichen Fragen unter <strong><a href=\"mailto:support@infonautics.ch\">support@infonautics.ch<\/a><\/strong>.\u00a0<\/span><\/p>\n<p><span style=\"font-size: 12pt;\">Gerne werden wir Ihre Fragen innert 48 Stunden beantworten. Das Softwareunternehmen\u00a0<a href=\"https:\/\/www.infonautics.ch\" target=\"_blank\" rel=\"noopener noreferrer\">INFONAUTICSS\u00a0GmbH<\/a> hat seinen Sitz in der Schweiz. Bitte beachten Sie m\u00f6gliche Zeitunterschiede.<\/span><\/p>\n<p><span style=\"font-size: 12pt;\">Haben\u00a0Sie Anregungen und W\u00fcnsche f\u00fcr zuk\u00fcnftige\u00a0Updates? Wir freuen uns, von Ihnen zu h\u00f6ren.<\/span><\/p>\n<p><span style=\"font-size: 12pt;\">Jetzt alle hilfreichen\u00a0Funktionen Screen Ruler 2D\u00a0<strong><a href=\"https:\/\/www.infonautics-software.ch\/bildschirmlineal\/download\/\">kostenlos herunterladen und frei verwenden<\/a><\/strong>.\u00a0<\/span><\/p>\n<p>[\/et_pb_text][\/et_pb_column][et_pb_column type=&#8220;1_4&#8243; _builder_version=&#8220;4.16&#8243; custom_padding=&#8220;|||&#8220; global_colors_info=&#8220;{}&#8220; custom_padding__hover=&#8220;|||&#8220;][et_pb_sidebar orientation=&#8220;right&#8220; area=&#8220;sidebar-1&#8243; admin_label=&#8220;Sidebar&#8220; _builder_version=&#8220;4.16&#8243; header_text_color=&#8220;#000080&#8243; remove_border=&#8220;off&#8220; global_colors_info=&#8220;{}&#8220;][\/et_pb_sidebar][\/et_pb_column][\/et_pb_row][\/et_pb_section]<\/p>\n","protected":false},"excerpt":{"rendered":"<p>Kostenloser\u00a0Support f\u00fcr\u00a0Screen Ruler 2D &nbsp; Mit Screen Ruler 2D l\u00e4sst sich m\u00fchelos in 2 Dimensionen gleichzeitig\u00a0der Bildschirm messen (waagrecht und senkrecht &#8211; H\u00f6he und Breite) . Die integrierte Lupe mit den hilfreichen Positionierhilfen erlaubt ein pixelgnaues Positionieren des Massstabes auf dem Desktop. Mit dem zus\u00e4tzlich eingebauten Farbmesser wird Screen Ruler 2D ein wertvolles Software-Tool f\u00fcr [&hellip;]<\/p>\n","protected":false},"author":1,"featured_media":0,"parent":0,"menu_order":0,"comment_status":"open","ping_status":"open","template":"","meta":{"_et_pb_use_builder":"on","_et_pb_old_content":"","_et_gb_content_width":"","jetpack_post_was_ever_published":false,"footnotes":""},"class_list":["post-137","page","type-page","status-publish","hentry"],"yoast_head":"<!-- This site is optimized with the Yoast SEO plugin v25.0 - https:\/\/yoast.com\/wordpress\/plugins\/seo\/ -->\n<title>Mit Screen Ruler 2D pixelgenau den Bildschirm messen<\/title>\n<meta name=\"description\" content=\"Mit der integrierten Lupe und den hilfreichen Positionierhilfen kann Screen Ruler 2D pixelgenau den Bildschirm messen. Jetzt den Massstab kostenlos testen.\" \/>\n<meta name=\"robots\" content=\"index, follow, max-snippet:-1, max-image-preview:large, max-video-preview:-1\" \/>\n<link rel=\"canonical\" href=\"https:\/\/www.infonautics-software.ch\/bildschirmlineal\/support\/\" \/>\n<meta property=\"og:locale\" content=\"de_DE\" \/>\n<meta property=\"og:type\" content=\"article\" \/>\n<meta property=\"og:title\" content=\"Mit Screen Ruler 2D pixelgenau den Bildschirm messen\" \/>\n<meta property=\"og:description\" content=\"Mit der integrierten Lupe und den hilfreichen Positionierhilfen kann Screen Ruler 2D pixelgenau den Bildschirm messen. Jetzt den Massstab kostenlos testen.\" \/>\n<meta property=\"og:url\" content=\"https:\/\/www.infonautics-software.ch\/bildschirmlineal\/support\/\" \/>\n<meta property=\"og:site_name\" content=\"Bildschirmlineal Screen Ruler 2D\" \/>\n<meta property=\"article:modified_time\" content=\"2025-06-13T14:26:28+00:00\" \/>\n<meta name=\"twitter:card\" content=\"summary_large_image\" \/>\n<meta name=\"twitter:site\" content=\"@InfonauticsGmbH\" \/>\n<meta name=\"twitter:label1\" content=\"Gesch\u00e4tzte Lesezeit\" \/>\n\t<meta name=\"twitter:data1\" content=\"3\u00a0Minuten\" \/>\n<script type=\"application\/ld+json\" class=\"yoast-schema-graph\">{\"@context\":\"https:\/\/schema.org\",\"@graph\":[{\"@type\":\"WebPage\",\"@id\":\"https:\/\/www.infonautics-software.ch\/bildschirmlineal\/support\/\",\"url\":\"https:\/\/www.infonautics-software.ch\/bildschirmlineal\/support\/\",\"name\":\"Mit Screen Ruler 2D pixelgenau den Bildschirm messen\",\"isPartOf\":{\"@id\":\"https:\/\/www.infonautics-software.ch\/bildschirmlineal\/#website\"},\"datePublished\":\"2025-06-13T09:00:10+00:00\",\"dateModified\":\"2025-06-13T14:26:28+00:00\",\"description\":\"Mit der integrierten Lupe und den hilfreichen Positionierhilfen kann Screen Ruler 2D pixelgenau den Bildschirm messen. Jetzt den Massstab kostenlos testen.\",\"breadcrumb\":{\"@id\":\"https:\/\/www.infonautics-software.ch\/bildschirmlineal\/support\/#breadcrumb\"},\"inLanguage\":\"de\",\"potentialAction\":[{\"@type\":\"ReadAction\",\"target\":[\"https:\/\/www.infonautics-software.ch\/bildschirmlineal\/support\/\"]}]},{\"@type\":\"BreadcrumbList\",\"@id\":\"https:\/\/www.infonautics-software.ch\/bildschirmlineal\/support\/#breadcrumb\",\"itemListElement\":[{\"@type\":\"ListItem\",\"position\":1,\"name\":\"Startseite\",\"item\":\"https:\/\/www.infonautics-software.ch\/bildschirmlineal\/\"},{\"@type\":\"ListItem\",\"position\":2,\"name\":\"SUPPORT\"}]},{\"@type\":\"WebSite\",\"@id\":\"https:\/\/www.infonautics-software.ch\/bildschirmlineal\/#website\",\"url\":\"https:\/\/www.infonautics-software.ch\/bildschirmlineal\/\",\"name\":\"Bildschirmlineal Screen Ruler 2D\",\"description\":\"Screen Ruler 2D misst gleichzeitig in 2 Dimensionen (H\u00f6he und Breite)\",\"potentialAction\":[{\"@type\":\"SearchAction\",\"target\":{\"@type\":\"EntryPoint\",\"urlTemplate\":\"https:\/\/www.infonautics-software.ch\/bildschirmlineal\/?s={search_term_string}\"},\"query-input\":{\"@type\":\"PropertyValueSpecification\",\"valueRequired\":true,\"valueName\":\"search_term_string\"}}],\"inLanguage\":\"de\"}]}<\/script>\n<!-- \/ Yoast SEO plugin. -->","yoast_head_json":{"title":"Mit Screen Ruler 2D pixelgenau den Bildschirm messen","description":"Mit der integrierten Lupe und den hilfreichen Positionierhilfen kann Screen Ruler 2D pixelgenau den Bildschirm messen. Jetzt den Massstab kostenlos testen.","robots":{"index":"index","follow":"follow","max-snippet":"max-snippet:-1","max-image-preview":"max-image-preview:large","max-video-preview":"max-video-preview:-1"},"canonical":"https:\/\/www.infonautics-software.ch\/bildschirmlineal\/support\/","og_locale":"de_DE","og_type":"article","og_title":"Mit Screen Ruler 2D pixelgenau den Bildschirm messen","og_description":"Mit der integrierten Lupe und den hilfreichen Positionierhilfen kann Screen Ruler 2D pixelgenau den Bildschirm messen. Jetzt den Massstab kostenlos testen.","og_url":"https:\/\/www.infonautics-software.ch\/bildschirmlineal\/support\/","og_site_name":"Bildschirmlineal Screen Ruler 2D","article_modified_time":"2025-06-13T14:26:28+00:00","twitter_card":"summary_large_image","twitter_site":"@InfonauticsGmbH","twitter_misc":{"Gesch\u00e4tzte Lesezeit":"3\u00a0Minuten"},"schema":{"@context":"https:\/\/schema.org","@graph":[{"@type":"WebPage","@id":"https:\/\/www.infonautics-software.ch\/bildschirmlineal\/support\/","url":"https:\/\/www.infonautics-software.ch\/bildschirmlineal\/support\/","name":"Mit Screen Ruler 2D pixelgenau den Bildschirm messen","isPartOf":{"@id":"https:\/\/www.infonautics-software.ch\/bildschirmlineal\/#website"},"datePublished":"2025-06-13T09:00:10+00:00","dateModified":"2025-06-13T14:26:28+00:00","description":"Mit der integrierten Lupe und den hilfreichen Positionierhilfen kann Screen Ruler 2D pixelgenau den Bildschirm messen. Jetzt den Massstab kostenlos testen.","breadcrumb":{"@id":"https:\/\/www.infonautics-software.ch\/bildschirmlineal\/support\/#breadcrumb"},"inLanguage":"de","potentialAction":[{"@type":"ReadAction","target":["https:\/\/www.infonautics-software.ch\/bildschirmlineal\/support\/"]}]},{"@type":"BreadcrumbList","@id":"https:\/\/www.infonautics-software.ch\/bildschirmlineal\/support\/#breadcrumb","itemListElement":[{"@type":"ListItem","position":1,"name":"Startseite","item":"https:\/\/www.infonautics-software.ch\/bildschirmlineal\/"},{"@type":"ListItem","position":2,"name":"SUPPORT"}]},{"@type":"WebSite","@id":"https:\/\/www.infonautics-software.ch\/bildschirmlineal\/#website","url":"https:\/\/www.infonautics-software.ch\/bildschirmlineal\/","name":"Bildschirmlineal Screen Ruler 2D","description":"Screen Ruler 2D misst gleichzeitig in 2 Dimensionen (H\u00f6he und Breite)","potentialAction":[{"@type":"SearchAction","target":{"@type":"EntryPoint","urlTemplate":"https:\/\/www.infonautics-software.ch\/bildschirmlineal\/?s={search_term_string}"},"query-input":{"@type":"PropertyValueSpecification","valueRequired":true,"valueName":"search_term_string"}}],"inLanguage":"de"}]}},"jetpack_shortlink":"https:\/\/wp.me\/P6LF9V-2d","jetpack_sharing_enabled":true,"_links":{"self":[{"href":"https:\/\/www.infonautics-software.ch\/bildschirmlineal\/wp-json\/wp\/v2\/pages\/137","targetHints":{"allow":["GET"]}}],"collection":[{"href":"https:\/\/www.infonautics-software.ch\/bildschirmlineal\/wp-json\/wp\/v2\/pages"}],"about":[{"href":"https:\/\/www.infonautics-software.ch\/bildschirmlineal\/wp-json\/wp\/v2\/types\/page"}],"author":[{"embeddable":true,"href":"https:\/\/www.infonautics-software.ch\/bildschirmlineal\/wp-json\/wp\/v2\/users\/1"}],"replies":[{"embeddable":true,"href":"https:\/\/www.infonautics-software.ch\/bildschirmlineal\/wp-json\/wp\/v2\/comments?post=137"}],"version-history":[{"count":10,"href":"https:\/\/www.infonautics-software.ch\/bildschirmlineal\/wp-json\/wp\/v2\/pages\/137\/revisions"}],"predecessor-version":[{"id":971,"href":"https:\/\/www.infonautics-software.ch\/bildschirmlineal\/wp-json\/wp\/v2\/pages\/137\/revisions\/971"}],"wp:attachment":[{"href":"https:\/\/www.infonautics-software.ch\/bildschirmlineal\/wp-json\/wp\/v2\/media?parent=137"}],"curies":[{"name":"wp","href":"https:\/\/api.w.org\/{rel}","templated":true}]}}