{"id":37,"date":"2025-06-13T11:00:16","date_gmt":"2025-06-13T09:00:16","guid":{"rendered":"http:\/\/www.infonautics-software.ch\/mymenuexplorerde\/?page_id=37"},"modified":"2025-06-13T15:53:14","modified_gmt":"2025-06-13T13:53:14","slug":"home","status":"publish","type":"page","link":"https:\/\/www.infonautics-software.ch\/bildschirmlineal\/","title":{"rendered":"HOME"},"content":{"rendered":"<p>[et_pb_section fb_built=&#8220;1&#8243; fullwidth=&#8220;on&#8220; custom_padding_last_edited=&#8220;on|desktop&#8220; admin_label=&#8220;section&#8220; _builder_version=&#8220;4.16&#8243; background_color=&#8220;#ffffff&#8220; custom_padding_tablet=&#8220;50px|0|50px|0&#8243; transparent_background=&#8220;off&#8220; padding_mobile=&#8220;off&#8220; make_fullwidth=&#8220;off&#8220; use_custom_width=&#8220;off&#8220; width_unit=&#8220;on&#8220; global_colors_info=&#8220;{}&#8220; custom_padding_phone=&#8220;50px|0|50px|0&#8243;][et_pb_fullwidth_slider admin_label=&#8220;Fullwidth Slider&#8220; _builder_version=&#8220;4.16&#8243; custom_padding=&#8220;|||&#8220; custom_padding_tablet=&#8220;|||&#8220; custom_padding_phone=&#8220;|||&#8220; box_shadow_style=&#8220;preset6&#8243; box_shadow_blur=&#8220;10px&#8220; box_shadow_color=&#8220;rgba(0,0,0,0.1)&#8220; remove_inner_shadow=&#8220;off&#8220; hide_content_on_mobile=&#8220;off&#8220; hide_cta_on_mobile=&#8220;off&#8220; show_inner_shadow=&#8220;on&#8220; button_letter_spacing_hover=&#8220;0&#8243; global_colors_info=&#8220;{}&#8220; button_text_size__hover_enabled=&#8220;off&#8220; button_one_text_size__hover_enabled=&#8220;off&#8220; button_two_text_size__hover_enabled=&#8220;off&#8220; button_text_color__hover_enabled=&#8220;off&#8220; button_one_text_color__hover_enabled=&#8220;off&#8220; button_two_text_color__hover_enabled=&#8220;off&#8220; button_border_width__hover_enabled=&#8220;off&#8220; button_one_border_width__hover_enabled=&#8220;off&#8220; button_two_border_width__hover_enabled=&#8220;off&#8220; button_border_color__hover_enabled=&#8220;off&#8220; button_one_border_color__hover_enabled=&#8220;off&#8220; button_two_border_color__hover_enabled=&#8220;off&#8220; button_border_radius__hover_enabled=&#8220;off&#8220; button_one_border_radius__hover_enabled=&#8220;off&#8220; button_two_border_radius__hover_enabled=&#8220;off&#8220; button_letter_spacing__hover_enabled=&#8220;on&#8220; button_letter_spacing__hover=&#8220;0&#8243; button_one_letter_spacing__hover_enabled=&#8220;off&#8220; button_two_letter_spacing__hover_enabled=&#8220;off&#8220; button_bg_color__hover_enabled=&#8220;off&#8220; button_one_bg_color__hover_enabled=&#8220;off&#8220; button_two_bg_color__hover_enabled=&#8220;off&#8220;][et_pb_slide heading=&#8220;Screen Ruler 2D&#8220; button_text=&#8220;Jetzt herunterladen!&#8220; button_link=&#8220;https:\/\/www.infonautics-software.ch\/bildschirmlineal\/download&#8220; image=&#8220;https:\/\/www.infonautics-software.ch\/bildschirmlineal\/wp-content\/uploads\/sites\/16\/2015\/08\/ScreenRuler2DBoxShotTransparent.png&#8220; use_bg_overlay=&#8220;off&#8220; use_text_overlay=&#8220;off&#8220; _builder_version=&#8220;4.16&#8243; header_font=&#8220;||||&#8220; body_font=&#8220;||||&#8220; background_color=&#8220;#00458e&#8220; custom_button=&#8220;on&#8220; button_font=&#8220;||||&#8220; button_icon_placement=&#8220;right&#8220; button_on_hover=&#8220;on&#8220; global_colors_info=&#8220;{}&#8220; sticky_transition=&#8220;on&#8220; button_text_size__hover_enabled=&#8220;off&#8220; button_one_text_size__hover_enabled=&#8220;off&#8220; button_two_text_size__hover_enabled=&#8220;off&#8220; button_text_color__hover_enabled=&#8220;off&#8220; button_one_text_color__hover_enabled=&#8220;off&#8220; button_two_text_color__hover_enabled=&#8220;off&#8220; button_border_width__hover_enabled=&#8220;off&#8220; button_one_border_width__hover_enabled=&#8220;off&#8220; button_two_border_width__hover_enabled=&#8220;off&#8220; button_border_color__hover_enabled=&#8220;off&#8220; button_one_border_color__hover_enabled=&#8220;off&#8220; button_two_border_color__hover_enabled=&#8220;off&#8220; button_border_radius__hover_enabled=&#8220;off&#8220; button_one_border_radius__hover_enabled=&#8220;off&#8220; button_two_border_radius__hover_enabled=&#8220;off&#8220; button_letter_spacing__hover_enabled=&#8220;off&#8220; button_one_letter_spacing__hover_enabled=&#8220;off&#8220; button_two_letter_spacing__hover_enabled=&#8220;off&#8220; button_bg_color__hover_enabled=&#8220;off&#8220; button_one_bg_color__hover_enabled=&#8220;off&#8220; button_two_bg_color__hover_enabled=&#8220;off&#8220;]<\/p>\n<p style=\"text-align: left;\"><strong>Bildschirmlineal, Farbmesser<\/strong> (Color Picker) und eingebaute <strong>Lupe,<\/strong> alles in einem Tool.<\/p>\n<p>[\/et_pb_slide][\/et_pb_fullwidth_slider][\/et_pb_section][et_pb_section fb_built=&#8220;1&#8243; specialty=&#8220;on&#8220; custom_padding_last_edited=&#8220;on|desktop&#8220; background_color_1=&#8220;rgba(0,0,0,0)&#8220; admin_label=&#8220;section&#8220; _builder_version=&#8220;4.16&#8243; custom_padding=&#8220;|||&#8220; custom_padding_tablet=&#8220;50px|0|50px|0&#8243; transparent_background=&#8220;off&#8220; padding_mobile=&#8220;off&#8220; make_fullwidth=&#8220;off&#8220; use_custom_width=&#8220;off&#8220; width_unit=&#8220;on&#8220; global_colors_info=&#8220;{}&#8220; custom_padding_phone=&#8220;50px|0|50px|0&#8243;][et_pb_column type=&#8220;3_4&#8243; specialty_columns=&#8220;3&#8243; _builder_version=&#8220;4.16&#8243; custom_padding=&#8220;|||&#8220; global_colors_info=&#8220;{}&#8220; custom_padding__hover=&#8220;|||&#8220;][et_pb_row_inner padding_mobile=&#8220;off&#8220; admin_label=&#8220;row_inner&#8220; _builder_version=&#8220;4.16&#8243; custom_padding=&#8220;|80px&#8220; global_colors_info=&#8220;{}&#8220;][et_pb_column_inner saved_specialty_column_type=&#8220;3_4&#8243; _builder_version=&#8220;4.16&#8243; background_color=&#8220;rgba(0,0,0,0)&#8220; custom_padding=&#8220;|||&#8220; global_colors_info=&#8220;{}&#8220; custom_padding__hover=&#8220;|||&#8220;][et_pb_text admin_label=&#8220;Text&#8220; _builder_version=&#8220;4.23.1&#8243; text_font_size=&#8220;18&#8243; background_size=&#8220;initial&#8220; background_position=&#8220;top_left&#8220; background_repeat=&#8220;repeat&#8220; hover_enabled=&#8220;0&#8243; use_border_color=&#8220;off&#8220; border_color=&#8220;#ffffff&#8220; border_style=&#8220;solid&#8220; global_colors_info=&#8220;{}&#8220; sticky_enabled=&#8220;0&#8243;]<\/p>\n<h1><span style=\"color: #000080;\"><strong>Bildschirmlineal Screen Ruler 2D\u00a0 (Freeware)<\/strong><\/span><\/h1>\n<p>&nbsp;<\/p>\n<p>Das Bildschirmlineal Screen Ruler 2D ist f\u00fcr Webdesigner, Grafiker und Softwareentwickler ein gleichermassen wertvolles Werkzeug. Durch die einfache Bedienung ist das Desktop-Lineal f\u00fcr Windows sowohl f\u00fcr Profis wie auch Anf\u00e4nger\u00a0bestens geeignet.<\/p>\n<p>[\/et_pb_text][\/et_pb_column_inner][\/et_pb_row_inner][et_pb_row_inner padding_mobile=&#8220;off&#8220; admin_label=&#8220;row_inner&#8220; _builder_version=&#8220;4.16&#8243; custom_padding=&#8220;40px|&#8220; global_colors_info=&#8220;{}&#8220; column_structure=&#8220;1_2,1_2&#8243;][et_pb_column_inner type=&#8220;1_2&#8243; saved_specialty_column_type=&#8220;3_4&#8243; _builder_version=&#8220;4.16&#8243; custom_padding=&#8220;|||&#8220; global_colors_info=&#8220;{}&#8220; custom_padding__hover=&#8220;|||&#8220;][et_pb_text admin_label=&#8220;Text&#8220; _builder_version=&#8220;4.16&#8243; text_font_size=&#8220;16&#8243; background_size=&#8220;initial&#8220; background_position=&#8220;top_left&#8220; background_repeat=&#8220;repeat&#8220; use_border_color=&#8220;off&#8220; border_color=&#8220;#ff0707&#8243; border_style=&#8220;solid&#8220; global_colors_info=&#8220;{}&#8220;]<\/p>\n<h3><strong><span style=\"color: #000080;\">Das Bildschirmlineal<\/span><\/strong><\/h3>\n<p>Erledigen Sie zwei Arbeitsschritte in einem! Screen Ruler 2D ist ein\u00a0<strong>Bildschirmlineal,<\/strong> das in <strong>2 Dimensionen gleichzeitig messen<\/strong> kann (waagrecht und senkrecht) und die <strong>H\u00f6he<\/strong> und <strong>Breite<\/strong> des Lineals direkt in Pixeln angibt.<\/p>\n<p>[\/et_pb_text][\/et_pb_column_inner][et_pb_column_inner type=&#8220;1_2&#8243; saved_specialty_column_type=&#8220;3_4&#8243; _builder_version=&#8220;4.16&#8243; custom_padding=&#8220;|||&#8220; global_colors_info=&#8220;{}&#8220; custom_padding__hover=&#8220;|||&#8220;][et_pb_image src=&#8220;https:\/\/www.infonautics-software.ch\/bildschirmlineal\/wp-content\/uploads\/sites\/16\/2015\/09\/BildschirmlinealScreenRuler2D.jpg&#8220; align=&#8220;center&#8220; align_tablet=&#8220;center&#8220; align_last_edited=&#8220;on|desktop&#8220; admin_label=&#8220;Bild&#8220; _builder_version=&#8220;4.16&#8243; use_border_color=&#8220;off&#8220; border_color=&#8220;#ffffff&#8220; border_style=&#8220;solid&#8220; sticky=&#8220;off&#8220; always_center_on_mobile=&#8220;on&#8220; global_colors_info=&#8220;{}&#8220; align_phone=&#8220;center&#8220;] [\/et_pb_image][\/et_pb_column_inner][\/et_pb_row_inner][et_pb_row_inner padding_mobile=&#8220;off&#8220; admin_label=&#8220;row_inner&#8220; _builder_version=&#8220;4.16&#8243; custom_padding=&#8220;40px|40px&#8220; global_colors_info=&#8220;{}&#8220; column_structure=&#8220;1_2,1_2&#8243;][et_pb_column_inner type=&#8220;1_2&#8243; saved_specialty_column_type=&#8220;3_4&#8243; _builder_version=&#8220;4.16&#8243; custom_padding=&#8220;|||&#8220; global_colors_info=&#8220;{}&#8220; custom_padding__hover=&#8220;|||&#8220;][et_pb_image src=&#8220;https:\/\/www.infonautics-software.ch\/bildschirmlineal\/wp-content\/uploads\/sites\/16\/2015\/09\/Farbmesser.jpg&#8220; align_tablet=&#8220;center&#8220; align_last_edited=&#8220;on|desktop&#8220; admin_label=&#8220;Bild&#8220; _builder_version=&#8220;4.16&#8243; custom_margin=&#8220;35px|||&#8220; use_border_color=&#8220;off&#8220; border_color=&#8220;#ffffff&#8220; border_style=&#8220;solid&#8220; sticky=&#8220;off&#8220; always_center_on_mobile=&#8220;on&#8220; global_colors_info=&#8220;{}&#8220; align_phone=&#8220;center&#8220;] [\/et_pb_image][\/et_pb_column_inner][et_pb_column_inner type=&#8220;1_2&#8243; saved_specialty_column_type=&#8220;3_4&#8243; _builder_version=&#8220;4.16&#8243; custom_padding=&#8220;|||&#8220; global_colors_info=&#8220;{}&#8220; custom_padding__hover=&#8220;|||&#8220;][et_pb_text admin_label=&#8220;Text&#8220; _builder_version=&#8220;4.16&#8243; text_font_size=&#8220;16&#8243; background_size=&#8220;initial&#8220; background_position=&#8220;top_left&#8220; background_repeat=&#8220;repeat&#8220; custom_padding=&#8220;30px|||&#8220; use_border_color=&#8220;off&#8220; border_color=&#8220;#ffffff&#8220; border_style=&#8220;solid&#8220; global_colors_info=&#8220;{}&#8220;]<\/p>\n<h3><span style=\"color: #000080;\"><strong>Der Farbmesser \/ Color Picker<\/strong><\/span><\/h3>\n<p>M\u00f6chten Sie die Farbe Ihrer visuellen Elemente pr\u00fcfen? Mit Screen Ruler 2D ben\u00f6tigen Sie kein zus\u00e4tzliches Tool. Ein <strong>integrierter Farbmesser<\/strong> (Color Picker) zeigt die Farbe unter dem ausgew\u00e4hlten Eckpunkt in <strong>vier verschiedenen Farbsystemen <\/strong>an: <strong>RGB<\/strong> (Rot\/Gr\u00fcn\/Blau), <strong>HSL<\/strong> (Hue\/Saturation\/Lightness), <strong>HTML<\/strong> (Hexadezimale Web-Farben), <strong>DECIMAL<\/strong> (Dezimaler Farbwert). Mit einem Klick auf den entsprechenden Farbwert kopieren Sie die Daten direkt in die Zwischenablage.<\/p>\n<p>[\/et_pb_text][\/et_pb_column_inner][\/et_pb_row_inner][et_pb_row_inner padding_mobile=&#8220;off&#8220; admin_label=&#8220;row_inner&#8220; _builder_version=&#8220;4.16&#8243; custom_padding=&#8220;40px|40px&#8220; global_colors_info=&#8220;{}&#8220; column_structure=&#8220;1_2,1_2&#8243;][et_pb_column_inner type=&#8220;1_2&#8243; saved_specialty_column_type=&#8220;3_4&#8243; _builder_version=&#8220;4.16&#8243; custom_padding=&#8220;|||&#8220; global_colors_info=&#8220;{}&#8220; custom_padding__hover=&#8220;|||&#8220;][et_pb_text admin_label=&#8220;Text&#8220; _builder_version=&#8220;4.16&#8243; text_font_size=&#8220;16&#8243; background_size=&#8220;initial&#8220; background_position=&#8220;top_left&#8220; background_repeat=&#8220;repeat&#8220; use_border_color=&#8220;off&#8220; border_color=&#8220;#ffffff&#8220; border_style=&#8220;solid&#8220; global_colors_info=&#8220;{}&#8220;]<\/p>\n<h3><span style=\"color: #000080;\"><strong>Die Lupe<\/strong><\/span><\/h3>\n<p>Genaues Arbeiten auf dem Desktop ist f\u00fcr Web Designer und Softwareentwickler gleichermassen zwingend.\u00a0 Mit Hilfe der eingebauten <strong>Lupe<\/strong> und den <strong>Positionierhilfen<\/strong> kann das Desktop-Lineal einfach und schnell <strong>pixelgenau positioniert<\/strong> werden.<\/p>\n<p>[\/et_pb_text][\/et_pb_column_inner][et_pb_column_inner type=&#8220;1_2&#8243; saved_specialty_column_type=&#8220;3_4&#8243; _builder_version=&#8220;4.16&#8243; custom_padding=&#8220;|||&#8220; global_colors_info=&#8220;{}&#8220; custom_padding__hover=&#8220;|||&#8220;][et_pb_image src=&#8220;https:\/\/www.infonautics-software.ch\/bildschirmlineal\/wp-content\/uploads\/sites\/16\/2015\/09\/Lupe1.jpg&#8220; align_tablet=&#8220;center&#8220; align_last_edited=&#8220;on|desktop&#8220; admin_label=&#8220;Bild&#8220; _builder_version=&#8220;4.16&#8243; use_border_color=&#8220;off&#8220; border_color=&#8220;#ffffff&#8220; border_style=&#8220;solid&#8220; sticky=&#8220;off&#8220; always_center_on_mobile=&#8220;on&#8220; global_colors_info=&#8220;{}&#8220; align_phone=&#8220;center&#8220;] [\/et_pb_image][\/et_pb_column_inner][\/et_pb_row_inner][et_pb_row_inner padding_mobile=&#8220;off&#8220; make_equal=&#8220;on&#8220; admin_label=&#8220;row_inner&#8220; _builder_version=&#8220;4.16&#8243; custom_padding=&#8220;40px|&#8220; global_colors_info=&#8220;{}&#8220; column_structure=&#8220;1_2,1_2&#8243;][et_pb_column_inner type=&#8220;1_2&#8243; saved_specialty_column_type=&#8220;3_4&#8243; _builder_version=&#8220;4.16&#8243; custom_padding=&#8220;|||&#8220; global_colors_info=&#8220;{}&#8220; custom_padding__hover=&#8220;|||&#8220;][et_pb_image src=&#8220;https:\/\/www.infonautics-software.ch\/bildschirmlineal\/wp-content\/uploads\/sites\/16\/2015\/09\/Informationsfenster2.jpg&#8220; align_tablet=&#8220;center&#8220; align_last_edited=&#8220;on|desktop&#8220; admin_label=&#8220;Bild&#8220; _builder_version=&#8220;4.16&#8243; use_border_color=&#8220;off&#8220; border_color=&#8220;#ffffff&#8220; border_style=&#8220;solid&#8220; sticky=&#8220;off&#8220; always_center_on_mobile=&#8220;on&#8220; global_colors_info=&#8220;{}&#8220; align_phone=&#8220;center&#8220;] [\/et_pb_image][\/et_pb_column_inner][et_pb_column_inner type=&#8220;1_2&#8243; saved_specialty_column_type=&#8220;3_4&#8243; _builder_version=&#8220;4.16&#8243; custom_padding=&#8220;|||&#8220; global_colors_info=&#8220;{}&#8220; custom_padding__hover=&#8220;|||&#8220;][et_pb_text admin_label=&#8220;Text&#8220; _builder_version=&#8220;4.16&#8243; text_font_size=&#8220;16&#8243; background_size=&#8220;initial&#8220; background_position=&#8220;top_left&#8220; background_repeat=&#8220;repeat&#8220; use_border_color=&#8220;off&#8220; border_color=&#8220;#ffffff&#8220; border_style=&#8220;solid&#8220; global_colors_info=&#8220;{}&#8220;]<\/p>\n<h3><span style=\"color: #000080;\"><strong>Das Informationsfenster<\/strong><\/span><\/h3>\n<p>Screen Ruler 2D wurde von Softwareentwickler f\u00fcr Softwareentwickler entwickelt. Das <strong>Informationsfenster<\/strong> von Screen Ruler 2D liefert Softwareentwicklern f\u00fcr das Erstellen von GUIs wichtige Informationen wie : <strong>Fenstername, Fensterklasse, Fenster-Handle, Prozess-ID, zugeh\u00f6riges Programm.<\/strong><\/p>\n<p>[\/et_pb_text][\/et_pb_column_inner][\/et_pb_row_inner][et_pb_row_inner admin_label=&#8220;row_inner&#8220; _builder_version=&#8220;4.16&#8243; global_colors_info=&#8220;{}&#8220;][et_pb_column_inner saved_specialty_column_type=&#8220;3_4&#8243; _builder_version=&#8220;4.16&#8243; custom_padding=&#8220;|||&#8220; global_colors_info=&#8220;{}&#8220; custom_padding__hover=&#8220;|||&#8220;][et_pb_text admin_label=&#8220;Text&#8220; _builder_version=&#8220;4.16&#8243; background_size=&#8220;initial&#8220; background_position=&#8220;top_left&#8220; background_repeat=&#8220;repeat&#8220; use_border_color=&#8220;off&#8220; border_color=&#8220;#ffffff&#8220; border_style=&#8220;solid&#8220; global_colors_info=&#8220;{}&#8220;] [\/et_pb_text][\/et_pb_column_inner][\/et_pb_row_inner][\/et_pb_column][et_pb_column type=&#8220;1_4&#8243; _builder_version=&#8220;4.16&#8243; custom_padding=&#8220;|||&#8220; global_colors_info=&#8220;{}&#8220; custom_padding__hover=&#8220;|||&#8220;][et_pb_sidebar orientation=&#8220;right&#8220; area=&#8220;sidebar-1&#8243; admin_label=&#8220;Seitenleiste&#8220; _builder_version=&#8220;4.16&#8243; header_text_color=&#8220;#000080&#8243; remove_border=&#8220;off&#8220; global_colors_info=&#8220;{}&#8220;] [\/et_pb_sidebar][\/et_pb_column][\/et_pb_section]<\/p>\n","protected":false},"excerpt":{"rendered":"<p>Bildschirmlineal, Farbmesser (Color Picker) und eingebaute Lupe, alles in einem Tool. Bildschirmlineal Screen Ruler 2D\u00a0 (Freeware) &nbsp; Das Bildschirmlineal Screen Ruler 2D ist f\u00fcr Webdesigner, Grafiker und Softwareentwickler ein gleichermassen wertvolles Werkzeug. Durch die einfache Bedienung ist das Desktop-Lineal f\u00fcr Windows sowohl f\u00fcr Profis wie auch Anf\u00e4nger\u00a0bestens geeignet.Das Bildschirmlineal Erledigen Sie zwei Arbeitsschritte in einem! [&hellip;]<\/p>\n","protected":false},"author":1,"featured_media":0,"parent":0,"menu_order":0,"comment_status":"closed","ping_status":"closed","template":"","meta":{"_et_pb_use_builder":"on","_et_pb_old_content":"","_et_gb_content_width":"","jetpack_post_was_ever_published":false,"footnotes":""},"class_list":["post-37","page","type-page","status-publish","hentry"],"yoast_head":"<!-- This site is optimized with the Yoast SEO plugin v25.0 - https:\/\/yoast.com\/wordpress\/plugins\/seo\/ -->\n<title>Bildschirmlineal Screen Ruler 2D<\/title>\n<meta name=\"description\" content=\"Screen Ruler 2D - das Bildschirmlineal f\u00fcr Windows mit integrierter Farbmessung und Lupe f\u00fcr pixelgenaues Positionieren auf dem Desktop.\" \/>\n<meta name=\"robots\" content=\"index, follow, max-snippet:-1, max-image-preview:large, max-video-preview:-1\" \/>\n<link rel=\"canonical\" href=\"https:\/\/www.infonautics-software.ch\/bildschirmlineal\/\" \/>\n<meta property=\"og:locale\" content=\"de_DE\" \/>\n<meta property=\"og:type\" content=\"article\" \/>\n<meta property=\"og:title\" content=\"Bildschirmlineal Screen Ruler 2D\" \/>\n<meta property=\"og:description\" content=\"Screen Ruler 2D - das Bildschirmlineal f\u00fcr Windows mit integrierter Farbmessung und Lupe f\u00fcr pixelgenaues Positionieren auf dem Desktop.\" \/>\n<meta property=\"og:url\" content=\"https:\/\/www.infonautics-software.ch\/bildschirmlineal\/\" \/>\n<meta property=\"og:site_name\" content=\"Bildschirmlineal Screen Ruler 2D\" \/>\n<meta property=\"article:modified_time\" content=\"2025-06-13T13:53:14+00:00\" \/>\n<meta name=\"twitter:card\" content=\"summary_large_image\" \/>\n<meta name=\"twitter:site\" content=\"@InfonauticsGmbH\" \/>\n<meta name=\"twitter:label1\" content=\"Gesch\u00e4tzte Lesezeit\" \/>\n\t<meta name=\"twitter:data1\" content=\"4\u00a0Minuten\" \/>\n<script type=\"application\/ld+json\" class=\"yoast-schema-graph\">{\"@context\":\"https:\/\/schema.org\",\"@graph\":[{\"@type\":\"WebPage\",\"@id\":\"https:\/\/www.infonautics-software.ch\/bildschirmlineal\/\",\"url\":\"https:\/\/www.infonautics-software.ch\/bildschirmlineal\/\",\"name\":\"Bildschirmlineal Screen Ruler 2D\",\"isPartOf\":{\"@id\":\"https:\/\/www.infonautics-software.ch\/bildschirmlineal\/#website\"},\"datePublished\":\"2025-06-13T09:00:16+00:00\",\"dateModified\":\"2025-06-13T13:53:14+00:00\",\"description\":\"Screen Ruler 2D - das Bildschirmlineal f\u00fcr Windows mit integrierter Farbmessung und Lupe f\u00fcr pixelgenaues Positionieren auf dem Desktop.\",\"breadcrumb\":{\"@id\":\"https:\/\/www.infonautics-software.ch\/bildschirmlineal\/#breadcrumb\"},\"inLanguage\":\"de\",\"potentialAction\":[{\"@type\":\"ReadAction\",\"target\":[\"https:\/\/www.infonautics-software.ch\/bildschirmlineal\/\"]}]},{\"@type\":\"BreadcrumbList\",\"@id\":\"https:\/\/www.infonautics-software.ch\/bildschirmlineal\/#breadcrumb\",\"itemListElement\":[{\"@type\":\"ListItem\",\"position\":1,\"name\":\"Startseite\",\"item\":\"https:\/\/www.infonautics-software.ch\/bildschirmlineal\/\"},{\"@type\":\"ListItem\",\"position\":2,\"name\":\"HOME\"}]},{\"@type\":\"WebSite\",\"@id\":\"https:\/\/www.infonautics-software.ch\/bildschirmlineal\/#website\",\"url\":\"https:\/\/www.infonautics-software.ch\/bildschirmlineal\/\",\"name\":\"Bildschirmlineal Screen Ruler 2D\",\"description\":\"Screen Ruler 2D misst gleichzeitig in 2 Dimensionen (H\u00f6he und Breite)\",\"potentialAction\":[{\"@type\":\"SearchAction\",\"target\":{\"@type\":\"EntryPoint\",\"urlTemplate\":\"https:\/\/www.infonautics-software.ch\/bildschirmlineal\/?s={search_term_string}\"},\"query-input\":{\"@type\":\"PropertyValueSpecification\",\"valueRequired\":true,\"valueName\":\"search_term_string\"}}],\"inLanguage\":\"de\"}]}<\/script>\n<!-- \/ Yoast SEO plugin. -->","yoast_head_json":{"title":"Bildschirmlineal Screen Ruler 2D","description":"Screen Ruler 2D - das Bildschirmlineal f\u00fcr Windows mit integrierter Farbmessung und Lupe f\u00fcr pixelgenaues Positionieren auf dem Desktop.","robots":{"index":"index","follow":"follow","max-snippet":"max-snippet:-1","max-image-preview":"max-image-preview:large","max-video-preview":"max-video-preview:-1"},"canonical":"https:\/\/www.infonautics-software.ch\/bildschirmlineal\/","og_locale":"de_DE","og_type":"article","og_title":"Bildschirmlineal Screen Ruler 2D","og_description":"Screen Ruler 2D - das Bildschirmlineal f\u00fcr Windows mit integrierter Farbmessung und Lupe f\u00fcr pixelgenaues Positionieren auf dem Desktop.","og_url":"https:\/\/www.infonautics-software.ch\/bildschirmlineal\/","og_site_name":"Bildschirmlineal Screen Ruler 2D","article_modified_time":"2025-06-13T13:53:14+00:00","twitter_card":"summary_large_image","twitter_site":"@InfonauticsGmbH","twitter_misc":{"Gesch\u00e4tzte Lesezeit":"4\u00a0Minuten"},"schema":{"@context":"https:\/\/schema.org","@graph":[{"@type":"WebPage","@id":"https:\/\/www.infonautics-software.ch\/bildschirmlineal\/","url":"https:\/\/www.infonautics-software.ch\/bildschirmlineal\/","name":"Bildschirmlineal Screen Ruler 2D","isPartOf":{"@id":"https:\/\/www.infonautics-software.ch\/bildschirmlineal\/#website"},"datePublished":"2025-06-13T09:00:16+00:00","dateModified":"2025-06-13T13:53:14+00:00","description":"Screen Ruler 2D - das Bildschirmlineal f\u00fcr Windows mit integrierter Farbmessung und Lupe f\u00fcr pixelgenaues Positionieren auf dem Desktop.","breadcrumb":{"@id":"https:\/\/www.infonautics-software.ch\/bildschirmlineal\/#breadcrumb"},"inLanguage":"de","potentialAction":[{"@type":"ReadAction","target":["https:\/\/www.infonautics-software.ch\/bildschirmlineal\/"]}]},{"@type":"BreadcrumbList","@id":"https:\/\/www.infonautics-software.ch\/bildschirmlineal\/#breadcrumb","itemListElement":[{"@type":"ListItem","position":1,"name":"Startseite","item":"https:\/\/www.infonautics-software.ch\/bildschirmlineal\/"},{"@type":"ListItem","position":2,"name":"HOME"}]},{"@type":"WebSite","@id":"https:\/\/www.infonautics-software.ch\/bildschirmlineal\/#website","url":"https:\/\/www.infonautics-software.ch\/bildschirmlineal\/","name":"Bildschirmlineal Screen Ruler 2D","description":"Screen Ruler 2D misst gleichzeitig in 2 Dimensionen (H\u00f6he und Breite)","potentialAction":[{"@type":"SearchAction","target":{"@type":"EntryPoint","urlTemplate":"https:\/\/www.infonautics-software.ch\/bildschirmlineal\/?s={search_term_string}"},"query-input":{"@type":"PropertyValueSpecification","valueRequired":true,"valueName":"search_term_string"}}],"inLanguage":"de"}]}},"jetpack_shortlink":"https:\/\/wp.me\/P6LF9V-B","jetpack_sharing_enabled":true,"_links":{"self":[{"href":"https:\/\/www.infonautics-software.ch\/bildschirmlineal\/wp-json\/wp\/v2\/pages\/37","targetHints":{"allow":["GET"]}}],"collection":[{"href":"https:\/\/www.infonautics-software.ch\/bildschirmlineal\/wp-json\/wp\/v2\/pages"}],"about":[{"href":"https:\/\/www.infonautics-software.ch\/bildschirmlineal\/wp-json\/wp\/v2\/types\/page"}],"author":[{"embeddable":true,"href":"https:\/\/www.infonautics-software.ch\/bildschirmlineal\/wp-json\/wp\/v2\/users\/1"}],"replies":[{"embeddable":true,"href":"https:\/\/www.infonautics-software.ch\/bildschirmlineal\/wp-json\/wp\/v2\/comments?post=37"}],"version-history":[{"count":10,"href":"https:\/\/www.infonautics-software.ch\/bildschirmlineal\/wp-json\/wp\/v2\/pages\/37\/revisions"}],"predecessor-version":[{"id":966,"href":"https:\/\/www.infonautics-software.ch\/bildschirmlineal\/wp-json\/wp\/v2\/pages\/37\/revisions\/966"}],"wp:attachment":[{"href":"https:\/\/www.infonautics-software.ch\/bildschirmlineal\/wp-json\/wp\/v2\/media?parent=37"}],"curies":[{"name":"wp","href":"https:\/\/api.w.org\/{rel}","templated":true}]}}