{"id":729,"date":"2025-06-13T12:06:21","date_gmt":"2025-06-13T10:06:21","guid":{"rendered":"http:\/\/www.infonautics-software.ch\/bildschirmlineal\/?page_id=729"},"modified":"2025-06-13T16:08:20","modified_gmt":"2025-06-13T14:08:20","slug":"aenderungen","status":"publish","type":"page","link":"https:\/\/www.infonautics-software.ch\/bildschirmlineal\/aenderungen\/","title":{"rendered":"\u00c4NDERUNGEN"},"content":{"rendered":"<p>[et_pb_section fb_built=&#8220;1&#8243; fullwidth=&#8220;on&#8220; custom_padding_last_edited=&#8220;on|desktop&#8220; admin_label=&#8220;section&#8220; _builder_version=&#8220;4.16&#8243; background_color=&#8220;#00458e&#8220; custom_padding=&#8220;50px|||&#8220; custom_padding_tablet=&#8220;50px|0|50px|0&#8243; transparent_background=&#8220;off&#8220; padding_mobile=&#8220;off&#8220; make_fullwidth=&#8220;off&#8220; use_custom_width=&#8220;off&#8220; width_unit=&#8220;on&#8220; global_colors_info=&#8220;{}&#8220; custom_padding_phone=&#8220;50px|0|50px|0&#8243;][et_pb_fullwidth_header title=&#8220;Letzte \u00c4nderungen von Screen Ruler 2D&#8220; content_max_width=&#8220;none&#8220; admin_label=&#8220;Vollbreite Kopfzeile&#8220; _builder_version=&#8220;4.16&#8243; background_color=&#8220;rgba(255, 255, 255, 0)&#8220; button_one_letter_spacing_hover=&#8220;0&#8243; button_two_letter_spacing_hover=&#8220;0&#8243; global_colors_info=&#8220;{}&#8220; button_one_text_size__hover_enabled=&#8220;off&#8220; button_two_text_size__hover_enabled=&#8220;off&#8220; button_one_text_color__hover_enabled=&#8220;off&#8220; button_two_text_color__hover_enabled=&#8220;off&#8220; button_one_border_width__hover_enabled=&#8220;off&#8220; button_two_border_width__hover_enabled=&#8220;off&#8220; button_one_border_color__hover_enabled=&#8220;off&#8220; button_two_border_color__hover_enabled=&#8220;off&#8220; button_one_border_radius__hover_enabled=&#8220;off&#8220; button_two_border_radius__hover_enabled=&#8220;off&#8220; button_one_letter_spacing__hover_enabled=&#8220;on&#8220; button_one_letter_spacing__hover=&#8220;0&#8243; button_two_letter_spacing__hover_enabled=&#8220;on&#8220; button_two_letter_spacing__hover=&#8220;0&#8243; button_one_bg_color__hover_enabled=&#8220;off&#8220; button_two_bg_color__hover_enabled=&#8220;off&#8220;] [\/et_pb_fullwidth_header][\/et_pb_section][et_pb_section fb_built=&#8220;1&#8243; admin_label=&#8220;section&#8220; _builder_version=&#8220;4.16&#8243; global_colors_info=&#8220;{}&#8220;][et_pb_row admin_label=&#8220;row&#8220; _builder_version=&#8220;4.16&#8243; background_size=&#8220;initial&#8220; background_position=&#8220;top_left&#8220; background_repeat=&#8220;repeat&#8220; global_colors_info=&#8220;{}&#8220; column_structure=&#8220;3_4,1_4&#8243;][et_pb_column type=&#8220;3_4&#8243; _builder_version=&#8220;4.16&#8243; custom_padding=&#8220;|||&#8220; global_colors_info=&#8220;{}&#8220; custom_padding__hover=&#8220;|||&#8220;][et_pb_text admin_label=&#8220;Text&#8220; _builder_version=&#8220;4.23.1&#8243; background_size=&#8220;initial&#8220; background_position=&#8220;top_left&#8220; background_repeat=&#8220;repeat&#8220; hover_enabled=&#8220;0&#8243; use_border_color=&#8220;off&#8220; border_color=&#8220;#ffffff&#8220; border_style=&#8220;solid&#8220; global_colors_info=&#8220;{}&#8220; sticky_enabled=&#8220;0&#8243;]<\/p>\n<h2><span style=\"color: #333399;\"><strong>Aktuelle \u00c4nderungen\/Erweiterungen\u00a0<\/strong><\/span><\/h2>\n<p>&nbsp;<\/p>\n<p><strong>\u00c4nderungen in der aktuellen Version:<\/strong><\/p>\n<ul>\n<li>\n<p style=\"margin: 0cm; margin-bottom: .0001pt; tab-stops: 11.0cm 14.0cm; background: white;\">Doppelklick auf den Massstab minimiert diesen in die Taskleiste.<\/p>\n<\/li>\n<li>\n<p style=\"margin: 0cm; margin-bottom: .0001pt; tab-stops: 11.0cm 14.0cm; background: white;\">Kleine Verbesserungen.<\/p>\n<\/li>\n<\/ul>\n<p><strong>Fr\u00fchere \u00c4nderungen:<br \/><\/strong><\/p>\n<ul>\n<li>Windows 11 Kompatibilit\u00e4t.<\/li>\n<li>Windows 10\u00a0Kompatibilit\u00e4t.<\/li>\n<li>Windows 8 Kompatibilit\u00e4t.<\/li>\n<li>64 Bit Version (wird auf 64 Bit Systemen automatisch installiert).<\/li>\n<li>Einstellungen f\u00fcr Anzeige der Tooltipps.<\/li>\n<\/ul>\n<p>[\/et_pb_text][\/et_pb_column][et_pb_column type=&#8220;1_4&#8243; _builder_version=&#8220;4.16&#8243; custom_padding=&#8220;|||&#8220; global_colors_info=&#8220;{}&#8220; custom_padding__hover=&#8220;|||&#8220;][et_pb_sidebar orientation=&#8220;right&#8220; area=&#8220;sidebar-1&#8243; admin_label=&#8220;Seitenleiste&#8220; _builder_version=&#8220;4.16&#8243; remove_border=&#8220;off&#8220; global_colors_info=&#8220;{}&#8220;] [\/et_pb_sidebar][\/et_pb_column][\/et_pb_row][\/et_pb_section]<\/p>\n","protected":false},"excerpt":{"rendered":"<p>Aktuelle \u00c4nderungen\/Erweiterungen\u00a0 &nbsp; \u00c4nderungen in der aktuellen Version: Doppelklick auf den Massstab minimiert diesen in die Taskleiste. Kleine Verbesserungen. Fr\u00fchere \u00c4nderungen: Windows 11 Kompatibilit\u00e4t. Windows 10\u00a0Kompatibilit\u00e4t. Windows 8 Kompatibilit\u00e4t. 64 Bit Version (wird auf 64 Bit Systemen automatisch installiert). Einstellungen f\u00fcr Anzeige der Tooltipps.<\/p>\n","protected":false},"author":1,"featured_media":0,"parent":0,"menu_order":0,"comment_status":"closed","ping_status":"closed","template":"","meta":{"_et_pb_use_builder":"on","_et_pb_old_content":"","_et_gb_content_width":"","jetpack_post_was_ever_published":false,"footnotes":""},"class_list":["post-729","page","type-page","status-publish","hentry"],"yoast_head":"<!-- This site is optimized with the Yoast SEO plugin v25.0 - https:\/\/yoast.com\/wordpress\/plugins\/seo\/ -->\n<title>Screen Ruler 2D - Bildschirmlineal f\u00fcr Windows<\/title>\n<meta name=\"description\" content=\"Hier finden Sie die aktuellsten \u00c4nderungen und Erweiterungen von Screen Ruler 2D dem Bildschirmlineal f\u00fcr Windows. Direkt herunterladen und kostenlos testen\" \/>\n<meta name=\"robots\" content=\"index, follow, max-snippet:-1, max-image-preview:large, max-video-preview:-1\" \/>\n<link rel=\"canonical\" href=\"https:\/\/www.infonautics-software.ch\/bildschirmlineal\/aenderungen\/\" \/>\n<meta property=\"og:locale\" content=\"de_DE\" \/>\n<meta property=\"og:type\" content=\"article\" \/>\n<meta property=\"og:title\" content=\"Screen Ruler 2D - Bildschirmlineal f\u00fcr Windows\" \/>\n<meta property=\"og:description\" content=\"Hier finden Sie die aktuellsten \u00c4nderungen und Erweiterungen von Screen Ruler 2D dem Bildschirmlineal f\u00fcr Windows. Direkt herunterladen und kostenlos testen\" \/>\n<meta property=\"og:url\" content=\"https:\/\/www.infonautics-software.ch\/bildschirmlineal\/aenderungen\/\" \/>\n<meta property=\"og:site_name\" content=\"Bildschirmlineal Screen Ruler 2D\" \/>\n<meta property=\"article:modified_time\" content=\"2025-06-13T14:08:20+00:00\" \/>\n<meta name=\"twitter:card\" content=\"summary_large_image\" \/>\n<meta name=\"twitter:site\" content=\"@InfonauticsGmbH\" \/>\n<meta name=\"twitter:label1\" content=\"Gesch\u00e4tzte Lesezeit\" \/>\n\t<meta name=\"twitter:data1\" content=\"2\u00a0Minuten\" \/>\n<script type=\"application\/ld+json\" class=\"yoast-schema-graph\">{\"@context\":\"https:\/\/schema.org\",\"@graph\":[{\"@type\":\"WebPage\",\"@id\":\"https:\/\/www.infonautics-software.ch\/bildschirmlineal\/aenderungen\/\",\"url\":\"https:\/\/www.infonautics-software.ch\/bildschirmlineal\/aenderungen\/\",\"name\":\"Screen Ruler 2D - Bildschirmlineal f\u00fcr Windows\",\"isPartOf\":{\"@id\":\"https:\/\/www.infonautics-software.ch\/bildschirmlineal\/#website\"},\"datePublished\":\"2025-06-13T10:06:21+00:00\",\"dateModified\":\"2025-06-13T14:08:20+00:00\",\"description\":\"Hier finden Sie die aktuellsten \u00c4nderungen und Erweiterungen von Screen Ruler 2D dem Bildschirmlineal f\u00fcr Windows. Direkt herunterladen und kostenlos testen\",\"breadcrumb\":{\"@id\":\"https:\/\/www.infonautics-software.ch\/bildschirmlineal\/aenderungen\/#breadcrumb\"},\"inLanguage\":\"de\",\"potentialAction\":[{\"@type\":\"ReadAction\",\"target\":[\"https:\/\/www.infonautics-software.ch\/bildschirmlineal\/aenderungen\/\"]}]},{\"@type\":\"BreadcrumbList\",\"@id\":\"https:\/\/www.infonautics-software.ch\/bildschirmlineal\/aenderungen\/#breadcrumb\",\"itemListElement\":[{\"@type\":\"ListItem\",\"position\":1,\"name\":\"Startseite\",\"item\":\"https:\/\/www.infonautics-software.ch\/bildschirmlineal\/\"},{\"@type\":\"ListItem\",\"position\":2,\"name\":\"\u00c4NDERUNGEN\"}]},{\"@type\":\"WebSite\",\"@id\":\"https:\/\/www.infonautics-software.ch\/bildschirmlineal\/#website\",\"url\":\"https:\/\/www.infonautics-software.ch\/bildschirmlineal\/\",\"name\":\"Bildschirmlineal Screen Ruler 2D\",\"description\":\"Screen Ruler 2D misst gleichzeitig in 2 Dimensionen (H\u00f6he und Breite)\",\"potentialAction\":[{\"@type\":\"SearchAction\",\"target\":{\"@type\":\"EntryPoint\",\"urlTemplate\":\"https:\/\/www.infonautics-software.ch\/bildschirmlineal\/?s={search_term_string}\"},\"query-input\":{\"@type\":\"PropertyValueSpecification\",\"valueRequired\":true,\"valueName\":\"search_term_string\"}}],\"inLanguage\":\"de\"}]}<\/script>\n<!-- \/ Yoast SEO plugin. -->","yoast_head_json":{"title":"Screen Ruler 2D - Bildschirmlineal f\u00fcr Windows","description":"Hier finden Sie die aktuellsten \u00c4nderungen und Erweiterungen von Screen Ruler 2D dem Bildschirmlineal f\u00fcr Windows. Direkt herunterladen und kostenlos testen","robots":{"index":"index","follow":"follow","max-snippet":"max-snippet:-1","max-image-preview":"max-image-preview:large","max-video-preview":"max-video-preview:-1"},"canonical":"https:\/\/www.infonautics-software.ch\/bildschirmlineal\/aenderungen\/","og_locale":"de_DE","og_type":"article","og_title":"Screen Ruler 2D - Bildschirmlineal f\u00fcr Windows","og_description":"Hier finden Sie die aktuellsten \u00c4nderungen und Erweiterungen von Screen Ruler 2D dem Bildschirmlineal f\u00fcr Windows. Direkt herunterladen und kostenlos testen","og_url":"https:\/\/www.infonautics-software.ch\/bildschirmlineal\/aenderungen\/","og_site_name":"Bildschirmlineal Screen Ruler 2D","article_modified_time":"2025-06-13T14:08:20+00:00","twitter_card":"summary_large_image","twitter_site":"@InfonauticsGmbH","twitter_misc":{"Gesch\u00e4tzte Lesezeit":"2\u00a0Minuten"},"schema":{"@context":"https:\/\/schema.org","@graph":[{"@type":"WebPage","@id":"https:\/\/www.infonautics-software.ch\/bildschirmlineal\/aenderungen\/","url":"https:\/\/www.infonautics-software.ch\/bildschirmlineal\/aenderungen\/","name":"Screen Ruler 2D - Bildschirmlineal f\u00fcr Windows","isPartOf":{"@id":"https:\/\/www.infonautics-software.ch\/bildschirmlineal\/#website"},"datePublished":"2025-06-13T10:06:21+00:00","dateModified":"2025-06-13T14:08:20+00:00","description":"Hier finden Sie die aktuellsten \u00c4nderungen und Erweiterungen von Screen Ruler 2D dem Bildschirmlineal f\u00fcr Windows. Direkt herunterladen und kostenlos testen","breadcrumb":{"@id":"https:\/\/www.infonautics-software.ch\/bildschirmlineal\/aenderungen\/#breadcrumb"},"inLanguage":"de","potentialAction":[{"@type":"ReadAction","target":["https:\/\/www.infonautics-software.ch\/bildschirmlineal\/aenderungen\/"]}]},{"@type":"BreadcrumbList","@id":"https:\/\/www.infonautics-software.ch\/bildschirmlineal\/aenderungen\/#breadcrumb","itemListElement":[{"@type":"ListItem","position":1,"name":"Startseite","item":"https:\/\/www.infonautics-software.ch\/bildschirmlineal\/"},{"@type":"ListItem","position":2,"name":"\u00c4NDERUNGEN"}]},{"@type":"WebSite","@id":"https:\/\/www.infonautics-software.ch\/bildschirmlineal\/#website","url":"https:\/\/www.infonautics-software.ch\/bildschirmlineal\/","name":"Bildschirmlineal Screen Ruler 2D","description":"Screen Ruler 2D misst gleichzeitig in 2 Dimensionen (H\u00f6he und Breite)","potentialAction":[{"@type":"SearchAction","target":{"@type":"EntryPoint","urlTemplate":"https:\/\/www.infonautics-software.ch\/bildschirmlineal\/?s={search_term_string}"},"query-input":{"@type":"PropertyValueSpecification","valueRequired":true,"valueName":"search_term_string"}}],"inLanguage":"de"}]}},"jetpack_shortlink":"https:\/\/wp.me\/P6LF9V-bL","jetpack_sharing_enabled":true,"_links":{"self":[{"href":"https:\/\/www.infonautics-software.ch\/bildschirmlineal\/wp-json\/wp\/v2\/pages\/729","targetHints":{"allow":["GET"]}}],"collection":[{"href":"https:\/\/www.infonautics-software.ch\/bildschirmlineal\/wp-json\/wp\/v2\/pages"}],"about":[{"href":"https:\/\/www.infonautics-software.ch\/bildschirmlineal\/wp-json\/wp\/v2\/types\/page"}],"author":[{"embeddable":true,"href":"https:\/\/www.infonautics-software.ch\/bildschirmlineal\/wp-json\/wp\/v2\/users\/1"}],"replies":[{"embeddable":true,"href":"https:\/\/www.infonautics-software.ch\/bildschirmlineal\/wp-json\/wp\/v2\/comments?post=729"}],"version-history":[{"count":9,"href":"https:\/\/www.infonautics-software.ch\/bildschirmlineal\/wp-json\/wp\/v2\/pages\/729\/revisions"}],"predecessor-version":[{"id":970,"href":"https:\/\/www.infonautics-software.ch\/bildschirmlineal\/wp-json\/wp\/v2\/pages\/729\/revisions\/970"}],"wp:attachment":[{"href":"https:\/\/www.infonautics-software.ch\/bildschirmlineal\/wp-json\/wp\/v2\/media?parent=729"}],"curies":[{"name":"wp","href":"https:\/\/api.w.org\/{rel}","templated":true}]}}