{"id":137,"date":"2019-04-16T11:00:10","date_gmt":"2019-04-16T09:00:10","guid":{"rendered":"http:\/\/www.infonautics-software.ch\/mymenuexplorerde\/?page_id=137"},"modified":"2019-04-16T19:07:52","modified_gmt":"2019-04-16T17:07:52","slug":"support","status":"publish","type":"page","link":"https:\/\/www.infonautics-software.ch\/datefichier\/support\/","title":{"rendered":"SUPPORT"},"content":{"rendered":"<p>[et_pb_section bb_built=\u00a0\u00bb1&Prime; admin_label=\u00a0\u00bbsection\u00a0\u00bb fullwidth=\u00a0\u00bbon\u00a0\u00bb specialty=\u00a0\u00bboff\u00a0\u00bb transparent_background=\u00a0\u00bboff\u00a0\u00bb background_color=\u00a0\u00bb#00458e\u00a0\u00bb allow_player_pause=\u00a0\u00bboff\u00a0\u00bb inner_shadow=\u00a0\u00bboff\u00a0\u00bb parallax=\u00a0\u00bboff\u00a0\u00bb parallax_method=\u00a0\u00bboff\u00a0\u00bb custom_padding=\u00a0\u00bb50px|||\u00a0\u00bb padding_mobile=\u00a0\u00bboff\u00a0\u00bb make_fullwidth=\u00a0\u00bboff\u00a0\u00bb use_custom_width=\u00a0\u00bboff\u00a0\u00bb width_unit=\u00a0\u00bbon\u00a0\u00bb make_equal=\u00a0\u00bboff\u00a0\u00bb use_custom_gutter=\u00a0\u00bboff\u00a0\u00bb custom_padding_tablet=\u00a0\u00bb50px|0|50px|0&Prime; custom_padding_last_edited=\u00a0\u00bbon|desktop\u00a0\u00bb next_background_color=\u00a0\u00bb#FFFFFF\u00a0\u00bb][et_pb_fullwidth_header admin_label=\u00a0\u00bbFullwidth Header\u00a0\u00bb title=\u00a0\u00bbSupport pour File Date Corrector\u00a0\u00bb background_layout=\u00a0\u00bbdark\u00a0\u00bb text_orientation=\u00a0\u00bbleft\u00a0\u00bb header_fullscreen=\u00a0\u00bboff\u00a0\u00bb header_scroll_down=\u00a0\u00bboff\u00a0\u00bb parallax=\u00a0\u00bboff\u00a0\u00bb parallax_method=\u00a0\u00bboff\u00a0\u00bb content_orientation=\u00a0\u00bbcenter\u00a0\u00bb image_orientation=\u00a0\u00bbcenter\u00a0\u00bb custom_button_one=\u00a0\u00bboff\u00a0\u00bb button_one_letter_spacing=\u00a0\u00bb0&Prime; button_one_use_icon=\u00a0\u00bbdefault\u00a0\u00bb button_one_icon_placement=\u00a0\u00bbright\u00a0\u00bb button_one_on_hover=\u00a0\u00bbon\u00a0\u00bb button_one_letter_spacing_hover=\u00a0\u00bb0&Prime; custom_button_two=\u00a0\u00bboff\u00a0\u00bb button_two_letter_spacing=\u00a0\u00bb0&Prime; button_two_use_icon=\u00a0\u00bbdefault\u00a0\u00bb button_two_icon_placement=\u00a0\u00bbright\u00a0\u00bb button_two_on_hover=\u00a0\u00bbon\u00a0\u00bb button_two_letter_spacing_hover=\u00a0\u00bb0&Prime; content_max_width=\u00a0\u00bb100%\u00a0\u00bb background_color=\u00a0\u00bbrgba(255, 255, 255, 0)\u00a0\u00bb \/][\/et_pb_section][et_pb_section bb_built=\u00a0\u00bb1&Prime; admin_label=\u00a0\u00bbSektion\u00a0\u00bb fullwidth=\u00a0\u00bboff\u00a0\u00bb specialty=\u00a0\u00bbon\u00a0\u00bb prev_background_color=\u00a0\u00bb#00458e\u00a0\u00bb][et_pb_column type=\u00a0\u00bb3_4&Prime; specialty_columns=\u00a0\u00bb3&Prime;][et_pb_row_inner admin_label=\u00a0\u00bbZeile\u00a0\u00bb][et_pb_column_inner type=\u00a0\u00bb4_4&Prime; saved_specialty_column_type=\u00a0\u00bb3_4&Prime;][et_pb_text admin_label=\u00a0\u00bbText\u00a0\u00bb use_border_color=\u00a0\u00bboff\u00a0\u00bb background_position=\u00a0\u00bbtop_left\u00a0\u00bb background_repeat=\u00a0\u00bbrepeat\u00a0\u00bb background_size=\u00a0\u00bbinitial\u00a0\u00bb _builder_version=\u00a0\u00bb3.12&Prime;]<\/p>\n<h2><span style=\"color: #333399;\"><strong>Support gratuit pour\u00a0File Date Corrector<\/strong><\/span><\/h2>\n<p>&nbsp;<\/p>\n<p>Veuillez regarder ce <strong><a href=\"https:\/\/youtu.be\/LSqIzFxS0qg\" target=\"_blank\" rel=\"noopener\">dacticiel vid\u00e9o<\/a><\/strong>\u00a0(en anglais) pour une br\u00e8ve introduction.<\/p>\n<p>Vous trouvez les derniers modifications et extensions du logiciel dans le journal des modifications\u00a0<a href=\"https:\/\/www.infonautics-software.com\/filedatecorrector\/changelog\/\" target=\"_blank\" rel=\"noopener\"><strong>Change-Log\u00a0<\/strong><\/a>(en anglais).<\/p>\n<p>Avez-vous d\u2019autres questions concernant File Date Corrector?<br \/>\nNous vous offrons un\u00a0support gratuit<strong> par courriel<\/strong>\u00a0en\u00a0Anglais et en Allemand.\u00a0Veuillez nous contacter par courriel \u00e0\u00a0<a href=\"mailto:support@infonautics.ch\"><strong>support@infonautics.ch<\/strong><\/a>\u00a0. Nous allons vous r\u00e9pondre dans 2 jours ouvrables. L\u2019entreprise de logiciels\u00a0<a href=\"https:\/\/www.infonautics.ch\/en\/index.htm\">INFONAUTICS GmbH<\/a>\u00a0a son si\u00e8ge social en Suisse. Veuillez consid\u00e9rer des d\u00e9calages horaires possibles.<\/p>\n<p>&nbsp;<\/p>\n<h3><span style=\"color: #333399;\"><strong>Votre liste de souhaits\u00a0\/ Vos suggestions<\/strong><\/span><\/h3>\n<p>Si vous avez des suggestions pour des mises \u00e0 jours futures, des propositions d\u2019am\u00e9liorations ou si vous avez rencontr\u00e9 un probl\u00e8me lors de l\u2019utilisation du logiciel n\u2019h\u00e9sitez pas \u00e0 nous contacter \u00e0 \u00a0<a href=\"mailto:support@infonautics.ch\"><strong>support@infonautics.ch<\/strong><\/a><strong>.\u00a0<\/strong>Nous avons h\u00e2te de vous lire.\u00a0<\/p>\n<p>&nbsp;<\/p>\n<p>[\/et_pb_text][\/et_pb_column_inner][\/et_pb_row_inner][\/et_pb_column][et_pb_column type=\u00a0\u00bb1_4&Prime;][et_pb_sidebar admin_label=\u00a0\u00bbSidebar\u00a0\u00bb orientation=\u00a0\u00bbright\u00a0\u00bb area=\u00a0\u00bbsidebar-1&Prime; background_layout=\u00a0\u00bblight\u00a0\u00bb remove_border=\u00a0\u00bboff\u00a0\u00bb header_text_color=\u00a0\u00bb#000080&Prime; header_font_size=\u00a0\u00bb20&Prime; show_border=\u00a0\u00bbon\u00a0\u00bb \/][\/et_pb_column][\/et_pb_section]<\/p>\n","protected":false},"excerpt":{"rendered":"<p>Support gratuit pour\u00a0File Date Corrector &nbsp; Veuillez regarder ce dacticiel vid\u00e9o\u00a0(en anglais) pour une br\u00e8ve introduction. Vous trouvez les derniers modifications et extensions du logiciel dans le journal des modifications\u00a0Change-Log\u00a0(en anglais). Avez-vous d\u2019autres questions concernant File Date Corrector? Nous vous offrons un\u00a0support gratuit par courriel\u00a0en\u00a0Anglais et en Allemand.\u00a0Veuillez nous contacter par courriel \u00e0\u00a0support@infonautics.ch\u00a0. Nous allons [&hellip;]<\/p>\n","protected":false},"author":1,"featured_media":0,"parent":0,"menu_order":0,"comment_status":"open","ping_status":"open","template":"","meta":{"_et_pb_use_builder":"on","_et_pb_old_content":"","_et_gb_content_width":"","jetpack_post_was_ever_published":false,"footnotes":""},"class_list":["post-137","page","type-page","status-publish","hentry"],"yoast_head":"<!-- This site is optimized with the Yoast SEO plugin v25.0 - https:\/\/yoast.com\/wordpress\/plugins\/seo\/ -->\n<title>Corriger la date de cr\u00e9ation et de modification avec File Date Corrector<\/title>\n<meta name=\"description\" content=\"Fausse date apr\u00e8s la copie de vos fichiers? Corriger facilement la date de cr\u00e9ation et de modification de vos fichiers avec File Date Corrector pour Windows\" \/>\n<meta name=\"robots\" content=\"index, follow, max-snippet:-1, max-image-preview:large, max-video-preview:-1\" \/>\n<link rel=\"canonical\" href=\"https:\/\/www.infonautics-software.ch\/datefichier\/support\/\" \/>\n<meta property=\"og:locale\" content=\"fr_FR\" \/>\n<meta property=\"og:type\" content=\"article\" \/>\n<meta property=\"og:title\" content=\"Corriger la date de cr\u00e9ation et de modification avec File Date Corrector\" \/>\n<meta property=\"og:description\" content=\"Fausse date apr\u00e8s la copie de vos fichiers? Corriger facilement la date de cr\u00e9ation et de modification de vos fichiers avec File Date Corrector pour Windows\" \/>\n<meta property=\"og:url\" content=\"https:\/\/www.infonautics-software.ch\/datefichier\/support\/\" \/>\n<meta property=\"og:site_name\" content=\"File Date Corrector FR\" \/>\n<meta property=\"article:modified_time\" content=\"2019-04-16T17:07:52+00:00\" \/>\n<meta name=\"twitter:card\" content=\"summary_large_image\" \/>\n<meta name=\"twitter:site\" content=\"@InfonauticsGmbH\" \/>\n<meta name=\"twitter:label1\" content=\"Dur\u00e9e de lecture estim\u00e9e\" \/>\n\t<meta name=\"twitter:data1\" content=\"2 minutes\" \/>\n<script type=\"application\/ld+json\" class=\"yoast-schema-graph\">{\"@context\":\"https:\/\/schema.org\",\"@graph\":[{\"@type\":\"WebPage\",\"@id\":\"https:\/\/www.infonautics-software.ch\/datefichier\/support\/\",\"url\":\"https:\/\/www.infonautics-software.ch\/datefichier\/support\/\",\"name\":\"Corriger la date de cr\u00e9ation et de modification avec File Date Corrector\",\"isPartOf\":{\"@id\":\"https:\/\/www.infonautics-software.ch\/datefichier\/#website\"},\"datePublished\":\"2019-04-16T09:00:10+00:00\",\"dateModified\":\"2019-04-16T17:07:52+00:00\",\"description\":\"Fausse date apr\u00e8s la copie de vos fichiers? Corriger facilement la date de cr\u00e9ation et de modification de vos fichiers avec File Date Corrector pour Windows\",\"breadcrumb\":{\"@id\":\"https:\/\/www.infonautics-software.ch\/datefichier\/support\/#breadcrumb\"},\"inLanguage\":\"fr-FR\",\"potentialAction\":[{\"@type\":\"ReadAction\",\"target\":[\"https:\/\/www.infonautics-software.ch\/datefichier\/support\/\"]}]},{\"@type\":\"BreadcrumbList\",\"@id\":\"https:\/\/www.infonautics-software.ch\/datefichier\/support\/#breadcrumb\",\"itemListElement\":[{\"@type\":\"ListItem\",\"position\":1,\"name\":\"Accueil\",\"item\":\"https:\/\/www.infonautics-software.ch\/datefichier\/\"},{\"@type\":\"ListItem\",\"position\":2,\"name\":\"SUPPORT\"}]},{\"@type\":\"WebSite\",\"@id\":\"https:\/\/www.infonautics-software.ch\/datefichier\/#website\",\"url\":\"https:\/\/www.infonautics-software.ch\/datefichier\/\",\"name\":\"File Date Corrector FR\",\"description\":\"Correct File Date &quot;Created&quot; and &quot;Modified&quot; by File Date Corrector\",\"potentialAction\":[{\"@type\":\"SearchAction\",\"target\":{\"@type\":\"EntryPoint\",\"urlTemplate\":\"https:\/\/www.infonautics-software.ch\/datefichier\/?s={search_term_string}\"},\"query-input\":{\"@type\":\"PropertyValueSpecification\",\"valueRequired\":true,\"valueName\":\"search_term_string\"}}],\"inLanguage\":\"fr-FR\"}]}<\/script>\n<!-- \/ Yoast SEO plugin. -->","yoast_head_json":{"title":"Corriger la date de cr\u00e9ation et de modification avec File Date Corrector","description":"Fausse date apr\u00e8s la copie de vos fichiers? Corriger facilement la date de cr\u00e9ation et de modification de vos fichiers avec File Date Corrector pour Windows","robots":{"index":"index","follow":"follow","max-snippet":"max-snippet:-1","max-image-preview":"max-image-preview:large","max-video-preview":"max-video-preview:-1"},"canonical":"https:\/\/www.infonautics-software.ch\/datefichier\/support\/","og_locale":"fr_FR","og_type":"article","og_title":"Corriger la date de cr\u00e9ation et de modification avec File Date Corrector","og_description":"Fausse date apr\u00e8s la copie de vos fichiers? Corriger facilement la date de cr\u00e9ation et de modification de vos fichiers avec File Date Corrector pour Windows","og_url":"https:\/\/www.infonautics-software.ch\/datefichier\/support\/","og_site_name":"File Date Corrector FR","article_modified_time":"2019-04-16T17:07:52+00:00","twitter_card":"summary_large_image","twitter_site":"@InfonauticsGmbH","twitter_misc":{"Dur\u00e9e de lecture estim\u00e9e":"2 minutes"},"schema":{"@context":"https:\/\/schema.org","@graph":[{"@type":"WebPage","@id":"https:\/\/www.infonautics-software.ch\/datefichier\/support\/","url":"https:\/\/www.infonautics-software.ch\/datefichier\/support\/","name":"Corriger la date de cr\u00e9ation et de modification avec File Date Corrector","isPartOf":{"@id":"https:\/\/www.infonautics-software.ch\/datefichier\/#website"},"datePublished":"2019-04-16T09:00:10+00:00","dateModified":"2019-04-16T17:07:52+00:00","description":"Fausse date apr\u00e8s la copie de vos fichiers? Corriger facilement la date de cr\u00e9ation et de modification de vos fichiers avec File Date Corrector pour Windows","breadcrumb":{"@id":"https:\/\/www.infonautics-software.ch\/datefichier\/support\/#breadcrumb"},"inLanguage":"fr-FR","potentialAction":[{"@type":"ReadAction","target":["https:\/\/www.infonautics-software.ch\/datefichier\/support\/"]}]},{"@type":"BreadcrumbList","@id":"https:\/\/www.infonautics-software.ch\/datefichier\/support\/#breadcrumb","itemListElement":[{"@type":"ListItem","position":1,"name":"Accueil","item":"https:\/\/www.infonautics-software.ch\/datefichier\/"},{"@type":"ListItem","position":2,"name":"SUPPORT"}]},{"@type":"WebSite","@id":"https:\/\/www.infonautics-software.ch\/datefichier\/#website","url":"https:\/\/www.infonautics-software.ch\/datefichier\/","name":"File Date Corrector FR","description":"Correct File Date &quot;Created&quot; and &quot;Modified&quot; by File Date Corrector","potentialAction":[{"@type":"SearchAction","target":{"@type":"EntryPoint","urlTemplate":"https:\/\/www.infonautics-software.ch\/datefichier\/?s={search_term_string}"},"query-input":{"@type":"PropertyValueSpecification","valueRequired":true,"valueName":"search_term_string"}}],"inLanguage":"fr-FR"}]}},"jetpack_shortlink":"https:\/\/wp.me\/P7DBuh-2d","jetpack_sharing_enabled":true,"_links":{"self":[{"href":"https:\/\/www.infonautics-software.ch\/datefichier\/wp-json\/wp\/v2\/pages\/137","targetHints":{"allow":["GET"]}}],"collection":[{"href":"https:\/\/www.infonautics-software.ch\/datefichier\/wp-json\/wp\/v2\/pages"}],"about":[{"href":"https:\/\/www.infonautics-software.ch\/datefichier\/wp-json\/wp\/v2\/types\/page"}],"author":[{"embeddable":true,"href":"https:\/\/www.infonautics-software.ch\/datefichier\/wp-json\/wp\/v2\/users\/1"}],"replies":[{"embeddable":true,"href":"https:\/\/www.infonautics-software.ch\/datefichier\/wp-json\/wp\/v2\/comments?post=137"}],"version-history":[{"count":10,"href":"https:\/\/www.infonautics-software.ch\/datefichier\/wp-json\/wp\/v2\/pages\/137\/revisions"}],"predecessor-version":[{"id":1869,"href":"https:\/\/www.infonautics-software.ch\/datefichier\/wp-json\/wp\/v2\/pages\/137\/revisions\/1869"}],"wp:attachment":[{"href":"https:\/\/www.infonautics-software.ch\/datefichier\/wp-json\/wp\/v2\/media?parent=137"}],"curies":[{"name":"wp","href":"https:\/\/api.w.org\/{rel}","templated":true}]}}