{"id":1573,"date":"2025-06-06T10:00:07","date_gmt":"2025-06-06T08:00:07","guid":{"rendered":"http:\/\/www.infonautics-software.ch\/dateidatumkorrigieren\/?page_id=1573"},"modified":"2025-06-06T15:41:27","modified_gmt":"2025-06-06T13:41:27","slug":"aenderungen","status":"publish","type":"page","link":"https:\/\/www.infonautics-software.ch\/dateidatumkorrigieren\/aenderungen\/","title":{"rendered":"\u00c4NDERUNGEN"},"content":{"rendered":"<p>[et_pb_section fb_built=&#8220;1&#8243; fullwidth=&#8220;on&#8220; custom_padding_last_edited=&#8220;on|desktop&#8220; _builder_version=&#8220;4.16&#8243; background_color=&#8220;#00458e&#8220; custom_padding_tablet=&#8220;50px|0|50px|0&#8243; custom_padding_phone=&#8220;&#8220; transparent_background=&#8220;off&#8220; padding_mobile=&#8220;off&#8220; global_colors_info=&#8220;{}&#8220;][et_pb_fullwidth_header title=&#8220;Change-Log von File Date Corrector&#8220; content_max_width=&#8220;none&#8220; _builder_version=&#8220;4.16&#8243; background_color=&#8220;rgba(255, 255, 255, 0)&#8220; global_colors_info=&#8220;{}&#8220; button_one_text_size__hover_enabled=&#8220;off&#8220; button_two_text_size__hover_enabled=&#8220;off&#8220; button_one_text_color__hover_enabled=&#8220;off&#8220; button_two_text_color__hover_enabled=&#8220;off&#8220; button_one_border_width__hover_enabled=&#8220;off&#8220; button_two_border_width__hover_enabled=&#8220;off&#8220; button_one_border_color__hover_enabled=&#8220;off&#8220; button_two_border_color__hover_enabled=&#8220;off&#8220; button_one_border_radius__hover_enabled=&#8220;off&#8220; button_two_border_radius__hover_enabled=&#8220;off&#8220; button_one_letter_spacing__hover_enabled=&#8220;off&#8220; button_two_letter_spacing__hover_enabled=&#8220;off&#8220; button_one_bg_color__hover_enabled=&#8220;off&#8220; button_two_bg_color__hover_enabled=&#8220;off&#8220;][\/et_pb_fullwidth_header][\/et_pb_section][et_pb_section fb_built=&#8220;1&#8243; specialty=&#8220;on&#8220; _builder_version=&#8220;4.16&#8243; global_colors_info=&#8220;{}&#8220;][et_pb_column type=&#8220;3_4&#8243; specialty_columns=&#8220;3&#8243; _builder_version=&#8220;4.16&#8243; custom_padding=&#8220;|||&#8220; global_colors_info=&#8220;{}&#8220; custom_padding__hover=&#8220;|||&#8220;][et_pb_row_inner admin_label=&#8220;Zeile&#8220; _builder_version=&#8220;4.16&#8243; global_colors_info=&#8220;{}&#8220;][et_pb_column_inner saved_specialty_column_type=&#8220;3_4&#8243; _builder_version=&#8220;4.16&#8243; custom_padding=&#8220;|||&#8220; global_colors_info=&#8220;{}&#8220; custom_padding__hover=&#8220;|||&#8220;][et_pb_text _builder_version=&#8220;4.23.1&#8243; module_alignment=&#8220;left&#8220; hover_enabled=&#8220;0&#8243; global_colors_info=&#8220;{}&#8220; sticky_enabled=&#8220;0&#8243;]<\/p>\n<h2><span style=\"color: #333399;\"><strong>Aktuelle \u00c4nderungen\/Erweiterungen\u00a0<\/strong><\/span><\/h2>\n<p>&nbsp;<\/p>\n<p>Mit File Date Corrector f\u00fcr Windows einfach und schnell ein falsches Erstelldatum von Dokumenten, Bildern, Videos und Audiodateien \u00e4ndern und korrigieren.<\/p>\n<p>Auf dieser Seite halten wir jeweils die aktuellsten Erweiterungen und Verbesserungen der aktuellen und vorg\u00e4ngigen Versionen von File Date Corrector fest.<\/p>\n<p>&nbsp;<\/p>\n<p><span style=\"color: #000080;\"><strong>\u00c4nderungen in der aktuellen Version:<\/strong><\/span><\/p>\n<p>1.75<\/p>\n<ul>\n<li>Verbessert: HEIC\/HEIF-Dateien von Apple iPhone 15 werden besser verarbeitet.<\/li>\n<\/ul>\n<p>&nbsp;<\/p>\n<p><span style=\"color: #000080;\"><strong>\u00c4nderungen in fr\u00fcheren Versionen (neuste zuoberst):<\/strong><\/span><\/p>\n<p>1.74<\/p>\n<ul>\n<li>Neu: Nur bestimmte Dateitypen in die Verarbeitung einbeziehen (Dateitypen-Filter).<\/li>\n<li>Verbessert: Das Datum von bestimmten MP4-Formaten war ungenau.<\/li>\n<\/ul>\n<p>1.73<\/p>\n<ul>\n<li>Gel\u00f6st: Ein Problem mit neusten Apple-DNG-Dateien wurde behoben (Programm wurde abrupt beendet).<\/li>\n<li>Erweitert: Diverse neue Bildformate werden unterst\u00fctzt.<\/li>\n<\/ul>\n<p>1.72<\/p>\n<ul>\n<li>Verbessert: Das Auslesen des Datums aus OpenOffice-Dateien wurde verbessert.<\/li>\n<\/ul>\n<p>1.71<\/p>\n<ul>\n<li>Verbessert: Ein Problem mit Apple-MOV-Dateien wurde behoben (Programm wurde blockiert).<\/li>\n<\/ul>\n<p>1.68<\/p>\n<ul>\n<li>Anpassungen f\u00fcr Windows 11.<\/li>\n<li>Optimiert: Schnelleres Startverhalten mit dem aktuellen Windows-Defender.<\/li>\n<li>Verbessert: Dialog-Fenster bei starker Bildschirm-Vergr\u00f6sserung (&gt; 125%).<\/li>\n<li>Diverse Verbesserungen.<\/li>\n<\/ul>\n<p>1.67<\/p>\n<ul>\n<li>Verbessert: Datumserkennung f\u00fcr einige seltenere PDF-Formate.<\/li>\n<li>Verbessert: Datumserkennung f\u00fcr einige seltenere TIFF-Formate.<\/li>\n<li>Korrigiert: Richtige Erkennung zweistelliger Jahreszahlen vor 2000, wenn in Windows ein generelles Datumsformat mit nur zweistelliger Jahreszahl eingestellt ist.<\/li>\n<li>Diverse kleine Verbesserungen.<\/li>\n<\/ul>\n<p>1.62<\/p>\n<ul>\n<li>Neu: Microsoft Office Bin\u00e4r-Formate .DOCB and .XLSB werden verarbeitet (Datum &#8222;Erstellt&#8220; und &#8222;Ge\u00e4ndert&#8220;).<\/li>\n<li>Neu: Auswahl des gleichen Datums von &#8222;Erstellt&#8220; und &#8222;Ge\u00e4ndert&#8220;, um es lediglich zeitlich zu verschieben.<\/li>\n<li>Neu: Erstellung einer Log-Datei f\u00fcr die effektiv ausgef\u00fchrten Korrekturen.<\/li>\n<li>Neu: Gr\u00f6sse und Position des Programmfensters wird bei erneutem Start wieder hergestellt.<\/li>\n<\/ul>\n<p>1.59<\/p>\n<ul>\n<li>Neu: Canon CR3-Dateien werden verarbeitet (Datum &#8222;Erstellt&#8220;).<\/li>\n<li>Verbessert: Datumserkennung bei DNG-Dateien.<\/li>\n<\/ul>\n<p>1.58<\/p>\n<ul>\n<li>Neu: HEVC-Dateien werden verarbeitet (Datum &#8222;Erstellt&#8220;).<\/li>\n<li>Neu: Die PDF-Ausgabe der Dateiliste unterst\u00fctzt nun ebenfalls Griechische und Kyrillische Zeichen.<\/li>\n<li>Verbessert: Datumserkennung bei Video-Dateien von Canon (AVI).<\/li>\n<\/ul>\n<p>1.57<\/p>\n<ul>\n<li>Diverse kleine Verbesserungen.<\/li>\n<\/ul>\n<p>1.53<\/p>\n<ul>\n<li>Neu: HEIC\/HEIF-Dateien werden verarbeitet (Datum &#8222;Erstellt&#8220;).<\/li>\n<\/ul>\n<p>1.52<\/p>\n<ul>\n<li>Anpassungen f\u00fcr das neuste Windows-Update (Windows 10 Update 1903).<\/li>\n<\/ul>\n<p>1.51<\/p>\n<ul>\n<li>Verbessert: Datumserkennung bei Video-Dateien von iPhones (MOV).<\/li>\n<\/ul>\n<p>1.49<\/p>\n<ul>\n<li>Verbessert: Datumserkennung bei Video-Dateien (AVI etc.).<\/li>\n<\/ul>\n<p>1.48<\/p>\n<ul>\n<li>Neu: Automatisches Sortieren der Verzeichnis-Auswahl.<\/li>\n<li>Verbessert: MP3-Dateien Aufnahme-Datum\/Zeit (Tag ID3 TDRC).<\/li>\n<li>Anpassungen f\u00fcr das neuste Windows-Update (Windows 10 Update 1809).<\/li>\n<\/ul>\n<p>1.45<\/p>\n<ul>\n<li>Neu: MS Office Vorlage-Dateien werden verarbeitet: dotx, dotm, xltx, xltm, potx, potm.<\/li>\n<\/ul>\n<p>1.44<\/p>\n<ul>\n<li>Kleine Verbesserungen.<\/li>\n<li>Anpassungen f\u00fcr das neuste Windows-Update (Windows 10 Update 1803).<\/li>\n<\/ul>\n<p>1.41<\/p>\n<ul>\n<li>Neu: EML-Dateien (E-Mail) werden verarbeitet (Datum &#8222;Erstellt&#8220;).<\/li>\n<li>Neu: MSG-Dateien (Outlook) werden verarbeitet (Datum &#8222;Erstellt&#8220;).<\/li>\n<li>Erweitert: Auslesen der Metainformationen aus PDF-Dateien.<\/li>\n<\/ul>\n<p>1.40<\/p>\n<ul>\n<li>Anpassung des Verzeichnisdatums entsprechend dem \u00e4ltesten \/ j\u00fcngsten Inhalt, d.h. das Erstellungsdatum entsprechend dem \u00e4ltesten gefundenen Datei-Datum &#8222;Erstellt&#8220; in der untergeordneten Verzeichnisstruktur, das \u00c4nderungsdatum entsprechend dem j\u00fcngsten gefundenen Datei-Datum &#8222;Ge\u00e4ndert&#8220; oder &#8222;Erstellt&#8220;.<\/li>\n<li>Neu: Auslesen der Metainformationen aus folgenden Raw-Bild-Formaten:<br \/>ERF (Epson), ARW (Sony Alpha), RW2 (Panasonic), PEF (Pentax), SRW (Samsung), MRW (Minolta)<\/li>\n<li>Verbessert: Darstellung auf hochaufl\u00f6senden Monitoren.<\/li>\n<\/ul>\n<p>1.38<\/p>\n<ul>\n<li>Neu: ORF-Dateien (Olympus Raw Bilder) werden verarbeitet (Datum &#8222;Erstellt&#8220; und &#8222;Ge\u00e4ndert&#8220;).<\/li>\n<\/ul>\n<p>1.37<\/p>\n<ul>\n<li>Verbessert: Auslesen des Aufnahme- und Encoded-Datums bei MTS-Dateien (AVCHD, H264), wenn die Videoaufnahme mit einer Panasonic-Kamera erstellt wurde.<\/li>\n<\/ul>\n<p>1.35<\/p>\n<ul>\n<li>Neu: XMP-Dateien (Sidecar-Dateien f\u00fcr Bilder) werden verarbeitet (Datum &#8222;Erstellt&#8220; und &#8222;Ge\u00e4ndert&#8220;).<\/li>\n<li>Verbessert: Das Erstellungsdatum von PNG-Bildern wird auch verarbeitet, wenn es manuell im Eigenschaften-Dialog des Windows-Explorer erg\u00e4nzt wurde.<\/li>\n<\/ul>\n<p>1.34<\/p>\n<ul>\n<li>Neu: RAF-Dateien (Fujifilm-Raw Bilder) werden verarbeitet (Datum &#8222;Erstellt&#8220; und &#8222;Ge\u00e4ndert&#8220;).<\/li>\n<\/ul>\n<p>1.33<\/p>\n<ul>\n<li>Kleinere Verbesserungen beim Auslesen der originalen Erstellungsdaten aus Bildern.<\/li>\n<\/ul>\n<p>1.30<\/p>\n<ul>\n<li>Korrekturdatum aus dem Dateinamen extrahieren, flexibel bestimmbares Datums- und Zeitformat.<\/li>\n<li>Flexiblere Auswahl und Einstellung der Priorit\u00e4ten der Quellen f\u00fcr Metadaten und andere Datumsangaben.<\/li>\n<li>Verbesserte Fortschrittsanzeige bei grosser Anzahl von Korrekturen.<\/li>\n<li>Kleine Anpassungen f\u00fcr das neuste Windows-Update (Windows 10 Creators Update 1703).<\/li>\n<li>Diverse kleinere Verbesserungen.<\/li>\n<\/ul>\n<p>1.24<\/p>\n<ul>\n<li>Neu: Metainformationen f\u00fcr &#8222;Erstellt&#8220; und &#8222;Ge\u00e4ndert&#8220; k\u00f6nnen kreuzweise zugewiesen werden.<\/li>\n<li>Neu: PNG-Metainformationen von PNG-Bildern werden verarbeitet (Datum &#8222;Erstellt&#8220; und &#8222;Ge\u00e4ndert&#8220;).<\/li>\n<li>Verbessert: XMP-Metainformationen (Adobe) von Bilddateien werden verarbeitet (Datum &#8222;Ge\u00e4ndert&#8220;).<\/li>\n<li>Neu: In der Dateiliste f\u00fcr vorgesehene Korrekturen k\u00f6nnen Dateien einzeln aus- und abgew\u00e4hlt werden, gleicherweise f\u00fcr ganze Unterverzeichnisse oder die gesamte Dateiliste (siehe Programm-Anleitung).<\/li>\n<\/ul>\n<p>1.23<\/p>\n<ul>\n<li>Dateiliste abspeichern: als PDF-Druckdatei, EXCEL-Tabelle, TEXT-Datei mit Tabulatoren oder Semikolons als Trennzeichen.<\/li>\n<\/ul>\n<p>1.22<\/p>\n<ul style=\"list-style-type: disc;\">\n<li>Umgang mit Datumseinstellungen zur\u00fcck bis ins Jahr 1601 (mit NTFS-Dateisystem).<\/li>\n<li>Manuelle Zeiteinstellung auf die Sekunde genau (statt nur auf die Minute genau).<\/li>\n<li>Bei Audio- und Musikdateien ebenfalls Umwandlung der UTC-Zeit-Angaben in Lokalzeit, wenn UTC Meta-Informationen vorliegen.<\/li>\n<li>M\u00f6glichkeit zur Verschiebung des Korrekturdatums um eine beliebige Zeitdifferenz.<\/li>\n<li>FLAC-Format unterst\u00fctzt auch das Europ\u00e4ische Zeitformat (31.12.2000 15:00:00).<\/li>\n<li>WAVE-Format unters\u00fctzt den ID3-Tag TDAT im Europ\u00e4ischen Zeitformat (31.12.2000 15:00:00).<\/li>\n<li>Unterst\u00fctzung f\u00fcr M4A und MP4 Audio.<\/li>\n<li>Franz\u00f6sische Version von File Date Corrector.<\/li>\n<\/ul>\n<p>1.21<\/p>\n<ul style=\"list-style-type: disc;\">\n<li>Korrigiert: PDF Erstellungs- und \u00c4nderungsdatum fehlten in gewissen Situationen.<\/li>\n<\/ul>\n<p>1.20<\/p>\n<ul style=\"list-style-type: disc;\">\n<li>Korrigiert: Die Schriftgr\u00f6sse wurde nicht korrekt angepasst, wenn auf Monitoren mit hoher Aufl\u00f6sung die Anzeige stark vergr\u00f6ssert wurde (DPI-Anpassung).<\/li>\n<\/ul>\n<p>1.17<\/p>\n<ul style=\"list-style-type: disc;\">\n<li>Fehler korrigiert: Die Einstellungen wurden teilweise nicht korrekt gespeichert.<\/li>\n<\/ul>\n<p>1.16<\/p>\n<ul style=\"list-style-type: disc;\">\n<li>Verbessertes Auslesen des Aufnahmedatums und Encoded-Datums bei MTS-Dateien (AVCHD, H264, Sony).<\/li>\n<li>F\u00fcr Dateien ohne n\u00fctzliche Meta-Informationen kann als Erstellungsdatum optional das letzte \u00c4nderungsdatum eingesetzt werden.<\/li>\n<li>F\u00fcr Dateien ohne n\u00fctzliche Meta-Informationen kann als \u00c4nderungsdatum optional das aktuelle Erstellungsdatum eingesetzt werden.<\/li>\n<li>Es werden bei Programmende nun alle Einstellungen gespeichert.<\/li>\n<\/ul>\n<p>1.15<\/p>\n<ul style=\"list-style-type: disc;\">\n<li>Neues Videoformat hinzugef\u00fcgt: MXF (Sony).<\/li>\n<li>Fehler korrigiert: IPTC-Informationen f\u00fcr das Dateidatum &#8222;Ge\u00e4ndert&#8220; fehlten.<\/li>\n<\/ul>\n<p>[\/et_pb_text][\/et_pb_column_inner][\/et_pb_row_inner][\/et_pb_column][et_pb_column type=&#8220;1_4&#8243; _builder_version=&#8220;4.16&#8243; custom_padding=&#8220;|||&#8220; global_colors_info=&#8220;{}&#8220; custom_padding__hover=&#8220;|||&#8220;][et_pb_sidebar orientation=&#8220;right&#8220; area=&#8220;sidebar-1&#8243; _builder_version=&#8220;4.16&#8243; remove_border=&#8220;off&#8220; global_colors_info=&#8220;{}&#8220;][\/et_pb_sidebar][\/et_pb_column][\/et_pb_section]<\/p>\n","protected":false},"excerpt":{"rendered":"<p>Aktuelle \u00c4nderungen\/Erweiterungen\u00a0 &nbsp; Mit File Date Corrector f\u00fcr Windows einfach und schnell ein falsches Erstelldatum von Dokumenten, Bildern, Videos und Audiodateien \u00e4ndern und korrigieren. Auf dieser Seite halten wir jeweils die aktuellsten Erweiterungen und Verbesserungen der aktuellen und vorg\u00e4ngigen Versionen von File Date Corrector fest. &nbsp; \u00c4nderungen in der aktuellen Version: 1.75 Verbessert: HEIC\/HEIF-Dateien von [&hellip;]<\/p>\n","protected":false},"author":1,"featured_media":0,"parent":0,"menu_order":0,"comment_status":"closed","ping_status":"closed","template":"","meta":{"_et_pb_use_builder":"on","_et_pb_old_content":"","_et_gb_content_width":"","jetpack_post_was_ever_published":false,"footnotes":""},"class_list":["post-1573","page","type-page","status-publish","hentry"],"yoast_head":"<!-- This site is optimized with the Yoast SEO plugin v25.0 - https:\/\/yoast.com\/wordpress\/plugins\/seo\/ -->\n<title>Mit File Date Corrector falsches Erstelldatum \u00e4ndern und korrigieren<\/title>\n<meta name=\"description\" content=\"File Date Corrector erlaubt, einfach und schnell ein falsches Erstelldatum von Dokumenten, Fotos, Videos und Audiodateien zu \u00e4ndern und zu korrigieren.\" \/>\n<meta name=\"robots\" content=\"index, follow, max-snippet:-1, max-image-preview:large, max-video-preview:-1\" \/>\n<link rel=\"canonical\" href=\"https:\/\/www.infonautics-software.ch\/dateidatumkorrigieren\/aenderungen\/\" \/>\n<meta property=\"og:locale\" content=\"de_DE\" \/>\n<meta property=\"og:type\" content=\"article\" \/>\n<meta property=\"og:title\" content=\"Mit File Date Corrector falsches Erstelldatum \u00e4ndern und korrigieren\" \/>\n<meta property=\"og:description\" content=\"File Date Corrector erlaubt, einfach und schnell ein falsches Erstelldatum von Dokumenten, Fotos, Videos und Audiodateien zu \u00e4ndern und zu korrigieren.\" \/>\n<meta property=\"og:url\" content=\"https:\/\/www.infonautics-software.ch\/dateidatumkorrigieren\/aenderungen\/\" \/>\n<meta property=\"og:site_name\" content=\"File Date Corrector DE\" \/>\n<meta property=\"article:modified_time\" content=\"2025-06-06T13:41:27+00:00\" \/>\n<meta name=\"twitter:card\" content=\"summary_large_image\" \/>\n<meta name=\"twitter:site\" content=\"@InfonauticsGmbH\" \/>\n<meta name=\"twitter:label1\" content=\"Gesch\u00e4tzte Lesezeit\" \/>\n\t<meta name=\"twitter:data1\" content=\"7\u00a0Minuten\" \/>\n<script type=\"application\/ld+json\" class=\"yoast-schema-graph\">{\"@context\":\"https:\/\/schema.org\",\"@graph\":[{\"@type\":\"WebPage\",\"@id\":\"https:\/\/www.infonautics-software.ch\/dateidatumkorrigieren\/aenderungen\/\",\"url\":\"https:\/\/www.infonautics-software.ch\/dateidatumkorrigieren\/aenderungen\/\",\"name\":\"Mit File Date Corrector falsches Erstelldatum \u00e4ndern und korrigieren\",\"isPartOf\":{\"@id\":\"https:\/\/www.infonautics-software.ch\/dateidatumkorrigieren\/#website\"},\"datePublished\":\"2025-06-06T08:00:07+00:00\",\"dateModified\":\"2025-06-06T13:41:27+00:00\",\"description\":\"File Date Corrector erlaubt, einfach und schnell ein falsches Erstelldatum von Dokumenten, Fotos, Videos und Audiodateien zu \u00e4ndern und zu korrigieren.\",\"breadcrumb\":{\"@id\":\"https:\/\/www.infonautics-software.ch\/dateidatumkorrigieren\/aenderungen\/#breadcrumb\"},\"inLanguage\":\"de\",\"potentialAction\":[{\"@type\":\"ReadAction\",\"target\":[\"https:\/\/www.infonautics-software.ch\/dateidatumkorrigieren\/aenderungen\/\"]}]},{\"@type\":\"BreadcrumbList\",\"@id\":\"https:\/\/www.infonautics-software.ch\/dateidatumkorrigieren\/aenderungen\/#breadcrumb\",\"itemListElement\":[{\"@type\":\"ListItem\",\"position\":1,\"name\":\"Startseite\",\"item\":\"https:\/\/www.infonautics-software.ch\/dateidatumkorrigieren\/\"},{\"@type\":\"ListItem\",\"position\":2,\"name\":\"\u00c4NDERUNGEN\"}]},{\"@type\":\"WebSite\",\"@id\":\"https:\/\/www.infonautics-software.ch\/dateidatumkorrigieren\/#website\",\"url\":\"https:\/\/www.infonautics-software.ch\/dateidatumkorrigieren\/\",\"name\":\"File Date Corrector DE\",\"description\":\"Dateidatum korrigieren mit Meta-Informationen\",\"potentialAction\":[{\"@type\":\"SearchAction\",\"target\":{\"@type\":\"EntryPoint\",\"urlTemplate\":\"https:\/\/www.infonautics-software.ch\/dateidatumkorrigieren\/?s={search_term_string}\"},\"query-input\":{\"@type\":\"PropertyValueSpecification\",\"valueRequired\":true,\"valueName\":\"search_term_string\"}}],\"inLanguage\":\"de\"}]}<\/script>\n<!-- \/ Yoast SEO plugin. -->","yoast_head_json":{"title":"Mit File Date Corrector falsches Erstelldatum \u00e4ndern und korrigieren","description":"File Date Corrector erlaubt, einfach und schnell ein falsches Erstelldatum von Dokumenten, Fotos, Videos und Audiodateien zu \u00e4ndern und zu korrigieren.","robots":{"index":"index","follow":"follow","max-snippet":"max-snippet:-1","max-image-preview":"max-image-preview:large","max-video-preview":"max-video-preview:-1"},"canonical":"https:\/\/www.infonautics-software.ch\/dateidatumkorrigieren\/aenderungen\/","og_locale":"de_DE","og_type":"article","og_title":"Mit File Date Corrector falsches Erstelldatum \u00e4ndern und korrigieren","og_description":"File Date Corrector erlaubt, einfach und schnell ein falsches Erstelldatum von Dokumenten, Fotos, Videos und Audiodateien zu \u00e4ndern und zu korrigieren.","og_url":"https:\/\/www.infonautics-software.ch\/dateidatumkorrigieren\/aenderungen\/","og_site_name":"File Date Corrector DE","article_modified_time":"2025-06-06T13:41:27+00:00","twitter_card":"summary_large_image","twitter_site":"@InfonauticsGmbH","twitter_misc":{"Gesch\u00e4tzte Lesezeit":"7\u00a0Minuten"},"schema":{"@context":"https:\/\/schema.org","@graph":[{"@type":"WebPage","@id":"https:\/\/www.infonautics-software.ch\/dateidatumkorrigieren\/aenderungen\/","url":"https:\/\/www.infonautics-software.ch\/dateidatumkorrigieren\/aenderungen\/","name":"Mit File Date Corrector falsches Erstelldatum \u00e4ndern und korrigieren","isPartOf":{"@id":"https:\/\/www.infonautics-software.ch\/dateidatumkorrigieren\/#website"},"datePublished":"2025-06-06T08:00:07+00:00","dateModified":"2025-06-06T13:41:27+00:00","description":"File Date Corrector erlaubt, einfach und schnell ein falsches Erstelldatum von Dokumenten, Fotos, Videos und Audiodateien zu \u00e4ndern und zu korrigieren.","breadcrumb":{"@id":"https:\/\/www.infonautics-software.ch\/dateidatumkorrigieren\/aenderungen\/#breadcrumb"},"inLanguage":"de","potentialAction":[{"@type":"ReadAction","target":["https:\/\/www.infonautics-software.ch\/dateidatumkorrigieren\/aenderungen\/"]}]},{"@type":"BreadcrumbList","@id":"https:\/\/www.infonautics-software.ch\/dateidatumkorrigieren\/aenderungen\/#breadcrumb","itemListElement":[{"@type":"ListItem","position":1,"name":"Startseite","item":"https:\/\/www.infonautics-software.ch\/dateidatumkorrigieren\/"},{"@type":"ListItem","position":2,"name":"\u00c4NDERUNGEN"}]},{"@type":"WebSite","@id":"https:\/\/www.infonautics-software.ch\/dateidatumkorrigieren\/#website","url":"https:\/\/www.infonautics-software.ch\/dateidatumkorrigieren\/","name":"File Date Corrector DE","description":"Dateidatum korrigieren mit Meta-Informationen","potentialAction":[{"@type":"SearchAction","target":{"@type":"EntryPoint","urlTemplate":"https:\/\/www.infonautics-software.ch\/dateidatumkorrigieren\/?s={search_term_string}"},"query-input":{"@type":"PropertyValueSpecification","valueRequired":true,"valueName":"search_term_string"}}],"inLanguage":"de"}]}},"jetpack_shortlink":"https:\/\/wp.me\/P7CGbP-pn","jetpack_sharing_enabled":true,"_links":{"self":[{"href":"https:\/\/www.infonautics-software.ch\/dateidatumkorrigieren\/wp-json\/wp\/v2\/pages\/1573","targetHints":{"allow":["GET"]}}],"collection":[{"href":"https:\/\/www.infonautics-software.ch\/dateidatumkorrigieren\/wp-json\/wp\/v2\/pages"}],"about":[{"href":"https:\/\/www.infonautics-software.ch\/dateidatumkorrigieren\/wp-json\/wp\/v2\/types\/page"}],"author":[{"embeddable":true,"href":"https:\/\/www.infonautics-software.ch\/dateidatumkorrigieren\/wp-json\/wp\/v2\/users\/1"}],"replies":[{"embeddable":true,"href":"https:\/\/www.infonautics-software.ch\/dateidatumkorrigieren\/wp-json\/wp\/v2\/comments?post=1573"}],"version-history":[{"count":9,"href":"https:\/\/www.infonautics-software.ch\/dateidatumkorrigieren\/wp-json\/wp\/v2\/pages\/1573\/revisions"}],"predecessor-version":[{"id":2114,"href":"https:\/\/www.infonautics-software.ch\/dateidatumkorrigieren\/wp-json\/wp\/v2\/pages\/1573\/revisions\/2114"}],"wp:attachment":[{"href":"https:\/\/www.infonautics-software.ch\/dateidatumkorrigieren\/wp-json\/wp\/v2\/media?parent=1573"}],"curies":[{"name":"wp","href":"https:\/\/api.w.org\/{rel}","templated":true}]}}