{"id":1709,"date":"2019-04-16T10:43:15","date_gmt":"2019-04-16T08:43:15","guid":{"rendered":"http:\/\/www.infonautics-software.ch\/dateidatumkorrigieren\/?page_id=1709"},"modified":"2019-04-16T18:19:41","modified_gmt":"2019-04-16T16:19:41","slug":"anwendungen","status":"publish","type":"page","link":"https:\/\/www.infonautics-software.ch\/dateidatumkorrigieren\/anwendungen\/","title":{"rendered":"ANWENDUNGEN"},"content":{"rendered":"<p>[et_pb_section bb_built=&#8220;1&#8243; background_color=&#8220;#00458e&#8220; fullwidth=&#8220;on&#8220; _builder_version=&#8220;3.0.47&#8243; transparent_background=&#8220;off&#8220; next_background_color=&#8220;#ffffff&#8220;][et_pb_fullwidth_header title=&#8220;Anwendungen zu File Date Corrector&#8220; background_layout=&#8220;dark&#8220; _builder_version=&#8220;3.0.47&#8243; content_max_width=&#8220;100%&#8220; background_color=&#8220;rgba(255, 255, 255, 0)&#8220; \/][\/et_pb_section][et_pb_section bb_built=&#8220;1&#8243; specialty=&#8220;on&#8220; _builder_version=&#8220;3.0.47&#8243; prev_background_color=&#8220;#00458e&#8220;][et_pb_column type=&#8220;3_4&#8243; specialty_columns=&#8220;3&#8243;][et_pb_row_inner admin_label=&#8220;Zeile&#8220; _builder_version=&#8220;3.0.47&#8243;][et_pb_column_inner type=&#8220;4_4&#8243; saved_specialty_column_type=&#8220;3_4&#8243;][et_pb_text _builder_version=&#8220;3.12&#8243; background_size=&#8220;initial&#8220; background_position=&#8220;top_left&#8220; background_repeat=&#8220;repeat&#8220; use_border_color=&#8220;off&#8220;]<\/p>\n<h1><span style=\"color: #000080;\"><strong>File Date Corrector <\/strong><\/span><span style=\"color: #000080;\"><strong>Anwendungen und Funktionen <br \/>\n<\/strong><\/span><\/h1>\n<p>&nbsp;<\/p>\n<p>Auf dieser Seite vermitteln wir hilfreiche Informationen mit Tipps und Tricks zu h\u00e4ufig genutzten Anwendungsf\u00e4llen mit File Date Corrector.<\/p>\n<p>&nbsp;<\/p>\n<p>[\/et_pb_text][\/et_pb_column_inner][\/et_pb_row_inner][et_pb_row_inner admin_label=&#8220;Zeile&#8220; _builder_version=&#8220;3.0.47&#8243;][et_pb_column_inner type=&#8220;4_4&#8243; saved_specialty_column_type=&#8220;3_4&#8243;][et_pb_blog posts_number=&#8220;10&#8243; show_more=&#8220;on&#8220; show_author=&#8220;off&#8220; show_date=&#8220;off&#8220; show_categories=&#8220;off&#8220; offset_number=&#8220;0&#8243; _builder_version=&#8220;3.0.47&#8243; header_font=&#8220;|on|||&#8220; header_text_color=&#8220;#000080&#8243; use_border_color=&#8220;off&#8220; border_color=&#8220;#ffffff&#8220; border_style=&#8220;solid&#8220; use_dropshadow=&#8220;off&#8220; box_shadow_color=&#8220;rgba(0,0,0,0.3)&#8220; box_shadow_style=&#8220;none&#8220; \/][\/et_pb_column_inner][\/et_pb_row_inner][\/et_pb_column][et_pb_column type=&#8220;1_4&#8243;][et_pb_sidebar orientation=&#8220;right&#8220; area=&#8220;sidebar-1&#8243; _builder_version=&#8220;3.0.47&#8243; remove_border=&#8220;off&#8220; show_border=&#8220;on&#8220; \/][\/et_pb_column][\/et_pb_section]<\/p>\n","protected":false},"excerpt":{"rendered":"<p>File Date Corrector Anwendungen und Funktionen &nbsp; Auf dieser Seite vermitteln wir hilfreiche Informationen mit Tipps und Tricks zu h\u00e4ufig genutzten Anwendungsf\u00e4llen mit File Date Corrector. &nbsp;<\/p>\n","protected":false},"author":1,"featured_media":0,"parent":0,"menu_order":0,"comment_status":"closed","ping_status":"closed","template":"","meta":{"_et_pb_use_builder":"on","_et_pb_old_content":"","_et_gb_content_width":"","jetpack_post_was_ever_published":false,"footnotes":""},"class_list":["post-1709","page","type-page","status-publish","hentry"],"yoast_head":"<!-- This site is optimized with the Yoast SEO plugin v25.0 - https:\/\/yoast.com\/wordpress\/plugins\/seo\/ -->\n<title>M\u00f6chten Sie das Erstelldatum Ihrer Dateien \u00e4ndern und korrigieren?<\/title>\n<meta name=\"description\" content=\"Falsches Datum nach dem Kopieren von Dateien? Mit File Date Corrector f\u00fcr Windows einfach und schnell Erstelldatum \u00e4ndern und korrigieren.\" \/>\n<meta name=\"robots\" content=\"index, follow, max-snippet:-1, max-image-preview:large, max-video-preview:-1\" \/>\n<link rel=\"canonical\" href=\"https:\/\/www.infonautics-software.ch\/dateidatumkorrigieren\/anwendungen\/\" \/>\n<meta property=\"og:locale\" content=\"de_DE\" \/>\n<meta property=\"og:type\" content=\"article\" \/>\n<meta property=\"og:title\" content=\"M\u00f6chten Sie das Erstelldatum Ihrer Dateien \u00e4ndern und korrigieren?\" \/>\n<meta property=\"og:description\" content=\"Falsches Datum nach dem Kopieren von Dateien? Mit File Date Corrector f\u00fcr Windows einfach und schnell Erstelldatum \u00e4ndern und korrigieren.\" \/>\n<meta property=\"og:url\" content=\"https:\/\/www.infonautics-software.ch\/dateidatumkorrigieren\/anwendungen\/\" \/>\n<meta property=\"og:site_name\" content=\"File Date Corrector DE\" \/>\n<meta property=\"article:modified_time\" content=\"2019-04-16T16:19:41+00:00\" \/>\n<meta name=\"twitter:card\" content=\"summary_large_image\" \/>\n<meta name=\"twitter:site\" content=\"@InfonauticsGmbH\" \/>\n<meta name=\"twitter:label1\" content=\"Gesch\u00e4tzte Lesezeit\" \/>\n\t<meta name=\"twitter:data1\" content=\"1\u00a0Minute\" \/>\n<script type=\"application\/ld+json\" class=\"yoast-schema-graph\">{\"@context\":\"https:\/\/schema.org\",\"@graph\":[{\"@type\":\"WebPage\",\"@id\":\"https:\/\/www.infonautics-software.ch\/dateidatumkorrigieren\/anwendungen\/\",\"url\":\"https:\/\/www.infonautics-software.ch\/dateidatumkorrigieren\/anwendungen\/\",\"name\":\"M\u00f6chten Sie das Erstelldatum Ihrer Dateien \u00e4ndern und korrigieren?\",\"isPartOf\":{\"@id\":\"https:\/\/www.infonautics-software.ch\/dateidatumkorrigieren\/#website\"},\"datePublished\":\"2019-04-16T08:43:15+00:00\",\"dateModified\":\"2019-04-16T16:19:41+00:00\",\"description\":\"Falsches Datum nach dem Kopieren von Dateien? Mit File Date Corrector f\u00fcr Windows einfach und schnell Erstelldatum \u00e4ndern und korrigieren.\",\"breadcrumb\":{\"@id\":\"https:\/\/www.infonautics-software.ch\/dateidatumkorrigieren\/anwendungen\/#breadcrumb\"},\"inLanguage\":\"de\",\"potentialAction\":[{\"@type\":\"ReadAction\",\"target\":[\"https:\/\/www.infonautics-software.ch\/dateidatumkorrigieren\/anwendungen\/\"]}]},{\"@type\":\"BreadcrumbList\",\"@id\":\"https:\/\/www.infonautics-software.ch\/dateidatumkorrigieren\/anwendungen\/#breadcrumb\",\"itemListElement\":[{\"@type\":\"ListItem\",\"position\":1,\"name\":\"Startseite\",\"item\":\"https:\/\/www.infonautics-software.ch\/dateidatumkorrigieren\/\"},{\"@type\":\"ListItem\",\"position\":2,\"name\":\"ANWENDUNGEN\"}]},{\"@type\":\"WebSite\",\"@id\":\"https:\/\/www.infonautics-software.ch\/dateidatumkorrigieren\/#website\",\"url\":\"https:\/\/www.infonautics-software.ch\/dateidatumkorrigieren\/\",\"name\":\"File Date Corrector DE\",\"description\":\"Dateidatum korrigieren mit Meta-Informationen\",\"potentialAction\":[{\"@type\":\"SearchAction\",\"target\":{\"@type\":\"EntryPoint\",\"urlTemplate\":\"https:\/\/www.infonautics-software.ch\/dateidatumkorrigieren\/?s={search_term_string}\"},\"query-input\":{\"@type\":\"PropertyValueSpecification\",\"valueRequired\":true,\"valueName\":\"search_term_string\"}}],\"inLanguage\":\"de\"}]}<\/script>\n<!-- \/ Yoast SEO plugin. -->","yoast_head_json":{"title":"M\u00f6chten Sie das Erstelldatum Ihrer Dateien \u00e4ndern und korrigieren?","description":"Falsches Datum nach dem Kopieren von Dateien? Mit File Date Corrector f\u00fcr Windows einfach und schnell Erstelldatum \u00e4ndern und korrigieren.","robots":{"index":"index","follow":"follow","max-snippet":"max-snippet:-1","max-image-preview":"max-image-preview:large","max-video-preview":"max-video-preview:-1"},"canonical":"https:\/\/www.infonautics-software.ch\/dateidatumkorrigieren\/anwendungen\/","og_locale":"de_DE","og_type":"article","og_title":"M\u00f6chten Sie das Erstelldatum Ihrer Dateien \u00e4ndern und korrigieren?","og_description":"Falsches Datum nach dem Kopieren von Dateien? Mit File Date Corrector f\u00fcr Windows einfach und schnell Erstelldatum \u00e4ndern und korrigieren.","og_url":"https:\/\/www.infonautics-software.ch\/dateidatumkorrigieren\/anwendungen\/","og_site_name":"File Date Corrector DE","article_modified_time":"2019-04-16T16:19:41+00:00","twitter_card":"summary_large_image","twitter_site":"@InfonauticsGmbH","twitter_misc":{"Gesch\u00e4tzte Lesezeit":"1\u00a0Minute"},"schema":{"@context":"https:\/\/schema.org","@graph":[{"@type":"WebPage","@id":"https:\/\/www.infonautics-software.ch\/dateidatumkorrigieren\/anwendungen\/","url":"https:\/\/www.infonautics-software.ch\/dateidatumkorrigieren\/anwendungen\/","name":"M\u00f6chten Sie das Erstelldatum Ihrer Dateien \u00e4ndern und korrigieren?","isPartOf":{"@id":"https:\/\/www.infonautics-software.ch\/dateidatumkorrigieren\/#website"},"datePublished":"2019-04-16T08:43:15+00:00","dateModified":"2019-04-16T16:19:41+00:00","description":"Falsches Datum nach dem Kopieren von Dateien? Mit File Date Corrector f\u00fcr Windows einfach und schnell Erstelldatum \u00e4ndern und korrigieren.","breadcrumb":{"@id":"https:\/\/www.infonautics-software.ch\/dateidatumkorrigieren\/anwendungen\/#breadcrumb"},"inLanguage":"de","potentialAction":[{"@type":"ReadAction","target":["https:\/\/www.infonautics-software.ch\/dateidatumkorrigieren\/anwendungen\/"]}]},{"@type":"BreadcrumbList","@id":"https:\/\/www.infonautics-software.ch\/dateidatumkorrigieren\/anwendungen\/#breadcrumb","itemListElement":[{"@type":"ListItem","position":1,"name":"Startseite","item":"https:\/\/www.infonautics-software.ch\/dateidatumkorrigieren\/"},{"@type":"ListItem","position":2,"name":"ANWENDUNGEN"}]},{"@type":"WebSite","@id":"https:\/\/www.infonautics-software.ch\/dateidatumkorrigieren\/#website","url":"https:\/\/www.infonautics-software.ch\/dateidatumkorrigieren\/","name":"File Date Corrector DE","description":"Dateidatum korrigieren mit Meta-Informationen","potentialAction":[{"@type":"SearchAction","target":{"@type":"EntryPoint","urlTemplate":"https:\/\/www.infonautics-software.ch\/dateidatumkorrigieren\/?s={search_term_string}"},"query-input":{"@type":"PropertyValueSpecification","valueRequired":true,"valueName":"search_term_string"}}],"inLanguage":"de"}]}},"jetpack_shortlink":"https:\/\/wp.me\/P7CGbP-rz","jetpack_sharing_enabled":true,"_links":{"self":[{"href":"https:\/\/www.infonautics-software.ch\/dateidatumkorrigieren\/wp-json\/wp\/v2\/pages\/1709","targetHints":{"allow":["GET"]}}],"collection":[{"href":"https:\/\/www.infonautics-software.ch\/dateidatumkorrigieren\/wp-json\/wp\/v2\/pages"}],"about":[{"href":"https:\/\/www.infonautics-software.ch\/dateidatumkorrigieren\/wp-json\/wp\/v2\/types\/page"}],"author":[{"embeddable":true,"href":"https:\/\/www.infonautics-software.ch\/dateidatumkorrigieren\/wp-json\/wp\/v2\/users\/1"}],"replies":[{"embeddable":true,"href":"https:\/\/www.infonautics-software.ch\/dateidatumkorrigieren\/wp-json\/wp\/v2\/comments?post=1709"}],"version-history":[{"count":10,"href":"https:\/\/www.infonautics-software.ch\/dateidatumkorrigieren\/wp-json\/wp\/v2\/pages\/1709\/revisions"}],"predecessor-version":[{"id":1961,"href":"https:\/\/www.infonautics-software.ch\/dateidatumkorrigieren\/wp-json\/wp\/v2\/pages\/1709\/revisions\/1961"}],"wp:attachment":[{"href":"https:\/\/www.infonautics-software.ch\/dateidatumkorrigieren\/wp-json\/wp\/v2\/media?parent=1709"}],"curies":[{"name":"wp","href":"https:\/\/api.w.org\/{rel}","templated":true}]}}