{"id":125,"date":"2025-09-29T10:00:10","date_gmt":"2025-09-29T08:00:10","guid":{"rendered":"http:\/\/www.infonautics-software.ch\/mymenuexplorerde\/?page_id=125"},"modified":"2025-09-29T12:55:14","modified_gmt":"2025-09-29T10:55:14","slug":"funktionen","status":"publish","type":"page","link":"https:\/\/www.infonautics-software.ch\/dateien-kopieren-mit-datum\/funktionen\/","title":{"rendered":"FUNKTIONEN"},"content":{"rendered":"<p>[et_pb_section fb_built=&#8220;1&#8243; make_equal=&#8220;on&#8220; fullwidth=&#8220;on&#8220; custom_padding_last_edited=&#8220;on|desktop&#8220; _builder_version=&#8220;4.16&#8243; background_color=&#8220;#00458e&#8220; custom_padding=&#8220;50px|||&#8220; custom_padding_tablet=&#8220;50px|0|50px|0&#8243; custom_padding_phone=&#8220;&#8220; transparent_background=&#8220;off&#8220; padding_mobile=&#8220;off&#8220; global_colors_info=&#8220;{}&#8220;][et_pb_fullwidth_header title=&#8220;Mit Copy Files With Dates das Erstelldatum der Dateien und Ordner \u00fcbernehmen.&#8220; admin_label=&#8220;Fullwidth Header&#8220; _builder_version=&#8220;4.16&#8243; background_color=&#8220;rgba(255, 255, 255, 0)&#8220; max_width_tablet=&#8220;50px&#8220; global_colors_info=&#8220;{}&#8220; button_one_text_size__hover_enabled=&#8220;off&#8220; button_two_text_size__hover_enabled=&#8220;off&#8220; button_one_text_color__hover_enabled=&#8220;off&#8220; button_two_text_color__hover_enabled=&#8220;off&#8220; button_one_border_width__hover_enabled=&#8220;off&#8220; button_two_border_width__hover_enabled=&#8220;off&#8220; button_one_border_color__hover_enabled=&#8220;off&#8220; button_two_border_color__hover_enabled=&#8220;off&#8220; button_one_border_radius__hover_enabled=&#8220;off&#8220; button_two_border_radius__hover_enabled=&#8220;off&#8220; button_one_letter_spacing__hover_enabled=&#8220;off&#8220; button_two_letter_spacing__hover_enabled=&#8220;off&#8220; button_one_bg_color__hover_enabled=&#8220;off&#8220; button_two_bg_color__hover_enabled=&#8220;off&#8220;][\/et_pb_fullwidth_header][\/et_pb_section][et_pb_section fb_built=&#8220;1&#8243; specialty=&#8220;on&#8220; custom_padding_last_edited=&#8220;on|desktop&#8220; _builder_version=&#8220;4.16&#8243; custom_padding=&#8220;50px||50px|&#8220; custom_padding_tablet=&#8220;50px|0|50px|0&#8243; custom_padding_phone=&#8220;&#8220; transparent_background=&#8220;off&#8220; padding_mobile=&#8220;off&#8220; global_colors_info=&#8220;{}&#8220;][et_pb_column type=&#8220;3_4&#8243; specialty_columns=&#8220;3&#8243; _builder_version=&#8220;4.16&#8243; custom_padding=&#8220;|||&#8220; global_colors_info=&#8220;{}&#8220; custom_padding__hover=&#8220;|||&#8220;][et_pb_row_inner _builder_version=&#8220;4.16&#8243; global_colors_info=&#8220;{}&#8220;][et_pb_column_inner saved_specialty_column_type=&#8220;3_4&#8243; _builder_version=&#8220;4.16&#8243; custom_padding=&#8220;|||&#8220; global_colors_info=&#8220;{}&#8220; custom_padding__hover=&#8220;|||&#8220;][et_pb_text _builder_version=&#8220;4.23.1&#8243; module_alignment=&#8220;left&#8220; use_border_color=&#8220;off&#8220; global_colors_info=&#8220;{}&#8220;]<\/p>\n<h2><span style=\"color: #000080; font-size: 18pt;\"><strong>Beim Kopieren nie mehr das Erstellungsdatum von Dateien und Verzeichnissen verlieren.<br \/><\/strong><\/span><\/h2>\n<p>&nbsp;<\/p>\n<p><span style=\"font-size: 14pt;\">Weitere Funktionen im \u00dcberblick:<\/span><\/p>\n<p><span style=\"font-size: 12pt;\">F\u00fcr das Windows Dateisystem und per MTP (Media Transfer Protocol) verbundene Quellen\/Ger\u00e4te wie Smartphones und Tablets (Android und iPhone).<\/span><\/p>\n<p><span style=\"font-size: 12pt;\">Copy Files With Dates <\/span><span style=\"font-size: 12pt;\">\u00fcbertr\u00e4gt <\/span><span style=\"font-size: 12pt;\">beim Kopieren der Dateien in Windows neben dem Erstellungsdatum auch das bestehende letzte \u00c4nderungsdatum und das Datum des letzten Zugriffs (sofern von Windows aktualisiert), sowie die urspr\u00fcnglichen Dateiattribute wie &#8222;Schreibgesch\u00fctzt&#8220;, &#8222;Versteckt&#8220;, &#8222;System&#8220;, &#8222;Archiv&#8220;, &#8222;Index&#8220; etc.<\/span><\/p>\n<p><span style=\"font-size: 12pt;\">F\u00fcr die kopierten Unterverzeichnisse in Windows werden zudem ebenfalls das urspr\u00fcnliche Erstelldatum und das urspr\u00fcngliche \u00c4nderungsdatum, wie auch alle vorhandenen Verzeichnis-Attribute auf die neuen Verzeichnisse \u00fcbertragen.<\/span><\/p>\n<p><span style=\"font-size: 12pt;\">F\u00fcr bereits auf dem Zieldatentr\u00e4ger bestehende Dateien kann gew\u00e4hlt werden, ob diese \u00fcberschrieben werden sollen oder nicht.<\/span><\/p>\n<p><span style=\"font-size: 12pt;\">Ebenfalls kann bestimmt werden, ob Unterverzeichnisse mit kopiert werden sollen, oder nur Dateien aus dem ausgew\u00e4hlten Verzeichnis.<\/span><\/p>\n<p><span style=\"font-size: 12pt;\">Dateien und Verzeichnisse nach Textkriterien filtern (einschliessen, ausschliessen, Wildcard-Platzhalter).<\/span><\/p>\n<p><span style=\"font-size: 12pt;\">Dateien nach dem Kopiervorgang durch nochmaliges Lesen und Vergleichen auf Gleichheit \u00fcberpr\u00fcfen.<\/span><\/p>\n<p><span style=\"font-size: 12pt;\">Das Programm f\u00fchrt vor dem Kopieren eine Berechnung der Gr\u00f6sse der zu kopierenden Dateien durch, und informiert anschliessend laufend \u00fcber den genauen Stand des Kopiervorganges.<\/span><\/p>\n<p><span style=\"font-size: 12pt;\">Drag &amp; Drop f\u00fcr Quell- und Ziel-Verzeichnisse, indem ein Verzeichnis oder eine entsprechende Datei vom Windows-Explorer auf den entsprechenden Verzeichnisbaum (Quellverzeichnis \/ Zielverzeichnis) gezogen wird. Dasselbe gilt auch f\u00fcr zuvor gespeicherte Konfigurationsdateien, die auf das \u00fcbrige Programmfenster gezogen werden.<\/span><\/p>\n<p><span style=\"font-size: 12pt;\">Einstellungen in Konfigurationsdateien speichern und erneut laden.<\/span><\/p>\n<p><span style=\"font-size: 12pt;\">Jeder Kopiervorgang wird in einer Log-Datei dokumentiert.<\/span><\/p>\n<p><span style=\"font-size: 12pt;\">Kopiervorgang testen, ohne Dateien wirklich zu kopieren.<\/span><\/p>\n<p><span style=\"font-size: 12pt;\">Nach dem Kopieren k\u00f6nnen folgende Aktionen automatisch ausgef\u00fchrt werden:\u00a0 Sperren,\u00a0 Abmelden,\u00a0 Energie sparen,\u00a0 Herunterfahren.<\/span><\/p>\n<p><span style=\"font-size: 12pt;\">Das Programm ist UNICODE-kompatibel und kann Dateinamen mit Zeichen aller Sprachen kopieren.<\/span><\/p>\n<p><span style=\"font-size: 12pt;\">F\u00fcr spezielle Windows-Dateien gilt zudem:<\/span><\/p>\n<p><span style=\"font-size: 12pt;\">Verschl\u00fcsselte Dateien werden beim Kopieren auf den Zieldatentr\u00e4ger wiederum verschl\u00fcsselt, wenn dieser die Verschl\u00fcsselung unterst\u00fctzt, andernfalls ohne Verschl\u00fcsselung.<\/span><\/p>\n<p><span style=\"font-size: 12pt;\">Symbolische Links (SymLinks) auf Dateien und Verzeichnisse werden als Symbolische Links kopiert, nicht die dadurch verlinkten Dateien selber.<\/span><\/p>\n<p><span style=\"font-size: 12pt;\">Das Programm kopiert auch vom System versteckt angelegte Hilfsdateien wie &#8222;Desktop.ini&#8220; und &#8222;Thumbs.db&#8220;.<\/span><\/p>\n<p>[\/et_pb_text][et_pb_text _builder_version=&#8220;4.16&#8243; global_colors_info=&#8220;{}&#8220;]<\/p>\n<p><span style=\"font-size: 12pt;\">Detailierte Angaben zu allen Funktionen finden Sie auch in der <strong><a href=\"..\/..\/public\/CopyFilesWithDatesDE.pdf\" target=\"_blank\" rel=\"noopener noreferrer\">Programm-Anleitung<\/a><\/strong> (PDF).<\/span><\/p>\n<p>&nbsp;<\/p>\n<p><em><span style=\"font-size: 12pt;\"><span style=\"font-size: 14pt;\">&#x2665;<\/span> Haben Sie die Dateien schon kopiert und dabei das Erstellungsdatum bereits verloren? Dann k\u00f6nnen Sie mit dem verwandten Produkt <a href=\"https:\/\/www.infonautics-software.ch\/dateidatumkorrigieren\/\" target=\"_blank\" rel=\"noopener noreferrer\"><strong>File Date Corrector<\/strong><\/a> das Erstell- und \u00c4nderungsdatum f\u00fcr die meisten Dateien nachtr\u00e4glich wieder herstellen. <span style=\"font-size: 14pt;\">&#x2665;<\/span><br \/><\/span><\/em><\/p>\n<p>[\/et_pb_text][et_pb_text _builder_version=&#8220;4.23.1&#8243; module_alignment=&#8220;left&#8220; hover_enabled=&#8220;0&#8243; global_colors_info=&#8220;{}&#8220; sticky_enabled=&#8220;0&#8243;]<\/p>\n<h3>\u00a0<\/h3>\n<h3><span style=\"color: #000080;\"><strong>Systemvoraussetzungen <\/strong><\/span><\/h3>\n<p>&nbsp;<\/p>\n<ul style=\"list-style-type: disc;\">\n<li>Betriebssystem Windows\u2122 7 \/ 8 \/ 10 \/ 11\u00a0 (32 Bit und 64 Bit)<br \/>(Windows 7 ab Service Pack 1 mit .NET Framework 4.5)<\/li>\n<li>Ca. 5 MB freier Speicherplatz auf der Festplatte<\/li>\n<\/ul>\n<p>[\/et_pb_text][\/et_pb_column_inner][\/et_pb_row_inner][\/et_pb_column][et_pb_column type=&#8220;1_4&#8243; _builder_version=&#8220;4.16&#8243; custom_padding=&#8220;|||&#8220; global_colors_info=&#8220;{}&#8220; custom_padding__hover=&#8220;|||&#8220;][et_pb_sidebar orientation=&#8220;right&#8220; area=&#8220;sidebar-1&#8243; admin_label=&#8220;Sidebar&#8220; _builder_version=&#8220;4.16&#8243; header_text_color=&#8220;#000080&#8243; remove_border=&#8220;off&#8220; global_colors_info=&#8220;{}&#8220;][\/et_pb_sidebar][\/et_pb_column][\/et_pb_section]<\/p>\n","protected":false},"excerpt":{"rendered":"<p>Beim Kopieren nie mehr das Erstellungsdatum von Dateien und Verzeichnissen verlieren. &nbsp; Weitere Funktionen im \u00dcberblick: F\u00fcr das Windows Dateisystem und per MTP (Media Transfer Protocol) verbundene Quellen\/Ger\u00e4te wie Smartphones und Tablets (Android und iPhone). Copy Files With Dates \u00fcbertr\u00e4gt beim Kopieren der Dateien in Windows neben dem Erstellungsdatum auch das bestehende letzte \u00c4nderungsdatum und [&hellip;]<\/p>\n","protected":false},"author":1,"featured_media":0,"parent":0,"menu_order":0,"comment_status":"open","ping_status":"open","template":"","meta":{"_et_pb_use_builder":"on","_et_pb_old_content":"<p>[et_pb_section][et_pb_row][\/et_pb_row][\/et_pb_section]<\/p>","_et_gb_content_width":"","jetpack_post_was_ever_published":false,"footnotes":""},"class_list":["post-125","page","type-page","status-publish","hentry"],"yoast_head":"<!-- This site is optimized with the Yoast SEO plugin v25.0 - https:\/\/yoast.com\/wordpress\/plugins\/seo\/ -->\n<title>Dateien kopieren und Erstelldatum \u00fcbertragen<\/title>\n<meta name=\"description\" content=\"Dateien kopieren und dabei das originale Erstellungsdatum, \u00c4nderungsdatum und die originalen Attribute der Dateien und Verzeichnisse beibehalten\" \/>\n<meta name=\"robots\" content=\"index, follow, max-snippet:-1, max-image-preview:large, max-video-preview:-1\" \/>\n<link rel=\"canonical\" href=\"https:\/\/www.infonautics-software.ch\/dateien-kopieren-mit-datum\/funktionen\/\" \/>\n<meta property=\"og:locale\" content=\"de_DE\" \/>\n<meta property=\"og:type\" content=\"article\" \/>\n<meta property=\"og:title\" content=\"Dateien kopieren und Erstelldatum \u00fcbertragen\" \/>\n<meta property=\"og:description\" content=\"Dateien kopieren und dabei das originale Erstellungsdatum, \u00c4nderungsdatum und die originalen Attribute der Dateien und Verzeichnisse beibehalten\" \/>\n<meta property=\"og:url\" content=\"https:\/\/www.infonautics-software.ch\/dateien-kopieren-mit-datum\/funktionen\/\" \/>\n<meta property=\"og:site_name\" content=\"Copy Files With Dates DE\" \/>\n<meta property=\"article:modified_time\" content=\"2025-09-29T10:55:14+00:00\" \/>\n<meta name=\"twitter:card\" content=\"summary_large_image\" \/>\n<meta name=\"twitter:site\" content=\"@InfonauticsGmbH\" \/>\n<meta name=\"twitter:label1\" content=\"Gesch\u00e4tzte Lesezeit\" \/>\n\t<meta name=\"twitter:data1\" content=\"5\u00a0Minuten\" \/>\n<script type=\"application\/ld+json\" class=\"yoast-schema-graph\">{\"@context\":\"https:\/\/schema.org\",\"@graph\":[{\"@type\":\"WebPage\",\"@id\":\"https:\/\/www.infonautics-software.ch\/dateien-kopieren-mit-datum\/funktionen\/\",\"url\":\"https:\/\/www.infonautics-software.ch\/dateien-kopieren-mit-datum\/funktionen\/\",\"name\":\"Dateien kopieren und Erstelldatum \u00fcbertragen\",\"isPartOf\":{\"@id\":\"https:\/\/www.infonautics-software.ch\/dateien-kopieren-mit-datum\/#website\"},\"datePublished\":\"2025-09-29T08:00:10+00:00\",\"dateModified\":\"2025-09-29T10:55:14+00:00\",\"description\":\"Dateien kopieren und dabei das originale Erstellungsdatum, \u00c4nderungsdatum und die originalen Attribute der Dateien und Verzeichnisse beibehalten\",\"breadcrumb\":{\"@id\":\"https:\/\/www.infonautics-software.ch\/dateien-kopieren-mit-datum\/funktionen\/#breadcrumb\"},\"inLanguage\":\"de\",\"potentialAction\":[{\"@type\":\"ReadAction\",\"target\":[\"https:\/\/www.infonautics-software.ch\/dateien-kopieren-mit-datum\/funktionen\/\"]}]},{\"@type\":\"BreadcrumbList\",\"@id\":\"https:\/\/www.infonautics-software.ch\/dateien-kopieren-mit-datum\/funktionen\/#breadcrumb\",\"itemListElement\":[{\"@type\":\"ListItem\",\"position\":1,\"name\":\"Startseite\",\"item\":\"https:\/\/www.infonautics-software.ch\/dateien-kopieren-mit-datum\/\"},{\"@type\":\"ListItem\",\"position\":2,\"name\":\"FUNKTIONEN\"}]},{\"@type\":\"WebSite\",\"@id\":\"https:\/\/www.infonautics-software.ch\/dateien-kopieren-mit-datum\/#website\",\"url\":\"https:\/\/www.infonautics-software.ch\/dateien-kopieren-mit-datum\/\",\"name\":\"Copy Files With Dates DE\",\"description\":\"Dateien kopieren und dabei Erstelldatum, \u00c4nderungsdatum und Dateiattribute beibehalten\",\"potentialAction\":[{\"@type\":\"SearchAction\",\"target\":{\"@type\":\"EntryPoint\",\"urlTemplate\":\"https:\/\/www.infonautics-software.ch\/dateien-kopieren-mit-datum\/?s={search_term_string}\"},\"query-input\":{\"@type\":\"PropertyValueSpecification\",\"valueRequired\":true,\"valueName\":\"search_term_string\"}}],\"inLanguage\":\"de\"}]}<\/script>\n<!-- \/ Yoast SEO plugin. -->","yoast_head_json":{"title":"Dateien kopieren und Erstelldatum \u00fcbertragen","description":"Dateien kopieren und dabei das originale Erstellungsdatum, \u00c4nderungsdatum und die originalen Attribute der Dateien und Verzeichnisse beibehalten","robots":{"index":"index","follow":"follow","max-snippet":"max-snippet:-1","max-image-preview":"max-image-preview:large","max-video-preview":"max-video-preview:-1"},"canonical":"https:\/\/www.infonautics-software.ch\/dateien-kopieren-mit-datum\/funktionen\/","og_locale":"de_DE","og_type":"article","og_title":"Dateien kopieren und Erstelldatum \u00fcbertragen","og_description":"Dateien kopieren und dabei das originale Erstellungsdatum, \u00c4nderungsdatum und die originalen Attribute der Dateien und Verzeichnisse beibehalten","og_url":"https:\/\/www.infonautics-software.ch\/dateien-kopieren-mit-datum\/funktionen\/","og_site_name":"Copy Files With Dates DE","article_modified_time":"2025-09-29T10:55:14+00:00","twitter_card":"summary_large_image","twitter_site":"@InfonauticsGmbH","twitter_misc":{"Gesch\u00e4tzte Lesezeit":"5\u00a0Minuten"},"schema":{"@context":"https:\/\/schema.org","@graph":[{"@type":"WebPage","@id":"https:\/\/www.infonautics-software.ch\/dateien-kopieren-mit-datum\/funktionen\/","url":"https:\/\/www.infonautics-software.ch\/dateien-kopieren-mit-datum\/funktionen\/","name":"Dateien kopieren und Erstelldatum \u00fcbertragen","isPartOf":{"@id":"https:\/\/www.infonautics-software.ch\/dateien-kopieren-mit-datum\/#website"},"datePublished":"2025-09-29T08:00:10+00:00","dateModified":"2025-09-29T10:55:14+00:00","description":"Dateien kopieren und dabei das originale Erstellungsdatum, \u00c4nderungsdatum und die originalen Attribute der Dateien und Verzeichnisse beibehalten","breadcrumb":{"@id":"https:\/\/www.infonautics-software.ch\/dateien-kopieren-mit-datum\/funktionen\/#breadcrumb"},"inLanguage":"de","potentialAction":[{"@type":"ReadAction","target":["https:\/\/www.infonautics-software.ch\/dateien-kopieren-mit-datum\/funktionen\/"]}]},{"@type":"BreadcrumbList","@id":"https:\/\/www.infonautics-software.ch\/dateien-kopieren-mit-datum\/funktionen\/#breadcrumb","itemListElement":[{"@type":"ListItem","position":1,"name":"Startseite","item":"https:\/\/www.infonautics-software.ch\/dateien-kopieren-mit-datum\/"},{"@type":"ListItem","position":2,"name":"FUNKTIONEN"}]},{"@type":"WebSite","@id":"https:\/\/www.infonautics-software.ch\/dateien-kopieren-mit-datum\/#website","url":"https:\/\/www.infonautics-software.ch\/dateien-kopieren-mit-datum\/","name":"Copy Files With Dates DE","description":"Dateien kopieren und dabei Erstelldatum, \u00c4nderungsdatum und Dateiattribute beibehalten","potentialAction":[{"@type":"SearchAction","target":{"@type":"EntryPoint","urlTemplate":"https:\/\/www.infonautics-software.ch\/dateien-kopieren-mit-datum\/?s={search_term_string}"},"query-input":{"@type":"PropertyValueSpecification","valueRequired":true,"valueName":"search_term_string"}}],"inLanguage":"de"}]}},"jetpack_shortlink":"https:\/\/wp.me\/P9WzIO-21","jetpack_sharing_enabled":true,"_links":{"self":[{"href":"https:\/\/www.infonautics-software.ch\/dateien-kopieren-mit-datum\/wp-json\/wp\/v2\/pages\/125","targetHints":{"allow":["GET"]}}],"collection":[{"href":"https:\/\/www.infonautics-software.ch\/dateien-kopieren-mit-datum\/wp-json\/wp\/v2\/pages"}],"about":[{"href":"https:\/\/www.infonautics-software.ch\/dateien-kopieren-mit-datum\/wp-json\/wp\/v2\/types\/page"}],"author":[{"embeddable":true,"href":"https:\/\/www.infonautics-software.ch\/dateien-kopieren-mit-datum\/wp-json\/wp\/v2\/users\/1"}],"replies":[{"embeddable":true,"href":"https:\/\/www.infonautics-software.ch\/dateien-kopieren-mit-datum\/wp-json\/wp\/v2\/comments?post=125"}],"version-history":[{"count":9,"href":"https:\/\/www.infonautics-software.ch\/dateien-kopieren-mit-datum\/wp-json\/wp\/v2\/pages\/125\/revisions"}],"predecessor-version":[{"id":1348,"href":"https:\/\/www.infonautics-software.ch\/dateien-kopieren-mit-datum\/wp-json\/wp\/v2\/pages\/125\/revisions\/1348"}],"wp:attachment":[{"href":"https:\/\/www.infonautics-software.ch\/dateien-kopieren-mit-datum\/wp-json\/wp\/v2\/media?parent=125"}],"curies":[{"name":"wp","href":"https:\/\/api.w.org\/{rel}","templated":true}]}}