{"id":137,"date":"2017-05-08T11:45:10","date_gmt":"2017-05-08T09:45:10","guid":{"rendered":"http:\/\/www.infonautics-software.ch\/mymenuexplorerde\/?page_id=137"},"modified":"2017-05-08T19:24:26","modified_gmt":"2017-05-08T17:24:26","slug":"support","status":"publish","type":"page","link":"https:\/\/www.infonautics-software.ch\/entscheidungshilfe\/support\/","title":{"rendered":"SUPPORT"},"content":{"rendered":"<p>[et_pb_section admin_label=&#8220;section&#8220; fullwidth=&#8220;on&#8220; specialty=&#8220;off&#8220; transparent_background=&#8220;off&#8220; background_color=&#8220;#00458e&#8220; allow_player_pause=&#8220;off&#8220; inner_shadow=&#8220;off&#8220; parallax=&#8220;off&#8220; parallax_method=&#8220;off&#8220; custom_padding=&#8220;50px|&#8220; padding_mobile=&#8220;off&#8220; make_fullwidth=&#8220;off&#8220; use_custom_width=&#8220;off&#8220; width_unit=&#8220;on&#8220; make_equal=&#8220;off&#8220; use_custom_gutter=&#8220;off&#8220;][et_pb_fullwidth_header admin_label=&#8220;Fullwidth Header&#8220; title=&#8220;Support f\u00fcr Decision Making Helper&#8220; background_layout=&#8220;dark&#8220; text_orientation=&#8220;left&#8220; header_fullscreen=&#8220;off&#8220; header_scroll_down=&#8220;off&#8220; parallax=&#8220;off&#8220; parallax_method=&#8220;off&#8220; content_orientation=&#8220;center&#8220; image_orientation=&#8220;center&#8220; custom_button_one=&#8220;off&#8220; button_one_letter_spacing=&#8220;0&#8243; button_one_use_icon=&#8220;default&#8220; button_one_icon_placement=&#8220;right&#8220; button_one_on_hover=&#8220;on&#8220; button_one_letter_spacing_hover=&#8220;0&#8243; custom_button_two=&#8220;off&#8220; button_two_letter_spacing=&#8220;0&#8243; button_two_use_icon=&#8220;default&#8220; button_two_icon_placement=&#8220;right&#8220; button_two_on_hover=&#8220;on&#8220; button_two_letter_spacing_hover=&#8220;0&#8243; button_one_text_size=&#8220;20&#8243; button_one_border_width=&#8220;2&#8243; button_one_border_radius=&#8220;3&#8243; button_one_border_radius_hover=&#8220;3&#8243; button_two_text_size=&#8220;20&#8243; button_two_border_width=&#8220;2&#8243; button_two_border_radius=&#8220;3&#8243; button_two_border_radius_hover=&#8220;3&#8243;] [\/et_pb_fullwidth_header][\/et_pb_section][et_pb_section admin_label=&#8220;Sektion&#8220; fullwidth=&#8220;off&#8220; specialty=&#8220;on&#8220;][et_pb_column type=&#8220;3_4&#8243; specialty_columns=&#8220;3&#8243;][et_pb_row_inner admin_label=&#8220;Zeile&#8220;][et_pb_column_inner type=&#8220;4_4&#8243; saved_specialty_column_type=&#8220;3_4&#8243;][et_pb_text admin_label=&#8220;Text&#8220; background_layout=&#8220;light&#8220; text_orientation=&#8220;left&#8220; use_border_color=&#8220;off&#8220; border_color=&#8220;#ffffff&#8220; border_style=&#8220;solid&#8220; text_font_size=&#8220;16&#8243;]<\/p>\n<h1><span style=\"color: #000080;\"><strong>Kostenloser\u00a0Support f\u00fcr Decision Making Helper<\/strong><\/span><\/h1>\n<p>&nbsp;<\/p>\n<p>Das Entscheidungstool\u00a0Decision Making Helper f\u00fcr Windows unterst\u00fctzt den Entscheidungsprozess und erm\u00f6glicht sicher und strukturiert Entscheidungen zu treffen. Die richtige Entscheidung zu finden wird somit zum Kinderspiel ohne die Ernsthaftigkeit aus den Augen zu verlieren. Die einmal getroffenen Entscheidungen sind einsichtig und nachvollziehbar und k\u00f6nnen selbstbewusst Dritten gegen\u00fcber vertreten werden.<\/p>\n<p>Eine kurze Anleitung zu den Funktionen von\u00a0Decision Making Helper\u00a0bietet Ihnen unser <strong>Video <a href=\"https:\/\/www.infonautics-software.ch\/entscheidungshilfe\/funktionen\/#Video\">&#8222;Entscheidungshilfe \u00a0&#8218;Decision Making Helper&#8216; Demo&#8220;<\/a>.<\/strong><\/p>\n<p>&nbsp;<\/p>\n<h3><span style=\"color: #000080;\"><strong>FAQ<\/strong><\/span><\/h3>\n<p>Die h\u00e4ufig gestellten Fragen zum Entscheidungstool Decision Making Helper beantworten wir in Deutsch unter: <strong><a href=\"https:\/\/www.infonautics-software.ch\/entscheidungshilfe\/faq\">https:\/\/www.infonautics-software.ch\/entscheidungshilfe\/faq<\/a><\/strong><\/p>\n<p>&nbsp;<\/p>\n<h3><span style=\"color: #000080;\"><strong>Support<\/strong><\/span><\/h3>\n<p>Die aktuellsten \u00c4nderungen und Erweiterungen finden Sie jeweils in unserem <strong><a href=\"https:\/\/www.infonautics-software.ch\/entscheidungshilfe\/aenderungen\/\">Change-Log<\/a><\/strong>. Haben Sie weitere Fragen zu Decision Making Helper?\u00a0F\u00fcr das Entscheidungstool Decision Making Helper\u00a0bieten wir Ihnen <strong>kostenlosen Support via E-Mail<\/strong>\u00a0in den Sprachen Deutsch und Englisch an. Bitte kontaktieren Sie uns bei m\u00f6glichen Fragen zur Software unter <a href=\"mailto:decisionmakinghelper@infonautics.ch\">decisionmakinghelper@infonautics.ch<\/a>\u00a0und wir werden Ihnen diese innert 48 Stunden\u00a0beantworten. Das Softwareunternehmen\u00a0<a href=\"https:\/\/www.infonautics.ch\/\" target=\"_blank\" rel=\"noopener noreferrer\">INFONAUTICSS\u00a0GmbH<\/a>\u00a0hat seinen Sitz in der Schweiz. Bitte beachten Sie m\u00f6gliche Zeitunterschiede.<\/p>\n<p>&nbsp;<\/p>\n<h3><span style=\"color: #000080;\"><strong>Wunschliste \/ Anregungen<\/strong><\/span><\/h3>\n<p>Schreiben Sie uns auch an <a href=\"mailto:decisionmakinghelper@infonautics.ch\">decisionmakinghelper@infonautics.ch<\/a>, wenn Sie Anregungen f\u00fcr weitere Updates haben oder Sie uns ganz einfach Kritik oder Probleme mitteilen m\u00f6chten. Wir freuen uns von Ihnen zu h\u00f6ren.<\/p>\n<p>&nbsp;<\/p>\n<h3><span style=\"color: #000080;\"><strong>Download<\/strong><\/span><\/h3>\n<p>Testen Sie jetzt das Entscheidungstool Decision Making Helper kostenlos. Der <strong><a href=\"https:\/\/www.infonautics-software.ch\/entscheidungshilfe\/download\/\">Download von Decision Making Helper\u00a0<\/a><\/strong>ist in den Sprachen Deutsch, Englisch und Franz\u00f6sisch vorhanden.<\/p>\n<p>[\/et_pb_text][\/et_pb_column_inner][\/et_pb_row_inner][\/et_pb_column][et_pb_column type=&#8220;1_4&#8243;][et_pb_sidebar admin_label=&#8220;Sidebar&#8220; orientation=&#8220;right&#8220; area=&#8220;sidebar-1&#8243; background_layout=&#8220;light&#8220; remove_border=&#8220;off&#8220; header_text_color=&#8220;#000080&#8243; header_font_size=&#8220;20&#8243;] [\/et_pb_sidebar][\/et_pb_column][\/et_pb_section]<\/p>\n","protected":false},"excerpt":{"rendered":"<p>Kostenloser\u00a0Support f\u00fcr Decision Making Helper &nbsp; Das Entscheidungstool\u00a0Decision Making Helper f\u00fcr Windows unterst\u00fctzt den Entscheidungsprozess und erm\u00f6glicht sicher und strukturiert Entscheidungen zu treffen. Die richtige Entscheidung zu finden wird somit zum Kinderspiel ohne die Ernsthaftigkeit aus den Augen zu verlieren. Die einmal getroffenen Entscheidungen sind einsichtig und nachvollziehbar und k\u00f6nnen selbstbewusst Dritten gegen\u00fcber vertreten werden. [&hellip;]<\/p>\n","protected":false},"author":1,"featured_media":0,"parent":0,"menu_order":0,"comment_status":"open","ping_status":"open","template":"","meta":{"_et_pb_use_builder":"on","_et_pb_old_content":"","_et_gb_content_width":"","jetpack_post_was_ever_published":false,"footnotes":""},"class_list":["post-137","page","type-page","status-publish","hentry"],"yoast_head":"<!-- This site is optimized with the Yoast SEO plugin v25.0 - https:\/\/yoast.com\/wordpress\/plugins\/seo\/ -->\n<title>Entscheidungstool Decision Making Helper<\/title>\n<meta name=\"description\" content=\"Mit dem Entscheidungstool Decision Making Helper f\u00fcr Windows treffen Sie sicher, strukturiert und nachvollziehbar die richtige Entscheidung.\u00a0\" \/>\n<meta name=\"robots\" content=\"index, follow, max-snippet:-1, max-image-preview:large, max-video-preview:-1\" \/>\n<link rel=\"canonical\" href=\"https:\/\/www.infonautics-software.ch\/entscheidungshilfe\/support\/\" \/>\n<meta property=\"og:locale\" content=\"de_DE\" \/>\n<meta property=\"og:type\" content=\"article\" \/>\n<meta property=\"og:title\" content=\"Entscheidungstool Decision Making Helper\" \/>\n<meta property=\"og:description\" content=\"Mit dem Entscheidungstool Decision Making Helper f\u00fcr Windows treffen Sie sicher, strukturiert und nachvollziehbar die richtige Entscheidung.\u00a0\" \/>\n<meta property=\"og:url\" content=\"https:\/\/www.infonautics-software.ch\/entscheidungshilfe\/support\/\" \/>\n<meta property=\"og:site_name\" content=\"Decision Making Helper DE\" \/>\n<meta property=\"article:modified_time\" content=\"2017-05-08T17:24:26+00:00\" \/>\n<meta name=\"twitter:card\" content=\"summary_large_image\" \/>\n<meta name=\"twitter:site\" content=\"@InfonauticsGmbH\" \/>\n<meta name=\"twitter:label1\" content=\"Gesch\u00e4tzte Lesezeit\" \/>\n\t<meta name=\"twitter:data1\" content=\"3\u00a0Minuten\" \/>\n<script type=\"application\/ld+json\" class=\"yoast-schema-graph\">{\"@context\":\"https:\/\/schema.org\",\"@graph\":[{\"@type\":\"WebPage\",\"@id\":\"https:\/\/www.infonautics-software.ch\/entscheidungshilfe\/support\/\",\"url\":\"https:\/\/www.infonautics-software.ch\/entscheidungshilfe\/support\/\",\"name\":\"Entscheidungstool Decision Making Helper\",\"isPartOf\":{\"@id\":\"https:\/\/www.infonautics-software.ch\/entscheidungshilfe\/#website\"},\"datePublished\":\"2017-05-08T09:45:10+00:00\",\"dateModified\":\"2017-05-08T17:24:26+00:00\",\"description\":\"Mit dem Entscheidungstool Decision Making Helper f\u00fcr Windows treffen Sie sicher, strukturiert und nachvollziehbar die richtige Entscheidung.\u00a0\",\"breadcrumb\":{\"@id\":\"https:\/\/www.infonautics-software.ch\/entscheidungshilfe\/support\/#breadcrumb\"},\"inLanguage\":\"de\",\"potentialAction\":[{\"@type\":\"ReadAction\",\"target\":[\"https:\/\/www.infonautics-software.ch\/entscheidungshilfe\/support\/\"]}]},{\"@type\":\"BreadcrumbList\",\"@id\":\"https:\/\/www.infonautics-software.ch\/entscheidungshilfe\/support\/#breadcrumb\",\"itemListElement\":[{\"@type\":\"ListItem\",\"position\":1,\"name\":\"Startseite\",\"item\":\"https:\/\/www.infonautics-software.ch\/entscheidungshilfe\/\"},{\"@type\":\"ListItem\",\"position\":2,\"name\":\"SUPPORT\"}]},{\"@type\":\"WebSite\",\"@id\":\"https:\/\/www.infonautics-software.ch\/entscheidungshilfe\/#website\",\"url\":\"https:\/\/www.infonautics-software.ch\/entscheidungshilfe\/\",\"name\":\"Decision Making Helper DE\",\"description\":\"Entscheidungshilfe\",\"potentialAction\":[{\"@type\":\"SearchAction\",\"target\":{\"@type\":\"EntryPoint\",\"urlTemplate\":\"https:\/\/www.infonautics-software.ch\/entscheidungshilfe\/?s={search_term_string}\"},\"query-input\":{\"@type\":\"PropertyValueSpecification\",\"valueRequired\":true,\"valueName\":\"search_term_string\"}}],\"inLanguage\":\"de\"}]}<\/script>\n<!-- \/ Yoast SEO plugin. -->","yoast_head_json":{"title":"Entscheidungstool Decision Making Helper","description":"Mit dem Entscheidungstool Decision Making Helper f\u00fcr Windows treffen Sie sicher, strukturiert und nachvollziehbar die richtige Entscheidung.\u00a0","robots":{"index":"index","follow":"follow","max-snippet":"max-snippet:-1","max-image-preview":"max-image-preview:large","max-video-preview":"max-video-preview:-1"},"canonical":"https:\/\/www.infonautics-software.ch\/entscheidungshilfe\/support\/","og_locale":"de_DE","og_type":"article","og_title":"Entscheidungstool Decision Making Helper","og_description":"Mit dem Entscheidungstool Decision Making Helper f\u00fcr Windows treffen Sie sicher, strukturiert und nachvollziehbar die richtige Entscheidung.\u00a0","og_url":"https:\/\/www.infonautics-software.ch\/entscheidungshilfe\/support\/","og_site_name":"Decision Making Helper DE","article_modified_time":"2017-05-08T17:24:26+00:00","twitter_card":"summary_large_image","twitter_site":"@InfonauticsGmbH","twitter_misc":{"Gesch\u00e4tzte Lesezeit":"3\u00a0Minuten"},"schema":{"@context":"https:\/\/schema.org","@graph":[{"@type":"WebPage","@id":"https:\/\/www.infonautics-software.ch\/entscheidungshilfe\/support\/","url":"https:\/\/www.infonautics-software.ch\/entscheidungshilfe\/support\/","name":"Entscheidungstool Decision Making Helper","isPartOf":{"@id":"https:\/\/www.infonautics-software.ch\/entscheidungshilfe\/#website"},"datePublished":"2017-05-08T09:45:10+00:00","dateModified":"2017-05-08T17:24:26+00:00","description":"Mit dem Entscheidungstool Decision Making Helper f\u00fcr Windows treffen Sie sicher, strukturiert und nachvollziehbar die richtige Entscheidung.\u00a0","breadcrumb":{"@id":"https:\/\/www.infonautics-software.ch\/entscheidungshilfe\/support\/#breadcrumb"},"inLanguage":"de","potentialAction":[{"@type":"ReadAction","target":["https:\/\/www.infonautics-software.ch\/entscheidungshilfe\/support\/"]}]},{"@type":"BreadcrumbList","@id":"https:\/\/www.infonautics-software.ch\/entscheidungshilfe\/support\/#breadcrumb","itemListElement":[{"@type":"ListItem","position":1,"name":"Startseite","item":"https:\/\/www.infonautics-software.ch\/entscheidungshilfe\/"},{"@type":"ListItem","position":2,"name":"SUPPORT"}]},{"@type":"WebSite","@id":"https:\/\/www.infonautics-software.ch\/entscheidungshilfe\/#website","url":"https:\/\/www.infonautics-software.ch\/entscheidungshilfe\/","name":"Decision Making Helper DE","description":"Entscheidungshilfe","potentialAction":[{"@type":"SearchAction","target":{"@type":"EntryPoint","urlTemplate":"https:\/\/www.infonautics-software.ch\/entscheidungshilfe\/?s={search_term_string}"},"query-input":{"@type":"PropertyValueSpecification","valueRequired":true,"valueName":"search_term_string"}}],"inLanguage":"de"}]}},"jetpack_shortlink":"https:\/\/wp.me\/P7fdXr-2d","jetpack_sharing_enabled":true,"_links":{"self":[{"href":"https:\/\/www.infonautics-software.ch\/entscheidungshilfe\/wp-json\/wp\/v2\/pages\/137","targetHints":{"allow":["GET"]}}],"collection":[{"href":"https:\/\/www.infonautics-software.ch\/entscheidungshilfe\/wp-json\/wp\/v2\/pages"}],"about":[{"href":"https:\/\/www.infonautics-software.ch\/entscheidungshilfe\/wp-json\/wp\/v2\/types\/page"}],"author":[{"embeddable":true,"href":"https:\/\/www.infonautics-software.ch\/entscheidungshilfe\/wp-json\/wp\/v2\/users\/1"}],"replies":[{"embeddable":true,"href":"https:\/\/www.infonautics-software.ch\/entscheidungshilfe\/wp-json\/wp\/v2\/comments?post=137"}],"version-history":[{"count":10,"href":"https:\/\/www.infonautics-software.ch\/entscheidungshilfe\/wp-json\/wp\/v2\/pages\/137\/revisions"}],"predecessor-version":[{"id":1332,"href":"https:\/\/www.infonautics-software.ch\/entscheidungshilfe\/wp-json\/wp\/v2\/pages\/137\/revisions\/1332"}],"wp:attachment":[{"href":"https:\/\/www.infonautics-software.ch\/entscheidungshilfe\/wp-json\/wp\/v2\/media?parent=137"}],"curies":[{"name":"wp","href":"https:\/\/api.w.org\/{rel}","templated":true}]}}