{"id":729,"date":"2019-05-14T11:00:21","date_gmt":"2019-05-14T09:00:21","guid":{"rendered":"http:\/\/www.infonautics-software.ch\/livefilebackups\/?page_id=729"},"modified":"2019-05-14T14:36:59","modified_gmt":"2019-05-14T12:36:59","slug":"aenderungen","status":"publish","type":"page","link":"https:\/\/www.infonautics-software.ch\/entscheidungshilfe\/aenderungen\/","title":{"rendered":"\u00c4NDERUNGEN"},"content":{"rendered":"<p>[et_pb_section bb_built=&#8220;1&#8243; admin_label=&#8220;section&#8220; fullwidth=&#8220;on&#8220; specialty=&#8220;off&#8220; transparent_background=&#8220;off&#8220; background_color=&#8220;#00458e&#8220; allow_player_pause=&#8220;off&#8220; inner_shadow=&#8220;off&#8220; parallax=&#8220;off&#8220; parallax_method=&#8220;off&#8220; custom_padding=&#8220;50px|||&#8220; padding_mobile=&#8220;off&#8220; make_fullwidth=&#8220;off&#8220; use_custom_width=&#8220;off&#8220; width_unit=&#8220;on&#8220; make_equal=&#8220;off&#8220; use_custom_gutter=&#8220;off&#8220; custom_padding_tablet=&#8220;50px|0|50px|0&#8243; custom_padding_last_edited=&#8220;on|desktop&#8220; next_background_color=&#8220;#FFFFFF&#8220;][et_pb_fullwidth_header title=&#8220;Change-Log von Decision Making Helper&#8220; background_layout=&#8220;dark&#8220; text_orientation=&#8220;left&#8220; header_fullscreen=&#8220;off&#8220; header_scroll_down=&#8220;off&#8220; parallax=&#8220;off&#8220; parallax_method=&#8220;off&#8220; content_orientation=&#8220;center&#8220; image_orientation=&#8220;center&#8220; custom_button_one=&#8220;off&#8220; button_one_letter_spacing=&#8220;0&#8243; button_one_use_icon=&#8220;default&#8220; button_one_icon_placement=&#8220;right&#8220; button_one_on_hover=&#8220;on&#8220; button_one_letter_spacing_hover=&#8220;0&#8243; custom_button_two=&#8220;off&#8220; button_two_letter_spacing=&#8220;0&#8243; button_two_use_icon=&#8220;default&#8220; button_two_icon_placement=&#8220;right&#8220; button_two_on_hover=&#8220;on&#8220; button_two_letter_spacing_hover=&#8220;0&#8243; button_one_text_size=&#8220;20&#8243; button_one_border_width=&#8220;2&#8243; button_one_border_radius=&#8220;3&#8243; button_one_border_radius_hover=&#8220;3&#8243; button_two_text_size=&#8220;20&#8243; button_two_border_width=&#8220;2&#8243; button_two_border_radius=&#8220;3&#8243; button_two_border_radius_hover=&#8220;3&#8243; content_max_width=&#8220;100%&#8220; background_color=&#8220;rgba(255, 255, 255, 0)&#8220; \/][\/et_pb_section][et_pb_section bb_built=&#8220;1&#8243; fullwidth=&#8220;off&#8220; specialty=&#8220;on&#8220; prev_background_color=&#8220;#00458e&#8220;][et_pb_column type=&#8220;3_4&#8243; specialty_columns=&#8220;3&#8243;][et_pb_row_inner admin_label=&#8220;Zeile&#8220;][et_pb_column_inner type=&#8220;4_4&#8243; saved_specialty_column_type=&#8220;3_4&#8243;][et_pb_text _builder_version=&#8220;3.12&#8243; module_alignment=&#8220;left&#8220;]<\/p>\n<h2><span style=\"color: #333399;\"><strong>Aktuelle \u00c4nderungen\/Erweiterungen\u00a0<\/strong><\/span><\/h2>\n<p>&nbsp;<\/p>\n<p><span style=\"color: #000080;\"><strong>\u00c4nderungen in der aktuellen Version:<\/strong><\/span><\/p>\n<ul style=\"list-style-type: disc;\">\n<li>Fenster des RadarChart kann in der Gr\u00f6sse ver\u00e4ndert werden (f\u00fcr l\u00e4ngere Texte).<\/li>\n<li>RadarChart kann mit oder ohne farbigen Hintergrund dargestellt werden (bessere Lesbarkeit).<\/li>\n<\/ul>\n<p>&nbsp;<\/p>\n<p><span style=\"color: #000080;\"><strong>\u00c4nderungen in fr\u00fcheren Versionen (neuste zuoberst):<\/strong><\/span><\/p>\n<ul style=\"list-style-type: disc;\">\n<li>Moderneres, flaches Design der Benutzeroberfl\u00e4che.<\/li>\n<li>Farbe der Kopfzeilen kann angepasste werden.<\/li>\n<li>Einsatz des Mausrades verbessert: Geschwindigkeit, Funktion unter Windows 10.<\/li>\n<li>UNICODE kompatibel, z.B. f\u00fcr die Eingabe von Text in asiatischen Sprachen (ab Version 1.30).<\/li>\n<li>Spaltenbreite der Kriterien einstellbar (siehe Handbuch \/ Bedienungselemente).<\/li>\n<li>Etwas h\u00f6here Genauigkeit bei der Berechnung der Werte.<\/li>\n<li>Verbesserte Anzeige der einzelnen Bewertungen, damit der eingestellte Wert besser erkannt wird.<\/li>\n<li>Erweiterung der Optionen und Kriterien, um einzelne Spalten und Reihen zu verschieben.<\/li>\n<li>Erweiterung der Bewertungen, um vorhandene Kommentare sichtbar zu machen.<\/li>\n<li>Erweiterung der Ausgabetabelle, um die besten und schlechtesten Bewertungen hervorzuheben.<\/li>\n<li>Verbesserte Anzeige des Radar-Diagrammes, damit Hilfslinien weniger st\u00f6ren.<\/li>\n<li>Verbesserte Darstellung der Tabelle bei der Ausgabe.<\/li>\n<li>Verbesserte Unterst\u00fctzung des Mausrades.<\/li>\n<li>Verbesserte Darstellung der Legenden bei der Ausgabe einer Vielzahl von Kriterien.<\/li>\n<li>Windows 8 und 10 Kompatibilit\u00e4t.<\/li>\n<li>Franz\u00f6sische Version.<\/li>\n<li>Installationsprogramm verbessert.<\/li>\n<\/ul>\n<p>&nbsp;<\/p>\n<h3><span style=\"color: #000080;\"><strong>Weiterentwicklung \/ Anregungen<\/strong><\/span><\/h3>\n<p>Haben Sie Anregungen f\u00fcr zuk\u00fcnftige Updates von\u00a0Decision Making Helper? Kontaktieren Sie uns unter <a href=\"mailto:decisionmakinghelper@infonautics.ch\">decisionmakinghelper@infonautics.ch<\/a><strong>\u00a0<\/strong>und teilen Sie uns Ihre Erweiterungsw\u00fcnsche mit. Wir freuen uns von Ihnen zu h\u00f6ren.<\/p>\n<p>[\/et_pb_text][\/et_pb_column_inner][\/et_pb_row_inner][\/et_pb_column][et_pb_column type=&#8220;1_4&#8243;][et_pb_sidebar orientation=&#8220;right&#8220; area=&#8220;sidebar-1&#8243; background_layout=&#8220;light&#8220; remove_border=&#8220;off&#8220; header_font_size=&#8220;20&#8243; header_text_color=&#8220;#000080&#8243; show_border=&#8220;on&#8220; \/][\/et_pb_column][\/et_pb_section]<\/p>\n","protected":false},"excerpt":{"rendered":"<p>Aktuelle \u00c4nderungen\/Erweiterungen\u00a0 &nbsp; \u00c4nderungen in der aktuellen Version: Fenster des RadarChart kann in der Gr\u00f6sse ver\u00e4ndert werden (f\u00fcr l\u00e4ngere Texte). RadarChart kann mit oder ohne farbigen Hintergrund dargestellt werden (bessere Lesbarkeit). &nbsp; \u00c4nderungen in fr\u00fcheren Versionen (neuste zuoberst): Moderneres, flaches Design der Benutzeroberfl\u00e4che. Farbe der Kopfzeilen kann angepasste werden. Einsatz des Mausrades verbessert: Geschwindigkeit, Funktion [&hellip;]<\/p>\n","protected":false},"author":1,"featured_media":0,"parent":0,"menu_order":0,"comment_status":"closed","ping_status":"closed","template":"","meta":{"_et_pb_use_builder":"on","_et_pb_old_content":"","_et_gb_content_width":"","jetpack_post_was_ever_published":false,"footnotes":""},"class_list":["post-729","page","type-page","status-publish","hentry"],"yoast_head":"<!-- This site is optimized with the Yoast SEO plugin v25.0 - https:\/\/yoast.com\/wordpress\/plugins\/seo\/ -->\n<title>Change-Log \/ \u00c4nderungen von Decision Making Helper<\/title>\n<meta name=\"description\" content=\"In diesem Change-Log finden Sie die aktuellsten \u00c4nderungen und Erweiterungen zum Software-Tool Decision Making Helper.\" \/>\n<meta name=\"robots\" content=\"index, follow, max-snippet:-1, max-image-preview:large, max-video-preview:-1\" \/>\n<link rel=\"canonical\" href=\"https:\/\/www.infonautics-software.ch\/entscheidungshilfe\/aenderungen\/\" \/>\n<meta property=\"og:locale\" content=\"de_DE\" \/>\n<meta property=\"og:type\" content=\"article\" \/>\n<meta property=\"og:title\" content=\"Change-Log \/ \u00c4nderungen von Decision Making Helper\" \/>\n<meta property=\"og:description\" content=\"In diesem Change-Log finden Sie die aktuellsten \u00c4nderungen und Erweiterungen zum Software-Tool Decision Making Helper.\" \/>\n<meta property=\"og:url\" content=\"https:\/\/www.infonautics-software.ch\/entscheidungshilfe\/aenderungen\/\" \/>\n<meta property=\"og:site_name\" content=\"Decision Making Helper DE\" \/>\n<meta property=\"article:modified_time\" content=\"2019-05-14T12:36:59+00:00\" \/>\n<meta name=\"twitter:card\" content=\"summary_large_image\" \/>\n<meta name=\"twitter:site\" content=\"@InfonauticsGmbH\" \/>\n<meta name=\"twitter:label1\" content=\"Gesch\u00e4tzte Lesezeit\" \/>\n\t<meta name=\"twitter:data1\" content=\"3\u00a0Minuten\" \/>\n<script type=\"application\/ld+json\" class=\"yoast-schema-graph\">{\"@context\":\"https:\/\/schema.org\",\"@graph\":[{\"@type\":\"WebPage\",\"@id\":\"https:\/\/www.infonautics-software.ch\/entscheidungshilfe\/aenderungen\/\",\"url\":\"https:\/\/www.infonautics-software.ch\/entscheidungshilfe\/aenderungen\/\",\"name\":\"Change-Log \/ \u00c4nderungen von Decision Making Helper\",\"isPartOf\":{\"@id\":\"https:\/\/www.infonautics-software.ch\/entscheidungshilfe\/#website\"},\"datePublished\":\"2019-05-14T09:00:21+00:00\",\"dateModified\":\"2019-05-14T12:36:59+00:00\",\"description\":\"In diesem Change-Log finden Sie die aktuellsten \u00c4nderungen und Erweiterungen zum Software-Tool Decision Making Helper.\",\"breadcrumb\":{\"@id\":\"https:\/\/www.infonautics-software.ch\/entscheidungshilfe\/aenderungen\/#breadcrumb\"},\"inLanguage\":\"de\",\"potentialAction\":[{\"@type\":\"ReadAction\",\"target\":[\"https:\/\/www.infonautics-software.ch\/entscheidungshilfe\/aenderungen\/\"]}]},{\"@type\":\"BreadcrumbList\",\"@id\":\"https:\/\/www.infonautics-software.ch\/entscheidungshilfe\/aenderungen\/#breadcrumb\",\"itemListElement\":[{\"@type\":\"ListItem\",\"position\":1,\"name\":\"Startseite\",\"item\":\"https:\/\/www.infonautics-software.ch\/entscheidungshilfe\/\"},{\"@type\":\"ListItem\",\"position\":2,\"name\":\"\u00c4NDERUNGEN\"}]},{\"@type\":\"WebSite\",\"@id\":\"https:\/\/www.infonautics-software.ch\/entscheidungshilfe\/#website\",\"url\":\"https:\/\/www.infonautics-software.ch\/entscheidungshilfe\/\",\"name\":\"Decision Making Helper DE\",\"description\":\"Entscheidungshilfe\",\"potentialAction\":[{\"@type\":\"SearchAction\",\"target\":{\"@type\":\"EntryPoint\",\"urlTemplate\":\"https:\/\/www.infonautics-software.ch\/entscheidungshilfe\/?s={search_term_string}\"},\"query-input\":{\"@type\":\"PropertyValueSpecification\",\"valueRequired\":true,\"valueName\":\"search_term_string\"}}],\"inLanguage\":\"de\"}]}<\/script>\n<!-- \/ Yoast SEO plugin. -->","yoast_head_json":{"title":"Change-Log \/ \u00c4nderungen von Decision Making Helper","description":"In diesem Change-Log finden Sie die aktuellsten \u00c4nderungen und Erweiterungen zum Software-Tool Decision Making Helper.","robots":{"index":"index","follow":"follow","max-snippet":"max-snippet:-1","max-image-preview":"max-image-preview:large","max-video-preview":"max-video-preview:-1"},"canonical":"https:\/\/www.infonautics-software.ch\/entscheidungshilfe\/aenderungen\/","og_locale":"de_DE","og_type":"article","og_title":"Change-Log \/ \u00c4nderungen von Decision Making Helper","og_description":"In diesem Change-Log finden Sie die aktuellsten \u00c4nderungen und Erweiterungen zum Software-Tool Decision Making Helper.","og_url":"https:\/\/www.infonautics-software.ch\/entscheidungshilfe\/aenderungen\/","og_site_name":"Decision Making Helper DE","article_modified_time":"2019-05-14T12:36:59+00:00","twitter_card":"summary_large_image","twitter_site":"@InfonauticsGmbH","twitter_misc":{"Gesch\u00e4tzte Lesezeit":"3\u00a0Minuten"},"schema":{"@context":"https:\/\/schema.org","@graph":[{"@type":"WebPage","@id":"https:\/\/www.infonautics-software.ch\/entscheidungshilfe\/aenderungen\/","url":"https:\/\/www.infonautics-software.ch\/entscheidungshilfe\/aenderungen\/","name":"Change-Log \/ \u00c4nderungen von Decision Making Helper","isPartOf":{"@id":"https:\/\/www.infonautics-software.ch\/entscheidungshilfe\/#website"},"datePublished":"2019-05-14T09:00:21+00:00","dateModified":"2019-05-14T12:36:59+00:00","description":"In diesem Change-Log finden Sie die aktuellsten \u00c4nderungen und Erweiterungen zum Software-Tool Decision Making Helper.","breadcrumb":{"@id":"https:\/\/www.infonautics-software.ch\/entscheidungshilfe\/aenderungen\/#breadcrumb"},"inLanguage":"de","potentialAction":[{"@type":"ReadAction","target":["https:\/\/www.infonautics-software.ch\/entscheidungshilfe\/aenderungen\/"]}]},{"@type":"BreadcrumbList","@id":"https:\/\/www.infonautics-software.ch\/entscheidungshilfe\/aenderungen\/#breadcrumb","itemListElement":[{"@type":"ListItem","position":1,"name":"Startseite","item":"https:\/\/www.infonautics-software.ch\/entscheidungshilfe\/"},{"@type":"ListItem","position":2,"name":"\u00c4NDERUNGEN"}]},{"@type":"WebSite","@id":"https:\/\/www.infonautics-software.ch\/entscheidungshilfe\/#website","url":"https:\/\/www.infonautics-software.ch\/entscheidungshilfe\/","name":"Decision Making Helper DE","description":"Entscheidungshilfe","potentialAction":[{"@type":"SearchAction","target":{"@type":"EntryPoint","urlTemplate":"https:\/\/www.infonautics-software.ch\/entscheidungshilfe\/?s={search_term_string}"},"query-input":{"@type":"PropertyValueSpecification","valueRequired":true,"valueName":"search_term_string"}}],"inLanguage":"de"}]}},"jetpack_shortlink":"https:\/\/wp.me\/P7fdXr-bL","jetpack_sharing_enabled":true,"_links":{"self":[{"href":"https:\/\/www.infonautics-software.ch\/entscheidungshilfe\/wp-json\/wp\/v2\/pages\/729","targetHints":{"allow":["GET"]}}],"collection":[{"href":"https:\/\/www.infonautics-software.ch\/entscheidungshilfe\/wp-json\/wp\/v2\/pages"}],"about":[{"href":"https:\/\/www.infonautics-software.ch\/entscheidungshilfe\/wp-json\/wp\/v2\/types\/page"}],"author":[{"embeddable":true,"href":"https:\/\/www.infonautics-software.ch\/entscheidungshilfe\/wp-json\/wp\/v2\/users\/1"}],"replies":[{"embeddable":true,"href":"https:\/\/www.infonautics-software.ch\/entscheidungshilfe\/wp-json\/wp\/v2\/comments?post=729"}],"version-history":[{"count":10,"href":"https:\/\/www.infonautics-software.ch\/entscheidungshilfe\/wp-json\/wp\/v2\/pages\/729\/revisions"}],"predecessor-version":[{"id":1432,"href":"https:\/\/www.infonautics-software.ch\/entscheidungshilfe\/wp-json\/wp\/v2\/pages\/729\/revisions\/1432"}],"wp:attachment":[{"href":"https:\/\/www.infonautics-software.ch\/entscheidungshilfe\/wp-json\/wp\/v2\/media?parent=729"}],"curies":[{"name":"wp","href":"https:\/\/api.w.org\/{rel}","templated":true}]}}