{"id":1244,"date":"2025-12-10T10:00:20","date_gmt":"2025-12-10T09:00:20","guid":{"rendered":"http:\/\/www.infonautics-software.ch\/meinstartmenu\/?page_id=1244"},"modified":"2025-12-10T17:47:31","modified_gmt":"2025-12-10T16:47:31","slug":"changelog","status":"publish","type":"page","link":"https:\/\/www.infonautics-software.ch\/meinstartmenu\/changelog\/","title":{"rendered":"\u00c4NDERUNGEN"},"content":{"rendered":"<p>[et_pb_section fb_built=&#8220;1&#8243; fullwidth=&#8220;on&#8220; admin_label=&#8220;section&#8220; _builder_version=&#8220;4.16&#8243; background_color=&#8220;#00458e&#8220; transparent_background=&#8220;off&#8220; global_colors_info=&#8220;{}&#8220;][et_pb_fullwidth_header title=&#8220;Change-Log von My Start Menu&#8220; content_max_width=&#8220;none&#8220; admin_label=&#8220;Fullwidth Header&#8220; _builder_version=&#8220;4.16&#8243; background_color=&#8220;rgba(255, 255, 255, 0)&#8220; button_one_letter_spacing_hover=&#8220;0&#8243; button_two_letter_spacing_hover=&#8220;0&#8243; global_colors_info=&#8220;{}&#8220; button_one_text_size__hover_enabled=&#8220;off&#8220; button_two_text_size__hover_enabled=&#8220;off&#8220; button_one_text_color__hover_enabled=&#8220;off&#8220; button_two_text_color__hover_enabled=&#8220;off&#8220; button_one_border_width__hover_enabled=&#8220;off&#8220; button_two_border_width__hover_enabled=&#8220;off&#8220; button_one_border_color__hover_enabled=&#8220;off&#8220; button_two_border_color__hover_enabled=&#8220;off&#8220; button_one_border_radius__hover_enabled=&#8220;off&#8220; button_two_border_radius__hover_enabled=&#8220;off&#8220; button_one_letter_spacing__hover_enabled=&#8220;on&#8220; button_one_letter_spacing__hover=&#8220;0&#8243; button_two_letter_spacing__hover_enabled=&#8220;on&#8220; button_two_letter_spacing__hover=&#8220;0&#8243; button_one_bg_color__hover_enabled=&#8220;off&#8220; button_two_bg_color__hover_enabled=&#8220;off&#8220;] [\/et_pb_fullwidth_header][\/et_pb_section][et_pb_section fb_built=&#8220;1&#8243; admin_label=&#8220;section&#8220; _builder_version=&#8220;4.16&#8243; global_colors_info=&#8220;{}&#8220;][et_pb_row column_structure=&#8220;3_4,1_4&#8243; admin_label=&#8220;row&#8220; _builder_version=&#8220;4.16&#8243; background_size=&#8220;initial&#8220; background_position=&#8220;top_left&#8220; background_repeat=&#8220;repeat&#8220; global_colors_info=&#8220;{}&#8220;][et_pb_column type=&#8220;3_4&#8243; _builder_version=&#8220;4.16&#8243; custom_padding=&#8220;|||&#8220; global_colors_info=&#8220;{}&#8220; custom_padding__hover=&#8220;|||&#8220;][et_pb_text admin_label=&#8220;Text&#8220; _builder_version=&#8220;4.23.1&#8243; background_size=&#8220;initial&#8220; background_position=&#8220;top_left&#8220; background_repeat=&#8220;repeat&#8220; use_border_color=&#8220;off&#8220; border_color=&#8220;#ffffff&#8220; border_style=&#8220;solid&#8220; global_colors_info=&#8220;{}&#8220;]<\/p>\n<h2><span style=\"color: #000080;\"><strong>Aktuelle \u00c4nderungen\/Erweiterungen\u00a0<\/strong><\/span><\/h2>\n<p>&nbsp;<\/p>\n<p><span style=\"font-size: 12pt;\">Mit <strong>My Start Menu<\/strong> l\u00e4sst sich schnell und einfach ein eigenes Windows Startmen\u00fc anpassen und f\u00fcr die eigenen Bed\u00fcrfnisse personalisieren. My Start Menu\u00a0verbindet wertvolle Funktionen eines flexiblen Startmen\u00fcs mit der vertrauten Bedienoberfl\u00e4che von Windows Explorer. F\u00fcr einen schnellen Zugriff erstellen Sie Ihre eigene Men\u00fcstruktur mit den gew\u00fcnschten Men\u00fcordnern und erweitern Ihr Startmen\u00fc einfach per Drag &amp; Drop mit weiteren Men\u00fcelementen.<\/span><\/p>\n<p><span style=\"font-size: 12pt;\">Auf dieser Seite halten wir jeweils die aktuellsten Erweiterungen und Verbesserungen der aktuellsten und vorg\u00e4ngigen Versionen von<strong> My Start Menu,<\/strong>\u00a0dem alternativen Startmen\u00fc f\u00fcr Windows, fest.<\/span><\/p>\n<p>&nbsp;<\/p>\n<p><span style=\"font-size: 12pt; color: #000080;\"><strong>\u00c4nderungen in der aktuellen Version:<\/strong><\/span><\/p>\n<p><span style=\"font-size: 12pt;\">1.25<\/span><\/p>\n<ul>\n<li><span style=\"font-size: 12pt;\">Design-Anpassungen f\u00fcr Windows 11.<\/span><\/li>\n<\/ul>\n<p>&nbsp;<\/p>\n<p><span style=\"font-size: 12pt; color: #000080;\"><strong>\u00c4nderungen in fr\u00fcheren Versionen (neuste zuoberst):<\/strong><\/span><\/p>\n<p><span style=\"font-size: 12pt;\">1.23 &#8211; 1.24<\/span><\/p>\n<ul>\n<li><span style=\"font-size: 12pt;\">Internet-Adressen sind nun vollwertige Verkn\u00fcpfungen, so dass auch das Symbolbild beliebig ge\u00e4ndert werden kann.<strong><br \/><\/strong><\/span><\/li>\n<li><span style=\"font-size: 12pt;\">Internet-Links k\u00f6nnen vom Browser direkt auf eine offene Men\u00fc-Gruppe gezogen werden.<\/span><\/li>\n<li><span style=\"font-size: 12pt;\">Diverse kleine Verbesserungen.<\/span><\/li>\n<\/ul>\n<p><span style=\"font-size: 12pt;\">1.20 &#8211; 1.22<\/span><\/p>\n<ul>\n<li><span style=\"font-size: 12pt;\">Namens\u00e4nderung: My Menu Explorer heisst jetzt neu <strong>My Start Menu.<\/strong><\/span><\/li>\n<li><span style=\"font-size: 12pt;\">Diverse kleine Verbesserungen.<\/span><\/li>\n<\/ul>\n<p><span style=\"font-size: 12pt;\">1.17<\/span><\/p>\n<ul>\n<li><span style=\"font-size: 12pt;\">Verbesserter Start der Verk\u00fcpfungen von Universal Apps.<\/span><\/li>\n<\/ul>\n<p><span style=\"font-size: 12pt;\">1.16<\/span><\/p>\n<ul>\n<li><span style=\"font-size: 12pt;\">Knopf &#8222;Vorherige Seite&#8220; hinzugef\u00fcgt.<\/span><\/li>\n<li><span style=\"font-size: 12pt;\">Einstellungen: Objekte nur mit Doppelklick anstatt Einfachklick zu starten.<\/span><\/li>\n<\/ul>\n<p><span style=\"font-size: 12pt;\">1.15<\/span><\/p>\n<ul>\n<li><span style=\"font-size: 12pt;\">Bookmark-Liste hinzugef\u00fcgt.<\/span><\/li>\n<\/ul>\n<p><span style=\"font-size: 12pt;\">1.14<\/span><\/p>\n<ul>\n<li><span style=\"font-size: 12pt;\">Suchfunktion hinzugef\u00fcgt.<\/span><\/li>\n<\/ul>\n<p>[\/et_pb_text][\/et_pb_column][et_pb_column type=&#8220;1_4&#8243; _builder_version=&#8220;4.16&#8243; custom_padding=&#8220;|||&#8220; global_colors_info=&#8220;{}&#8220; custom_padding__hover=&#8220;|||&#8220;][et_pb_sidebar area=&#8220;sidebar-1&#8243; admin_label=&#8220;Sidebar&#8220; _builder_version=&#8220;4.16&#8243; global_colors_info=&#8220;{}&#8220;] [\/et_pb_sidebar][\/et_pb_column][\/et_pb_row][\/et_pb_section]<\/p>\n","protected":false},"excerpt":{"rendered":"<p>Aktuelle \u00c4nderungen\/Erweiterungen\u00a0 &nbsp; Mit My Start Menu l\u00e4sst sich schnell und einfach ein eigenes Windows Startmen\u00fc anpassen und f\u00fcr die eigenen Bed\u00fcrfnisse personalisieren. My Start Menu\u00a0verbindet wertvolle Funktionen eines flexiblen Startmen\u00fcs mit der vertrauten Bedienoberfl\u00e4che von Windows Explorer. F\u00fcr einen schnellen Zugriff erstellen Sie Ihre eigene Men\u00fcstruktur mit den gew\u00fcnschten Men\u00fcordnern und erweitern Ihr Startmen\u00fc [&hellip;]<\/p>\n","protected":false},"author":1,"featured_media":0,"parent":0,"menu_order":0,"comment_status":"closed","ping_status":"closed","template":"","meta":{"_et_pb_use_builder":"on","_et_pb_old_content":"","_et_gb_content_width":"","jetpack_post_was_ever_published":false,"footnotes":""},"class_list":["post-1244","page","type-page","status-publish","hentry"],"yoast_head":"<!-- This site is optimized with the Yoast SEO plugin v25.0 - https:\/\/yoast.com\/wordpress\/plugins\/seo\/ -->\n<title>Pers\u00f6nliches Windows Startmen\u00fc anpassen<\/title>\n<meta name=\"description\" content=\"Mit My Start Menu l\u00e4sst sich schnell und einfach ein eigenes Windows Startmen\u00fc anpassen und f\u00fcr die eigenen Bed\u00fcrfnisse personalisieren. Jetzt testen!\" \/>\n<meta name=\"robots\" content=\"index, follow, max-snippet:-1, max-image-preview:large, max-video-preview:-1\" \/>\n<link rel=\"canonical\" href=\"https:\/\/www.infonautics-software.ch\/meinstartmenu\/changelog\/\" \/>\n<meta property=\"og:locale\" content=\"de_DE\" \/>\n<meta property=\"og:type\" content=\"article\" \/>\n<meta property=\"og:title\" content=\"Pers\u00f6nliches Windows Startmen\u00fc anpassen\" \/>\n<meta property=\"og:description\" content=\"Mit My Start Menu l\u00e4sst sich schnell und einfach ein eigenes Windows Startmen\u00fc anpassen und f\u00fcr die eigenen Bed\u00fcrfnisse personalisieren. Jetzt testen!\" \/>\n<meta property=\"og:url\" content=\"https:\/\/www.infonautics-software.ch\/meinstartmenu\/changelog\/\" \/>\n<meta property=\"og:site_name\" content=\"My Start Menu DE\" \/>\n<meta property=\"article:modified_time\" content=\"2025-12-10T16:47:31+00:00\" \/>\n<meta name=\"twitter:card\" content=\"summary_large_image\" \/>\n<meta name=\"twitter:site\" content=\"@InfonauticsGmbH\" \/>\n<meta name=\"twitter:label1\" content=\"Gesch\u00e4tzte Lesezeit\" \/>\n\t<meta name=\"twitter:data1\" content=\"4\u00a0Minuten\" \/>\n<script type=\"application\/ld+json\" class=\"yoast-schema-graph\">{\"@context\":\"https:\/\/schema.org\",\"@graph\":[{\"@type\":\"WebPage\",\"@id\":\"https:\/\/www.infonautics-software.ch\/meinstartmenu\/changelog\/\",\"url\":\"https:\/\/www.infonautics-software.ch\/meinstartmenu\/changelog\/\",\"name\":\"Pers\u00f6nliches Windows Startmen\u00fc anpassen\",\"isPartOf\":{\"@id\":\"https:\/\/www.infonautics-software.ch\/meinstartmenu\/#website\"},\"datePublished\":\"2025-12-10T09:00:20+00:00\",\"dateModified\":\"2025-12-10T16:47:31+00:00\",\"description\":\"Mit My Start Menu l\u00e4sst sich schnell und einfach ein eigenes Windows Startmen\u00fc anpassen und f\u00fcr die eigenen Bed\u00fcrfnisse personalisieren. Jetzt testen!\",\"breadcrumb\":{\"@id\":\"https:\/\/www.infonautics-software.ch\/meinstartmenu\/changelog\/#breadcrumb\"},\"inLanguage\":\"de\",\"potentialAction\":[{\"@type\":\"ReadAction\",\"target\":[\"https:\/\/www.infonautics-software.ch\/meinstartmenu\/changelog\/\"]}]},{\"@type\":\"BreadcrumbList\",\"@id\":\"https:\/\/www.infonautics-software.ch\/meinstartmenu\/changelog\/#breadcrumb\",\"itemListElement\":[{\"@type\":\"ListItem\",\"position\":1,\"name\":\"Startseite\",\"item\":\"https:\/\/www.infonautics-software.ch\/meinstartmenu\/\"},{\"@type\":\"ListItem\",\"position\":2,\"name\":\"\u00c4NDERUNGEN\"}]},{\"@type\":\"WebSite\",\"@id\":\"https:\/\/www.infonautics-software.ch\/meinstartmenu\/#website\",\"url\":\"https:\/\/www.infonautics-software.ch\/meinstartmenu\/\",\"name\":\"My Start Menu DE\",\"description\":\"My Start Menu f\u00fcr Windows, Startmen\u00fc f\u00fcr Windows\",\"potentialAction\":[{\"@type\":\"SearchAction\",\"target\":{\"@type\":\"EntryPoint\",\"urlTemplate\":\"https:\/\/www.infonautics-software.ch\/meinstartmenu\/?s={search_term_string}\"},\"query-input\":{\"@type\":\"PropertyValueSpecification\",\"valueRequired\":true,\"valueName\":\"search_term_string\"}}],\"inLanguage\":\"de\"}]}<\/script>\n<!-- \/ Yoast SEO plugin. -->","yoast_head_json":{"title":"Pers\u00f6nliches Windows Startmen\u00fc anpassen","description":"Mit My Start Menu l\u00e4sst sich schnell und einfach ein eigenes Windows Startmen\u00fc anpassen und f\u00fcr die eigenen Bed\u00fcrfnisse personalisieren. Jetzt testen!","robots":{"index":"index","follow":"follow","max-snippet":"max-snippet:-1","max-image-preview":"max-image-preview:large","max-video-preview":"max-video-preview:-1"},"canonical":"https:\/\/www.infonautics-software.ch\/meinstartmenu\/changelog\/","og_locale":"de_DE","og_type":"article","og_title":"Pers\u00f6nliches Windows Startmen\u00fc anpassen","og_description":"Mit My Start Menu l\u00e4sst sich schnell und einfach ein eigenes Windows Startmen\u00fc anpassen und f\u00fcr die eigenen Bed\u00fcrfnisse personalisieren. Jetzt testen!","og_url":"https:\/\/www.infonautics-software.ch\/meinstartmenu\/changelog\/","og_site_name":"My Start Menu DE","article_modified_time":"2025-12-10T16:47:31+00:00","twitter_card":"summary_large_image","twitter_site":"@InfonauticsGmbH","twitter_misc":{"Gesch\u00e4tzte Lesezeit":"4\u00a0Minuten"},"schema":{"@context":"https:\/\/schema.org","@graph":[{"@type":"WebPage","@id":"https:\/\/www.infonautics-software.ch\/meinstartmenu\/changelog\/","url":"https:\/\/www.infonautics-software.ch\/meinstartmenu\/changelog\/","name":"Pers\u00f6nliches Windows Startmen\u00fc anpassen","isPartOf":{"@id":"https:\/\/www.infonautics-software.ch\/meinstartmenu\/#website"},"datePublished":"2025-12-10T09:00:20+00:00","dateModified":"2025-12-10T16:47:31+00:00","description":"Mit My Start Menu l\u00e4sst sich schnell und einfach ein eigenes Windows Startmen\u00fc anpassen und f\u00fcr die eigenen Bed\u00fcrfnisse personalisieren. Jetzt testen!","breadcrumb":{"@id":"https:\/\/www.infonautics-software.ch\/meinstartmenu\/changelog\/#breadcrumb"},"inLanguage":"de","potentialAction":[{"@type":"ReadAction","target":["https:\/\/www.infonautics-software.ch\/meinstartmenu\/changelog\/"]}]},{"@type":"BreadcrumbList","@id":"https:\/\/www.infonautics-software.ch\/meinstartmenu\/changelog\/#breadcrumb","itemListElement":[{"@type":"ListItem","position":1,"name":"Startseite","item":"https:\/\/www.infonautics-software.ch\/meinstartmenu\/"},{"@type":"ListItem","position":2,"name":"\u00c4NDERUNGEN"}]},{"@type":"WebSite","@id":"https:\/\/www.infonautics-software.ch\/meinstartmenu\/#website","url":"https:\/\/www.infonautics-software.ch\/meinstartmenu\/","name":"My Start Menu DE","description":"My Start Menu f\u00fcr Windows, Startmen\u00fc f\u00fcr Windows","potentialAction":[{"@type":"SearchAction","target":{"@type":"EntryPoint","urlTemplate":"https:\/\/www.infonautics-software.ch\/meinstartmenu\/?s={search_term_string}"},"query-input":{"@type":"PropertyValueSpecification","valueRequired":true,"valueName":"search_term_string"}}],"inLanguage":"de"}]}},"jetpack_sharing_enabled":true,"jetpack_shortlink":"https:\/\/wp.me\/P6bdC3-k4","_links":{"self":[{"href":"https:\/\/www.infonautics-software.ch\/meinstartmenu\/wp-json\/wp\/v2\/pages\/1244","targetHints":{"allow":["GET"]}}],"collection":[{"href":"https:\/\/www.infonautics-software.ch\/meinstartmenu\/wp-json\/wp\/v2\/pages"}],"about":[{"href":"https:\/\/www.infonautics-software.ch\/meinstartmenu\/wp-json\/wp\/v2\/types\/page"}],"author":[{"embeddable":true,"href":"https:\/\/www.infonautics-software.ch\/meinstartmenu\/wp-json\/wp\/v2\/users\/1"}],"replies":[{"embeddable":true,"href":"https:\/\/www.infonautics-software.ch\/meinstartmenu\/wp-json\/wp\/v2\/comments?post=1244"}],"version-history":[{"count":10,"href":"https:\/\/www.infonautics-software.ch\/meinstartmenu\/wp-json\/wp\/v2\/pages\/1244\/revisions"}],"predecessor-version":[{"id":1445,"href":"https:\/\/www.infonautics-software.ch\/meinstartmenu\/wp-json\/wp\/v2\/pages\/1244\/revisions\/1445"}],"wp:attachment":[{"href":"https:\/\/www.infonautics-software.ch\/meinstartmenu\/wp-json\/wp\/v2\/media?parent=1244"}],"curies":[{"name":"wp","href":"https:\/\/api.w.org\/{rel}","templated":true}]}}