{"id":125,"date":"2022-02-21T11:00:10","date_gmt":"2022-02-21T10:00:10","guid":{"rendered":"http:\/\/www.infonautics-software.ch\/mymenuexplorerde\/?page_id=125"},"modified":"2022-02-21T19:19:05","modified_gmt":"2022-02-21T18:19:05","slug":"startmenu-ersatz","status":"publish","type":"page","link":"https:\/\/www.infonautics-software.ch\/meinstartmenu\/startmenu-ersatz\/","title":{"rendered":"FUNKTIONEN"},"content":{"rendered":"<p>[et_pb_section fb_built=&#8220;1&#8243; fullwidth=&#8220;on&#8220; admin_label=&#8220;section&#8220; _builder_version=&#8220;3.22&#8243; background_color=&#8220;#00458e&#8220; transparent_background=&#8220;off&#8220;][et_pb_fullwidth_header title=&#8220;Windows Startmen\u00fc Ersatz My Start Menu&#8220; content_max_width=&#8220;none&#8220; admin_label=&#8220;Fullwidth Header&#8220; _builder_version=&#8220;3.16&#8243; background_color=&#8220;rgba(255, 255, 255, 0)&#8220; button_one_letter_spacing_hover=&#8220;0&#8243; button_two_letter_spacing_hover=&#8220;0&#8243; button_one_text_size__hover_enabled=&#8220;off&#8220; button_two_text_size__hover_enabled=&#8220;off&#8220; button_one_text_color__hover_enabled=&#8220;off&#8220; button_two_text_color__hover_enabled=&#8220;off&#8220; button_one_border_width__hover_enabled=&#8220;off&#8220; button_two_border_width__hover_enabled=&#8220;off&#8220; button_one_border_color__hover_enabled=&#8220;off&#8220; button_two_border_color__hover_enabled=&#8220;off&#8220; button_one_border_radius__hover_enabled=&#8220;off&#8220; button_two_border_radius__hover_enabled=&#8220;off&#8220; button_one_letter_spacing__hover_enabled=&#8220;on&#8220; button_one_letter_spacing__hover=&#8220;0&#8243; button_two_letter_spacing__hover_enabled=&#8220;on&#8220; button_two_letter_spacing__hover=&#8220;0&#8243; button_one_bg_color__hover_enabled=&#8220;off&#8220; button_two_bg_color__hover_enabled=&#8220;off&#8220;]<br \/>\n[\/et_pb_fullwidth_header][\/et_pb_section][et_pb_section fb_built=&#8220;1&#8243; specialty=&#8220;on&#8220; custom_padding_last_edited=&#8220;on|desktop&#8220; admin_label=&#8220;section&#8220; _builder_version=&#8220;3.22&#8243; custom_padding=&#8220;50px||50px|&#8220; custom_padding_tablet=&#8220;50px|0|50px|0&#8243; custom_padding_phone=&#8220;&#8220; transparent_background=&#8220;off&#8220; padding_mobile=&#8220;off&#8220; make_fullwidth=&#8220;off&#8220; use_custom_width=&#8220;off&#8220; width_unit=&#8220;on&#8220;][et_pb_column type=&#8220;3_4&#8243; specialty_columns=&#8220;3&#8243; _builder_version=&#8220;3.25&#8243; custom_padding=&#8220;|||&#8220; custom_padding__hover=&#8220;|||&#8220;][et_pb_row_inner _builder_version=&#8220;3.25&#8243;][et_pb_column_inner saved_specialty_column_type=&#8220;3_4&#8243; _builder_version=&#8220;3.25&#8243; custom_padding=&#8220;|||&#8220; custom_padding__hover=&#8220;|||&#8220;][et_pb_text _builder_version=&#8220;3.27.4&#8243; module_alignment=&#8220;left&#8220;]<\/p>\n<h2><span style=\"color: #000080;\"><strong>Erstellen Sie Ihr pers\u00f6nliches und schnelles Startmen\u00fc<\/strong><\/span><\/h2>\n<p>&nbsp;<\/p>\n<p><span style=\"font-size: 12pt;\">Mit dem Windows Startmen\u00fc Ersatz\u00a0<strong>My Start Menu<\/strong>\u00a0f\u00fcr Microsoft Windows&#x2122; k\u00f6nnen Anwendungen und Dokumente schneller gestartet und ge\u00f6ffnet werden. Die Bedienoberfl\u00e4che ist an den vertrauten Windows Explorer angelehnt und ge\u00f6ffnete Programmordner bleiben nach dem Start eines Objektes offen stehen. Neue Programme und weitere\u00a0Objekte k\u00f6nnen einfach per Drag &amp; Drop oder per Verkn\u00fcpfungsassistenten hinzugef\u00fcgt werden. Diverse Systemfunktionen wie der Windows Explorer und die Systemsteuerung k\u00f6nnen \u00fcber entsprechende Icons direkt ge\u00f6ffnet werden. F\u00fcr noch schnelleren Zugriff auf die Programme und die Dokumente sorgen zus\u00e4tzlich eine <strong>Suchfunktion<\/strong> und eine <strong>Merkliste<\/strong>, wie auch die <strong>Anzeige der zuletzt gestarteten Programme<\/strong> und <strong>zuletzt ge\u00f6ffneten Dokumente<\/strong>. Durch die konsistente Bedienung und permanente Anwesenheit des Fensters von My Start Menu\u00a0wird die Bedienung des PCs einfacher, schneller und \u00fcbersichtlicher und kann dadurch den eigenen Bed\u00fcrfnissen viel besser angepasst werden. <a href=\"https:\/\/www.infonautics.ch\/blog\/mehr-produktivitaet-im-bueroalltag\" target=\"_blank\" rel=\"noopener noreferrer\">Erfahren Sie in unserem Blogbeitrag<\/a>, wie Sie mit My Start Menu produktiver am PC arbeiten.<\/span><\/p>\n<p><span style=\"font-size: 12pt;\">Mit dem Einsatz von My Start Menu auf Ihrem PC wird<strong> das originale Startmen\u00fc von Windows nicht ver\u00e4ndert.<\/strong><br \/>\n <\/span><\/p>\n<p>&nbsp;<\/p>\n<h3>\u00a0<\/h3>\n<h3><span style=\"color: #000080;\"><strong>Video\u00a0Anleitung<\/strong><\/span><\/h3>\n<p><span style=\"font-size: 12pt;\">Grundfunktionen von My Start Menu\u00a0dem alternativen Startmen\u00fc f\u00fcr Windows.<\/span><br \/>\n <span style=\"font-size: 12pt;\"> (Das fr\u00fchere &#8222;My Menu Explorer&#8220; heisst heute neu &#8222;My Start Menu&#8220;.)<\/span><\/p>\n<p><iframe loading=\"lazy\" title=\"My Start Menu -  Das Alternative Startmen\u00fc f\u00fcr Windows\" width=\"1080\" height=\"608\" src=\"https:\/\/www.youtube.com\/embed\/ZG3PjiQ7oNA?feature=oembed\"  allow=\"accelerometer; autoplay; clipboard-write; encrypted-media; gyroscope; picture-in-picture; web-share\" referrerpolicy=\"strict-origin-when-cross-origin\" allowfullscreen><\/iframe><\/p>\n<h3>\u00a0<\/h3>\n<p>[\/et_pb_text][et_pb_text _builder_version=&#8220;3.27.4&#8243; background_size=&#8220;initial&#8220; background_position=&#8220;top_left&#8220; background_repeat=&#8220;repeat&#8220; module_alignment=&#8220;left&#8220; use_border_color=&#8220;off&#8220; border_color=&#8220;#ffffff&#8220; border_style=&#8220;solid&#8220;]<\/p>\n<h3><span style=\"color: #000080;\"><strong>Screenshots<\/strong><\/span><\/h3>\n<p><em>(Zum Vergr\u00f6ssern auf Bild klicken!)<\/em><\/p>\n<p>[\/et_pb_text][\/et_pb_column_inner][\/et_pb_row_inner][et_pb_row_inner _builder_version=&#8220;3.25&#8243; column_structure=&#8220;1_2,1_2&#8243;][et_pb_column_inner type=&#8220;1_2&#8243; saved_specialty_column_type=&#8220;3_4&#8243; _builder_version=&#8220;3.25&#8243; custom_padding=&#8220;|||&#8220; custom_padding__hover=&#8220;|||&#8220;][et_pb_image src=&#8220;https:\/\/www.infonautics-software.ch\/meinstartmenu\/wp-content\/uploads\/sites\/34\/2017\/03\/msm1de.png&#8220; alt=&#8220;Ansicht My Start Menu f\u00fcr Windows mit grossen Symbolen&#8220; title_text=&#8220;Windows Startmen\u00fc Ersatz My Start Menu&#8220; show_in_lightbox=&#8220;on&#8220; align_tablet=&#8220;center&#8220; align_last_edited=&#8220;on|desktop&#8220; admin_label=&#8220;Image&#8220; _builder_version=&#8220;3.23&#8243; use_border_color=&#8220;off&#8220; border_color=&#8220;#ffffff&#8220; border_style=&#8220;solid&#8220; animation=&#8220;off&#8220; sticky=&#8220;off&#8220; always_center_on_mobile=&#8220;on&#8220;]<br \/>\n[\/et_pb_image][\/et_pb_column_inner][et_pb_column_inner type=&#8220;1_2&#8243; saved_specialty_column_type=&#8220;3_4&#8243; _builder_version=&#8220;3.25&#8243; custom_padding=&#8220;|||&#8220; custom_padding__hover=&#8220;|||&#8220;][et_pb_image src=&#8220;https:\/\/www.infonautics-software.ch\/meinstartmenu\/wp-content\/uploads\/sites\/34\/2017\/03\/msm2de.png&#8220; alt=&#8220;Ansicht als Liste mit kleinen Symbolen in My Start Menu f\u00fcr Windows&#8220; title_text=&#8220;Windows Startmen\u00fc Ersatz My Start Menu mit Ansicht als Liste und kleinen Symbolen&#8220; show_in_lightbox=&#8220;on&#8220; align_tablet=&#8220;center&#8220; align_last_edited=&#8220;on|desktop&#8220; admin_label=&#8220;Image&#8220; _builder_version=&#8220;3.23&#8243; use_border_color=&#8220;off&#8220; border_color=&#8220;#ffffff&#8220; border_style=&#8220;solid&#8220; animation=&#8220;off&#8220; sticky=&#8220;off&#8220; always_center_on_mobile=&#8220;on&#8220;]<br \/>\n[\/et_pb_image][\/et_pb_column_inner][\/et_pb_row_inner][et_pb_row_inner _builder_version=&#8220;3.25&#8243;][et_pb_column_inner saved_specialty_column_type=&#8220;3_4&#8243; _builder_version=&#8220;3.25&#8243; custom_padding=&#8220;|||&#8220; custom_padding__hover=&#8220;|||&#8220;][et_pb_text _builder_version=&#8220;4.6.1&#8243; module_alignment=&#8220;left&#8220; hover_enabled=&#8220;0&#8243; sticky_enabled=&#8220;0&#8243;]<\/p>\n<h3><span style=\"color: #000080;\"><strong>Programmeigenschaften<\/strong><\/span><\/h3>\n<ul>\n<li><span style=\"font-size: 12pt;\">Bedienoberfl\u00e4che \u00e4hnlich dem vertrauten Windows-Explorer.<\/span><\/li>\n<li><span style=\"font-size: 12pt;\"><strong>Schneller Zugriff<\/strong> auf verlinkte Objekte wie Programme, Dokumente, Verzeichnisse, Laufwerke, Webseiten.<\/span><\/li>\n<li><span style=\"font-size: 12pt;\">Bereich \u201aMein Men\u00fc\u2018 mit <strong>eigener Men\u00fcstruktur<\/strong> und eigenen Links zu den Objekten.<\/span><\/li>\n<li><span style=\"font-size: 12pt;\">Bereich \u201aWindows Men\u00fc\u2018 in dem die originale Men\u00fcstruktur von Windows angezeigt wird.<\/span><\/li>\n<li><span style=\"font-size: 12pt;\"><strong>Erweiterung<\/strong> des eigenen Men\u00fcs mit Objekten<strong> per Drag &amp; Drop,<\/strong> Copy\/Paste oder per Verkn\u00fcpfungsassistenten.<\/span><\/li>\n<li><span style=\"font-size: 12pt;\">Automatische Erstellung korrekter Verkn\u00fcpfungen f\u00fcr Programme, Dokumente, Dateien, Verzeichnisse, Laufwerke, Netzlaufwerke, Internetadressen.<\/span><\/li>\n<li><span style=\"font-size: 12pt;\"><strong>Anzeige der zuletzt gestarteten Objekte<\/strong> (Vorhaltezeit einstellbar).<\/span><\/li>\n<li><span style=\"font-size: 12pt;\"><strong>Anzeige der zuletzt ge\u00f6ffneten Dokumente<\/strong> (l\u00f6schbar).<\/span><\/li>\n<li><span style=\"font-size: 12pt;\"><strong>Schnelle Suche<\/strong> innerhalb aller Men\u00fcordner und zuletzt ge\u00f6ffneten Dokumente (einstellbar).<\/span><\/li>\n<li><span style=\"font-size: 12pt;\">Aufnahme der Objekte und Dokumente in einer <strong>Merkliste<\/strong> f\u00fcr noch schnelleren Zugriff.<\/span><\/li>\n<li><span style=\"font-size: 12pt;\"><strong>Direkter Zugriff auf Systemfunktionen<\/strong> wie Windows Explorer, Systemsteuerung, Drucker, Taskmanager, Ausf\u00fchren, Herunterfahren.<\/span><\/li>\n<li><span style=\"font-size: 12pt;\">Aktivierung des Programmfensters \u00fcber das in der Taskleiste oder auf dem Desktop angeheftete Icon.<\/span><\/li>\n<li><span style=\"font-size: 12pt;\">Aktivierung des Programmfensters \u00fcber die Bewegung der Maus (Mausgeste).<\/span><\/li>\n<li><span style=\"font-size: 12pt;\">Der Bereich \u201aMein Men\u00fc\u2018 kann auch einem <strong>selber definierten Verzeichnis<\/strong> zugewiesen werden.<\/span><\/li>\n<li><span style=\"font-size: 12pt;\">Anzeige der Objekte als grosse Symbole oder als Liste mit kleinen Symbolen.<\/span><\/li>\n<li><span style=\"font-size: 12pt;\">Schnelles \u00d6ffnen und Schliessen aller Men\u00fcordner.<\/span><\/li>\n<li><span style=\"font-size: 12pt;\">Mit Installationsprogramm installierbar oder ohne Installation verwendbar.<\/span><\/li>\n<li><span style=\"font-size: 12pt;\">Dokumentation und <strong>kostenloser Support<\/strong> via E-Mail in Deutsch und Englisch.<\/span><\/li>\n<\/ul>\n<h3>\u00a0<\/h3>\n<h3><span style=\"color: #000080;\"><strong>Systemvoraussetzungen<\/strong> <\/span><\/h3>\n<p>&nbsp;<\/p>\n<ul>\n<li><span style=\"font-size: 12pt;\">Betriebssystem Microsoft Windows&#x2122; 7 \/ 8 \/ 10 \/ 11 \u00a0 (32B it und 64Bit).<\/span><\/li>\n<li><span style=\"font-size: 12pt;\">Ca.\u00a010 MB Speicherplatz auf der Festplatte.<\/span><\/li>\n<\/ul>\n<p>[\/et_pb_text][\/et_pb_column_inner][\/et_pb_row_inner][\/et_pb_column][et_pb_column type=&#8220;1_4&#8243; _builder_version=&#8220;3.25&#8243; custom_padding=&#8220;|||&#8220; custom_padding__hover=&#8220;|||&#8220;][et_pb_sidebar area=&#8220;sidebar-1&#8243; admin_label=&#8220;Sidebar&#8220; _builder_version=&#8220;3.0.74&#8243;]<br \/>\n[\/et_pb_sidebar][\/et_pb_column][\/et_pb_section]<\/p>\n","protected":false},"excerpt":{"rendered":"<p>Erstellen Sie Ihr pers\u00f6nliches und schnelles Startmen\u00fc &nbsp; Mit dem Windows Startmen\u00fc Ersatz\u00a0My Start Menu\u00a0f\u00fcr Microsoft Windows&#x2122; k\u00f6nnen Anwendungen und Dokumente schneller gestartet und ge\u00f6ffnet werden. Die Bedienoberfl\u00e4che ist an den vertrauten Windows Explorer angelehnt und ge\u00f6ffnete Programmordner bleiben nach dem Start eines Objektes offen stehen. Neue Programme und weitere\u00a0Objekte k\u00f6nnen einfach per Drag &amp; [&hellip;]<\/p>\n","protected":false},"author":1,"featured_media":0,"parent":0,"menu_order":0,"comment_status":"open","ping_status":"open","template":"","meta":{"_et_pb_use_builder":"on","_et_pb_old_content":"<p>[et_pb_section][et_pb_row][\/et_pb_row][\/et_pb_section]<\/p>","_et_gb_content_width":"","jetpack_post_was_ever_published":false,"footnotes":""},"class_list":["post-125","page","type-page","status-publish","hentry"],"yoast_head":"<!-- This site is optimized with the Yoast SEO plugin v25.0 - https:\/\/yoast.com\/wordpress\/plugins\/seo\/ -->\n<title>Startmen\u00fc Ersatz My Start Menu f\u00fcr Windows<\/title>\n<meta name=\"description\" content=\"My Start Menu ist ein Windows Startmen\u00fc Ersatz f\u00fcr einen schnellen Zugriff auf zuletzt gestartete Programme und zuletzt ge\u00f6ffnete Dokumente.\" \/>\n<meta name=\"robots\" content=\"index, follow, max-snippet:-1, max-image-preview:large, max-video-preview:-1\" \/>\n<link rel=\"canonical\" href=\"https:\/\/www.infonautics-software.ch\/meinstartmenu\/startmenu-ersatz\/\" \/>\n<meta property=\"og:locale\" content=\"de_DE\" \/>\n<meta property=\"og:type\" content=\"article\" \/>\n<meta property=\"og:title\" content=\"Startmen\u00fc Ersatz My Start Menu f\u00fcr Windows\" \/>\n<meta property=\"og:description\" content=\"My Start Menu ist ein Windows Startmen\u00fc Ersatz f\u00fcr einen schnellen Zugriff auf zuletzt gestartete Programme und zuletzt ge\u00f6ffnete Dokumente.\" \/>\n<meta property=\"og:url\" content=\"https:\/\/www.infonautics-software.ch\/meinstartmenu\/startmenu-ersatz\/\" \/>\n<meta property=\"og:site_name\" content=\"My Start Menu DE\" \/>\n<meta property=\"article:modified_time\" content=\"2022-02-21T18:19:05+00:00\" \/>\n<meta name=\"twitter:card\" content=\"summary_large_image\" \/>\n<meta name=\"twitter:site\" content=\"@InfonauticsGmbH\" \/>\n<meta name=\"twitter:label1\" content=\"Gesch\u00e4tzte Lesezeit\" \/>\n\t<meta name=\"twitter:data1\" content=\"5\u00a0Minuten\" \/>\n<script type=\"application\/ld+json\" class=\"yoast-schema-graph\">{\"@context\":\"https:\/\/schema.org\",\"@graph\":[{\"@type\":\"WebPage\",\"@id\":\"https:\/\/www.infonautics-software.ch\/meinstartmenu\/startmenu-ersatz\/\",\"url\":\"https:\/\/www.infonautics-software.ch\/meinstartmenu\/startmenu-ersatz\/\",\"name\":\"Startmen\u00fc Ersatz My Start Menu f\u00fcr Windows\",\"isPartOf\":{\"@id\":\"https:\/\/www.infonautics-software.ch\/meinstartmenu\/#website\"},\"datePublished\":\"2022-02-21T10:00:10+00:00\",\"dateModified\":\"2022-02-21T18:19:05+00:00\",\"description\":\"My Start Menu ist ein Windows Startmen\u00fc Ersatz f\u00fcr einen schnellen Zugriff auf zuletzt gestartete Programme und zuletzt ge\u00f6ffnete Dokumente.\",\"breadcrumb\":{\"@id\":\"https:\/\/www.infonautics-software.ch\/meinstartmenu\/startmenu-ersatz\/#breadcrumb\"},\"inLanguage\":\"de\",\"potentialAction\":[{\"@type\":\"ReadAction\",\"target\":[\"https:\/\/www.infonautics-software.ch\/meinstartmenu\/startmenu-ersatz\/\"]}]},{\"@type\":\"BreadcrumbList\",\"@id\":\"https:\/\/www.infonautics-software.ch\/meinstartmenu\/startmenu-ersatz\/#breadcrumb\",\"itemListElement\":[{\"@type\":\"ListItem\",\"position\":1,\"name\":\"Startseite\",\"item\":\"https:\/\/www.infonautics-software.ch\/meinstartmenu\/\"},{\"@type\":\"ListItem\",\"position\":2,\"name\":\"FUNKTIONEN\"}]},{\"@type\":\"WebSite\",\"@id\":\"https:\/\/www.infonautics-software.ch\/meinstartmenu\/#website\",\"url\":\"https:\/\/www.infonautics-software.ch\/meinstartmenu\/\",\"name\":\"My Start Menu DE\",\"description\":\"My Start Menu f\u00fcr Windows, Startmen\u00fc f\u00fcr Windows\",\"potentialAction\":[{\"@type\":\"SearchAction\",\"target\":{\"@type\":\"EntryPoint\",\"urlTemplate\":\"https:\/\/www.infonautics-software.ch\/meinstartmenu\/?s={search_term_string}\"},\"query-input\":{\"@type\":\"PropertyValueSpecification\",\"valueRequired\":true,\"valueName\":\"search_term_string\"}}],\"inLanguage\":\"de\"}]}<\/script>\n<!-- \/ Yoast SEO plugin. -->","yoast_head_json":{"title":"Startmen\u00fc Ersatz My Start Menu f\u00fcr Windows","description":"My Start Menu ist ein Windows Startmen\u00fc Ersatz f\u00fcr einen schnellen Zugriff auf zuletzt gestartete Programme und zuletzt ge\u00f6ffnete Dokumente.","robots":{"index":"index","follow":"follow","max-snippet":"max-snippet:-1","max-image-preview":"max-image-preview:large","max-video-preview":"max-video-preview:-1"},"canonical":"https:\/\/www.infonautics-software.ch\/meinstartmenu\/startmenu-ersatz\/","og_locale":"de_DE","og_type":"article","og_title":"Startmen\u00fc Ersatz My Start Menu f\u00fcr Windows","og_description":"My Start Menu ist ein Windows Startmen\u00fc Ersatz f\u00fcr einen schnellen Zugriff auf zuletzt gestartete Programme und zuletzt ge\u00f6ffnete Dokumente.","og_url":"https:\/\/www.infonautics-software.ch\/meinstartmenu\/startmenu-ersatz\/","og_site_name":"My Start Menu DE","article_modified_time":"2022-02-21T18:19:05+00:00","twitter_card":"summary_large_image","twitter_site":"@InfonauticsGmbH","twitter_misc":{"Gesch\u00e4tzte Lesezeit":"5\u00a0Minuten"},"schema":{"@context":"https:\/\/schema.org","@graph":[{"@type":"WebPage","@id":"https:\/\/www.infonautics-software.ch\/meinstartmenu\/startmenu-ersatz\/","url":"https:\/\/www.infonautics-software.ch\/meinstartmenu\/startmenu-ersatz\/","name":"Startmen\u00fc Ersatz My Start Menu f\u00fcr Windows","isPartOf":{"@id":"https:\/\/www.infonautics-software.ch\/meinstartmenu\/#website"},"datePublished":"2022-02-21T10:00:10+00:00","dateModified":"2022-02-21T18:19:05+00:00","description":"My Start Menu ist ein Windows Startmen\u00fc Ersatz f\u00fcr einen schnellen Zugriff auf zuletzt gestartete Programme und zuletzt ge\u00f6ffnete Dokumente.","breadcrumb":{"@id":"https:\/\/www.infonautics-software.ch\/meinstartmenu\/startmenu-ersatz\/#breadcrumb"},"inLanguage":"de","potentialAction":[{"@type":"ReadAction","target":["https:\/\/www.infonautics-software.ch\/meinstartmenu\/startmenu-ersatz\/"]}]},{"@type":"BreadcrumbList","@id":"https:\/\/www.infonautics-software.ch\/meinstartmenu\/startmenu-ersatz\/#breadcrumb","itemListElement":[{"@type":"ListItem","position":1,"name":"Startseite","item":"https:\/\/www.infonautics-software.ch\/meinstartmenu\/"},{"@type":"ListItem","position":2,"name":"FUNKTIONEN"}]},{"@type":"WebSite","@id":"https:\/\/www.infonautics-software.ch\/meinstartmenu\/#website","url":"https:\/\/www.infonautics-software.ch\/meinstartmenu\/","name":"My Start Menu DE","description":"My Start Menu f\u00fcr Windows, Startmen\u00fc f\u00fcr Windows","potentialAction":[{"@type":"SearchAction","target":{"@type":"EntryPoint","urlTemplate":"https:\/\/www.infonautics-software.ch\/meinstartmenu\/?s={search_term_string}"},"query-input":{"@type":"PropertyValueSpecification","valueRequired":true,"valueName":"search_term_string"}}],"inLanguage":"de"}]}},"jetpack_sharing_enabled":true,"jetpack_shortlink":"https:\/\/wp.me\/P6bdC3-21","_links":{"self":[{"href":"https:\/\/www.infonautics-software.ch\/meinstartmenu\/wp-json\/wp\/v2\/pages\/125","targetHints":{"allow":["GET"]}}],"collection":[{"href":"https:\/\/www.infonautics-software.ch\/meinstartmenu\/wp-json\/wp\/v2\/pages"}],"about":[{"href":"https:\/\/www.infonautics-software.ch\/meinstartmenu\/wp-json\/wp\/v2\/types\/page"}],"author":[{"embeddable":true,"href":"https:\/\/www.infonautics-software.ch\/meinstartmenu\/wp-json\/wp\/v2\/users\/1"}],"replies":[{"embeddable":true,"href":"https:\/\/www.infonautics-software.ch\/meinstartmenu\/wp-json\/wp\/v2\/comments?post=125"}],"version-history":[{"count":10,"href":"https:\/\/www.infonautics-software.ch\/meinstartmenu\/wp-json\/wp\/v2\/pages\/125\/revisions"}],"predecessor-version":[{"id":1411,"href":"https:\/\/www.infonautics-software.ch\/meinstartmenu\/wp-json\/wp\/v2\/pages\/125\/revisions\/1411"}],"wp:attachment":[{"href":"https:\/\/www.infonautics-software.ch\/meinstartmenu\/wp-json\/wp\/v2\/media?parent=125"}],"curies":[{"name":"wp","href":"https:\/\/api.w.org\/{rel}","templated":true}]}}