{"id":95,"date":"2025-06-12T10:00:54","date_gmt":"2025-06-12T08:00:54","guid":{"rendered":"http:\/\/www.infonautics-software.ch\/mymenuexplorerde\/?page_id=95"},"modified":"2025-06-12T16:41:21","modified_gmt":"2025-06-12T14:41:21","slug":"kaufen","status":"publish","type":"page","link":"https:\/\/www.infonautics-software.ch\/meinstartmenu\/kaufen\/","title":{"rendered":"KAUFEN"},"content":{"rendered":"<p>[et_pb_section fb_built=&#8220;1&#8243; inner_shadow=&#8220;on&#8220; fullwidth=&#8220;on&#8220; admin_label=&#8220;section&#8220; _builder_version=&#8220;4.16&#8243; background_color=&#8220;#00458e&#8220; transparent_background=&#8220;off&#8220; global_colors_info=&#8220;{}&#8220;][et_pb_fullwidth_header title=&#8220;Jetzt My Start Menu kaufen&#8220; content_max_width=&#8220;none&#8220; admin_label=&#8220;Fullwidth Header&#8220; _builder_version=&#8220;4.16&#8243; background_color=&#8220;rgba(255, 255, 255, 0)&#8220; button_one_letter_spacing_hover=&#8220;0&#8243; button_two_letter_spacing_hover=&#8220;0&#8243; global_colors_info=&#8220;{}&#8220; button_one_text_size__hover_enabled=&#8220;off&#8220; button_two_text_size__hover_enabled=&#8220;off&#8220; button_one_text_color__hover_enabled=&#8220;off&#8220; button_two_text_color__hover_enabled=&#8220;off&#8220; button_one_border_width__hover_enabled=&#8220;off&#8220; button_two_border_width__hover_enabled=&#8220;off&#8220; button_one_border_color__hover_enabled=&#8220;off&#8220; button_two_border_color__hover_enabled=&#8220;off&#8220; button_one_border_radius__hover_enabled=&#8220;off&#8220; button_two_border_radius__hover_enabled=&#8220;off&#8220; button_one_letter_spacing__hover_enabled=&#8220;on&#8220; button_one_letter_spacing__hover=&#8220;0&#8243; button_two_letter_spacing__hover_enabled=&#8220;on&#8220; button_two_letter_spacing__hover=&#8220;0&#8243; button_one_bg_color__hover_enabled=&#8220;off&#8220; button_two_bg_color__hover_enabled=&#8220;off&#8220;][\/et_pb_fullwidth_header][\/et_pb_section][et_pb_section fb_built=&#8220;1&#8243; specialty=&#8220;on&#8220; custom_padding_last_edited=&#8220;on|desktop&#8220; admin_label=&#8220;section&#8220; _builder_version=&#8220;4.16&#8243; custom_padding=&#8220;50px||40px|&#8220; custom_padding_tablet=&#8220;50px|0|50px|0&#8243; custom_padding_phone=&#8220;&#8220; transparent_background=&#8220;off&#8220; padding_mobile=&#8220;off&#8220; make_fullwidth=&#8220;off&#8220; use_custom_width=&#8220;off&#8220; width_unit=&#8220;on&#8220; global_colors_info=&#8220;{}&#8220;][et_pb_column type=&#8220;3_4&#8243; specialty_columns=&#8220;3&#8243; _builder_version=&#8220;4.16&#8243; custom_padding=&#8220;|||&#8220; global_colors_info=&#8220;{}&#8220; custom_padding__hover=&#8220;|||&#8220;][et_pb_row_inner _builder_version=&#8220;4.16&#8243; global_colors_info=&#8220;{}&#8220;][et_pb_column_inner saved_specialty_column_type=&#8220;3_4&#8243; _builder_version=&#8220;4.16&#8243; custom_padding=&#8220;|||&#8220; global_colors_info=&#8220;{}&#8220; custom_padding__hover=&#8220;|||&#8220;][et_pb_text _builder_version=&#8220;4.23.1&#8243; background_size=&#8220;initial&#8220; background_position=&#8220;top_left&#8220; background_repeat=&#8220;repeat&#8220; module_alignment=&#8220;left&#8220; hover_enabled=&#8220;0&#8243; use_border_color=&#8220;off&#8220; border_color=&#8220;#ffffff&#8220; border_style=&#8220;solid&#8220; global_colors_info=&#8220;{}&#8220; sticky_enabled=&#8220;0&#8243;]<\/p>\n<h2><span style=\"color: #000080;\"><strong>Heute kaufen und alle zuk\u00fcnftigen Updates sind inklusive!<\/strong><\/span><\/h2>\n<p>&nbsp;<\/p>\n<p><span style=\"font-size: 12pt;\">Vor dem Kauf kann <strong>My Start Menu\u00a0<a href=\"https:\/\/www.infonautics-software.ch\/meinstartmenu\/startmenu-download\/\">kostenlos und vollumf\u00e4nglich w\u00e4hrend 30 Tagen getestet werden<\/a><\/strong>. Das Startmen\u00fc f\u00fcr Microsoft Windows\u2122 ben\u00f6tigt nach Ablauf dieser 30 Tage f\u00fcr den regul\u00e4ren Betrieb einen Lizenzschl\u00fcssel. Die erworbene <strong>Lizenz ist zeitlich unbeschr\u00e4nkt und f\u00fcr alle zuk\u00fcnftigen Aktualisierungen g\u00fcltig.<\/strong><\/span><\/p>\n<p><span style=\"font-size: 12pt;\">Das Startmen\u00fc My Start Menu\u00a0f\u00fcr Microsoft Windows\u2122 steht in <strong>drei Lizenz-Varianten<\/strong> zur Verf\u00fcgung:<\/span><\/p>\n<p>[\/et_pb_text][\/et_pb_column_inner][\/et_pb_row_inner][et_pb_row_inner column_structure=&#8220;1_2,1_2&#8243; padding_mobile=&#8220;off&#8220; use_custom_gutter=&#8220;on&#8220; gutter_width=&#8220;1&#8243; make_equal=&#8220;on&#8220; column_padding_mobile=&#8220;on&#8220; admin_label=&#8220;Zeile&#8220; _builder_version=&#8220;4.16&#8243; custom_margin=&#8220;0px|0px||0px&#8220; custom_padding=&#8220;0px|0px|0px|0px&#8220; global_colors_info=&#8220;{}&#8220;][et_pb_column_inner type=&#8220;1_2&#8243; saved_specialty_column_type=&#8220;3_4&#8243; _builder_version=&#8220;4.16&#8243; background_color=&#8220;#d4d4de&#8220; custom_padding=&#8220;0px|||0px&#8220; global_colors_info=&#8220;{}&#8220; custom_padding__hover=&#8220;|||&#8220;][et_pb_text _builder_version=&#8220;4.16&#8243; background_color=&#8220;#d4d4de&#8220; background_size=&#8220;initial&#8220; background_position=&#8220;top_left&#8220; background_repeat=&#8220;repeat&#8220; module_alignment=&#8220;left&#8220; custom_margin=&#8220;20px|||&#8220; custom_padding=&#8220;25px|||&#8220; use_border_color=&#8220;off&#8220; border_color=&#8220;#ffffff&#8220; border_style=&#8220;solid&#8220; global_colors_info=&#8220;{}&#8220;][\/et_pb_text][\/et_pb_column_inner][et_pb_column_inner type=&#8220;1_2&#8243; saved_specialty_column_type=&#8220;3_4&#8243; _builder_version=&#8220;4.16&#8243; background_color=&#8220;#d4d4de&#8220; custom_padding=&#8220;0px|0px||0px&#8220; global_colors_info=&#8220;{}&#8220; custom_padding__hover=&#8220;|||&#8220;][et_pb_text _builder_version=&#8220;4.23.1&#8243; background_color=&#8220;#d4d4de&#8220; background_size=&#8220;initial&#8220; background_position=&#8220;top_left&#8220; background_repeat=&#8220;repeat&#8220; module_alignment=&#8220;left&#8220; custom_margin=&#8220;10px|||&#8220; hover_enabled=&#8220;0&#8243; use_border_color=&#8220;off&#8220; global_colors_info=&#8220;{}&#8220; sticky_enabled=&#8220;0&#8243;]<\/p>\n<p style=\"text-align: center;\"><strong>Via PayPro Global kaufen<\/strong><\/p>\n<p>[\/et_pb_text][et_pb_image src=&#8220;https:\/\/www.infonautics-software.ch\/meinstartmenu\/wp-content\/uploads\/sites\/34\/2024\/10\/PayPalCreditCardsIconsSmall.png&#8220; title_text=&#8220;PayPalCreditCardsIconsSmall&#8220; align=&#8220;center&#8220; _builder_version=&#8220;4.23.1&#8243; _module_preset=&#8220;default&#8220; global_colors_info=&#8220;{}&#8220;][\/et_pb_image][\/et_pb_column_inner][\/et_pb_row_inner][et_pb_row_inner column_structure=&#8220;1_2,1_2&#8243; padding_mobile=&#8220;off&#8220; use_custom_gutter=&#8220;on&#8220; gutter_width=&#8220;1&#8243; make_equal=&#8220;on&#8220; column_padding_mobile=&#8220;on&#8220; admin_label=&#8220;Zeile&#8220; _builder_version=&#8220;4.16&#8243; custom_margin=&#8220;0px|0px||0px&#8220; custom_padding=&#8220;0px|0px|0px|0px&#8220; global_colors_info=&#8220;{}&#8220;][et_pb_column_inner type=&#8220;1_2&#8243; saved_specialty_column_type=&#8220;3_4&#8243; _builder_version=&#8220;4.16&#8243; background_color=&#8220;#f7f7f7&#8243; custom_padding=&#8220;0px|0px||0px&#8220; global_colors_info=&#8220;{}&#8220; custom_padding__hover=&#8220;|||&#8220;][et_pb_text _builder_version=&#8220;4.16&#8243; text_font=&#8220;Droid Sans||||&#8220; header_font=&#8220;Open Sans||||&#8220; background_color=&#8220;#f7f7f7&#8243; max_width=&#8220;320px&#8220; module_alignment=&#8220;left&#8220; custom_margin=&#8220;|0px||10px&#8220; custom_padding=&#8220;30px|0px|20px|10px&#8220; border_color_all=&#8220;#ffffff&#8220; use_border_color=&#8220;off&#8220; global_colors_info=&#8220;{}&#8220;]<\/p>\n<h4><strong><span style=\"color: #333399; font-size: 14pt;\">Single (1 PC)<\/span><br \/>\n<\/strong><\/h4>\n<p>Das Programm kann f\u00fcr einen PC\/Benutzer installiert werden. F\u00fcr jeden weiteren PC\/Benutzer ist eine zus\u00e4tzliche Lizenz erforderlich. Die <strong>Lizenz<\/strong> lautet auf den <strong>Namen des Benutzers<\/strong>.<\/p>\n<p>[\/et_pb_text][\/et_pb_column_inner][et_pb_column_inner type=&#8220;1_2&#8243; saved_specialty_column_type=&#8220;3_4&#8243; _builder_version=&#8220;4.16&#8243; background_color=&#8220;#f7f7f7&#8243; custom_padding=&#8220;0px|||0px&#8220; global_colors_info=&#8220;{}&#8220; custom_padding__hover=&#8220;|||&#8220;][et_pb_text _builder_version=&#8220;4.23.1&#8243; module_alignment=&#8220;left&#8220; custom_padding=&#8220;60px|||&#8220; hover_enabled=&#8220;0&#8243; border_color_all=&#8220;#ff2626&#8243; use_border_color=&#8220;off&#8220; global_colors_info=&#8220;{}&#8220; sticky_enabled=&#8220;0&#8243;]<\/p>\n<p style=\"text-align: center;\"><span style=\"font-size: 14pt;\"><strong>25<\/strong><\/span><span style=\"font-size: 14pt;\"><strong> EUR \/ USD \/ CHF<\/strong><\/span><br \/>(wechselkursabh\u00e4ngig)<\/p>\n<p>[\/et_pb_text][et_pb_image src=&#8220;https:\/\/www.infonautics-software.ch\/meinstartmenu\/wp-content\/uploads\/sites\/34\/2016\/04\/Buy-Now-2-e1434621941852.png&#8220; alt=&#8220;My Start Menu jetzt kaufen&#8220; title_text=&#8220;My Start Menu heute kaufen und alle Updates sind inklusive!&#8220; url=&#8220;https:\/\/store.payproglobal.com\/checkout?products%911%93%91id%93=113826&#8243; url_new_window=&#8220;on&#8220; align=&#8220;center&#8220; align_tablet=&#8220;center&#8220; align_phone=&#8220;&#8220; align_last_edited=&#8220;on|desktop&#8220; _builder_version=&#8220;4.23.1&#8243; max_width=&#8220;150px&#8220; module_alignment=&#8220;center&#8220; custom_margin=&#8220;|0px||55px&#8220; hover_enabled=&#8220;0&#8243; use_border_color=&#8220;off&#8220; global_colors_info=&#8220;{}&#8220; sticky_enabled=&#8220;0&#8243;][\/et_pb_image][\/et_pb_column_inner][\/et_pb_row_inner][et_pb_row_inner use_custom_gutter=&#8220;on&#8220; admin_label=&#8220;Zeile&#8220; _builder_version=&#8220;4.16&#8243; custom_padding=&#8220;5px||5px|&#8220; global_colors_info=&#8220;{}&#8220;][et_pb_column_inner saved_specialty_column_type=&#8220;3_4&#8243; _builder_version=&#8220;4.16&#8243; custom_padding=&#8220;|||&#8220; global_colors_info=&#8220;{}&#8220; custom_padding__hover=&#8220;|||&#8220;][et_pb_divider show_divider=&#8220;off&#8220; disabled_on=&#8220;on|on&#8220; _builder_version=&#8220;4.16&#8243; global_colors_info=&#8220;{}&#8220;][\/et_pb_divider][\/et_pb_column_inner][\/et_pb_row_inner][et_pb_row_inner column_structure=&#8220;1_2,1_2&#8243; padding_mobile=&#8220;off&#8220; use_custom_gutter=&#8220;on&#8220; gutter_width=&#8220;1&#8243; make_equal=&#8220;on&#8220; column_padding_mobile=&#8220;on&#8220; admin_label=&#8220;Zeile&#8220; _builder_version=&#8220;4.16&#8243; custom_margin=&#8220;0px|0px||0px&#8220; custom_padding=&#8220;0px|0px|0px|0px&#8220; global_colors_info=&#8220;{}&#8220;][et_pb_column_inner type=&#8220;1_2&#8243; saved_specialty_column_type=&#8220;3_4&#8243; _builder_version=&#8220;4.16&#8243; background_color=&#8220;#f7f7f7&#8243; custom_padding=&#8220;0px|0px||0px&#8220; global_colors_info=&#8220;{}&#8220; custom_padding__hover=&#8220;|||&#8220;][et_pb_text _builder_version=&#8220;4.16&#8243; text_font=&#8220;Droid Sans||||&#8220; header_font=&#8220;Open Sans||||&#8220; background_color=&#8220;#f7f7f7&#8243; max_width=&#8220;320px&#8220; module_alignment=&#8220;left&#8220; custom_margin=&#8220;|0px||10px&#8220; custom_padding=&#8220;30px|0px|20px|10px&#8220; border_color_all=&#8220;#ffffff&#8220; use_border_color=&#8220;off&#8220; global_colors_info=&#8220;{}&#8220;]<\/p>\n<h4><strong><span style=\"color: #333399; font-size: 14pt;\">Business (10 PCs)<\/span><br \/>\n<\/strong><\/h4>\n<p>Das Programm kann innerhalb des gleichen Unternehmens f\u00fcr max. 10 PCs\/Benutzer installiert werden. Die <strong>Lizenz<\/strong> lautet auf den <strong>Namen des Unternehmens<\/strong>.<\/p>\n<p>[\/et_pb_text][\/et_pb_column_inner][et_pb_column_inner type=&#8220;1_2&#8243; saved_specialty_column_type=&#8220;3_4&#8243; _builder_version=&#8220;4.16&#8243; background_color=&#8220;#f7f7f7&#8243; custom_padding=&#8220;0px|||0px&#8220; global_colors_info=&#8220;{}&#8220; custom_padding__hover=&#8220;|||&#8220;][et_pb_text _builder_version=&#8220;4.23.1&#8243; module_alignment=&#8220;left&#8220; custom_padding=&#8220;60px|||&#8220; hover_enabled=&#8220;0&#8243; border_color_all=&#8220;#ff2626&#8243; use_border_color=&#8220;off&#8220; global_colors_info=&#8220;{}&#8220; sticky_enabled=&#8220;0&#8243;]<\/p>\n<p style=\"text-align: center;\"><span style=\"font-size: 14pt;\"><strong>115<\/strong><\/span><span style=\"font-size: 14pt;\"><strong> EUR \/ USD \/ CHF<\/strong><\/span><br \/>(wechselkursabh\u00e4ngig)<\/p>\n<p>[\/et_pb_text][et_pb_image src=&#8220;https:\/\/www.infonautics-software.ch\/meinstartmenu\/wp-content\/uploads\/sites\/34\/2016\/04\/Buy-Now-2-e1434621941852.png&#8220; alt=&#8220;My Start Menu jetzt kaufen&#8220; title_text=&#8220;My Start Menu heute kaufen und alle Updates sind inklusive!&#8220; url=&#8220;https:\/\/store.payproglobal.com\/checkout?products%911%93%91id%93=113827&#038;use-company-purchase=true&#8220; url_new_window=&#8220;on&#8220; align=&#8220;center&#8220; align_tablet=&#8220;center&#8220; align_phone=&#8220;&#8220; align_last_edited=&#8220;on|desktop&#8220; _builder_version=&#8220;4.23.1&#8243; max_width=&#8220;150px&#8220; module_alignment=&#8220;center&#8220; custom_margin=&#8220;|0px||55px&#8220; hover_enabled=&#8220;0&#8243; use_border_color=&#8220;off&#8220; global_colors_info=&#8220;{}&#8220; sticky_enabled=&#8220;0&#8243;][\/et_pb_image][\/et_pb_column_inner][\/et_pb_row_inner][et_pb_row_inner use_custom_gutter=&#8220;on&#8220; admin_label=&#8220;Zeile&#8220; _builder_version=&#8220;4.16&#8243; custom_padding=&#8220;5px||5px|&#8220; global_colors_info=&#8220;{}&#8220;][et_pb_column_inner saved_specialty_column_type=&#8220;3_4&#8243; _builder_version=&#8220;4.16&#8243; custom_padding=&#8220;|||&#8220; global_colors_info=&#8220;{}&#8220; custom_padding__hover=&#8220;|||&#8220;][et_pb_divider show_divider=&#8220;off&#8220; disabled_on=&#8220;on|on&#8220; _builder_version=&#8220;4.16&#8243; global_colors_info=&#8220;{}&#8220;][\/et_pb_divider][\/et_pb_column_inner][\/et_pb_row_inner][et_pb_row_inner column_structure=&#8220;1_2,1_2&#8243; padding_mobile=&#8220;off&#8220; use_custom_gutter=&#8220;on&#8220; gutter_width=&#8220;1&#8243; make_equal=&#8220;on&#8220; column_padding_mobile=&#8220;on&#8220; admin_label=&#8220;Zeile&#8220; _builder_version=&#8220;4.16&#8243; custom_margin=&#8220;0px|0px||0px&#8220; custom_padding=&#8220;0px|0px|0px|0px&#8220; global_colors_info=&#8220;{}&#8220;][et_pb_column_inner type=&#8220;1_2&#8243; saved_specialty_column_type=&#8220;3_4&#8243; _builder_version=&#8220;4.16&#8243; background_color=&#8220;#f7f7f7&#8243; custom_padding=&#8220;0px|0px||0px&#8220; global_colors_info=&#8220;{}&#8220; custom_padding__hover=&#8220;|||&#8220;][et_pb_text _builder_version=&#8220;4.16&#8243; text_font=&#8220;Droid Sans||||&#8220; header_font=&#8220;Open Sans||||&#8220; background_color=&#8220;#f7f7f7&#8243; max_width=&#8220;320px&#8220; module_alignment=&#8220;left&#8220; custom_margin=&#8220;|0px||10px&#8220; custom_padding=&#8220;30px|0px|20px|10px&#8220; border_color_all=&#8220;#ffffff&#8220; use_border_color=&#8220;off&#8220; border_color=&#8220;#ffffff&#8220; border_style=&#8220;solid&#8220; global_colors_info=&#8220;{}&#8220;]<\/p>\n<h4><strong><span style=\"color: #333399; font-size: 14pt;\">Corporate (11+ PCs) <\/span><\/strong><span style=\"color: #333399; font-size: 14pt;\">**<\/span><strong><br \/>\n<\/strong><\/h4>\n<p>Das Programm kann innerhalb des gleichen Unternehmens f\u00fcr eine beliebige Anzahl PCs\/Benutzer installiert werden. Die <strong>Lizenz<\/strong> lautet auf den <strong>Namen des Unternehmens<\/strong>.<\/p>\n<p>[\/et_pb_text][\/et_pb_column_inner][et_pb_column_inner type=&#8220;1_2&#8243; saved_specialty_column_type=&#8220;3_4&#8243; _builder_version=&#8220;4.16&#8243; background_color=&#8220;#f7f7f7&#8243; custom_padding=&#8220;0px|||0px&#8220; global_colors_info=&#8220;{}&#8220; custom_padding__hover=&#8220;|||&#8220;][et_pb_text _builder_version=&#8220;4.23.1&#8243; module_alignment=&#8220;left&#8220; custom_padding=&#8220;60px|||&#8220; hover_enabled=&#8220;0&#8243; border_color_all=&#8220;#ff2626&#8243; use_border_color=&#8220;off&#8220; global_colors_info=&#8220;{}&#8220; sticky_enabled=&#8220;0&#8243;]<\/p>\n<p style=\"text-align: center;\"><span style=\"font-size: 14pt;\"><strong>245 <\/strong><\/span><span style=\"font-size: 14pt;\"><strong>EUR \/ USD \/ CHF<\/strong><\/span><br \/>(wechselkursabh\u00e4ngig)<\/p>\n<p>[\/et_pb_text][et_pb_image src=&#8220;https:\/\/www.infonautics-software.ch\/meinstartmenu\/wp-content\/uploads\/sites\/34\/2016\/04\/Buy-Now-2-e1434621941852.png&#8220; alt=&#8220;My Start Menu jetzt kaufen&#8220; title_text=&#8220;My Start Menu heute kaufen und alle Updates sind inklusive!&#8220; url=&#8220;https:\/\/store.payproglobal.com\/checkout?products%911%93%91id%93=113828&#038;use-company-purchase=true&#8220; url_new_window=&#8220;on&#8220; align=&#8220;center&#8220; align_tablet=&#8220;center&#8220; align_phone=&#8220;&#8220; align_last_edited=&#8220;on|desktop&#8220; _builder_version=&#8220;4.23.1&#8243; max_width=&#8220;150px&#8220; module_alignment=&#8220;center&#8220; custom_margin=&#8220;|0px||55px&#8220; hover_enabled=&#8220;0&#8243; use_border_color=&#8220;off&#8220; global_colors_info=&#8220;{}&#8220; sticky_enabled=&#8220;0&#8243;][\/et_pb_image][\/et_pb_column_inner][\/et_pb_row_inner][et_pb_row_inner admin_label=&#8220;Zeile&#8220; _builder_version=&#8220;4.16&#8243; global_colors_info=&#8220;{}&#8220;][et_pb_column_inner saved_specialty_column_type=&#8220;3_4&#8243; _builder_version=&#8220;4.16&#8243; custom_padding=&#8220;|||&#8220; global_colors_info=&#8220;{}&#8220; custom_padding__hover=&#8220;|||&#8220;][et_pb_text _builder_version=&#8220;4.23.1&#8243; module_alignment=&#8220;left&#8220; border_color_all=&#8220;#ffffff&#8220; use_border_color=&#8220;off&#8220; global_colors_info=&#8220;{}&#8220;]<\/p>\n<p><span style=\"font-size: 10pt;\">** F\u00fcr Staatsbetriebe und Konzerne akzeptieren wir je Lizenz Abteilungen\/Standorte in der Gr\u00f6ssenordnung von ca. 100 Mitarbeitern.<\/span><\/p>\n<p><span style=\"font-size: 12pt;\">Je nach Wohnsitz des K\u00e4ufers kann zus\u00e4tzlich Mehrwertsteuer anfallen.<\/span><\/p>\n<p><span style=\"font-size: 12pt;\">Nach Erhalt Ihrer Zahlung wird der Lizenzschl\u00fcssel umgehend via E-Mail zugestellt. Bitte bewahren Sie diese Lizenzinformationen sorgf\u00e4ltig auf, da wir sie f\u00fcr dieses kosteng\u00fcnstige Programm nicht nachliefern k\u00f6nnen.<br \/><\/span><\/p>\n<p>[\/et_pb_text][\/et_pb_column_inner][\/et_pb_row_inner][\/et_pb_column][et_pb_column type=&#8220;1_4&#8243; _builder_version=&#8220;4.16&#8243; custom_padding=&#8220;|||&#8220; global_colors_info=&#8220;{}&#8220; custom_padding__hover=&#8220;|||&#8220;][et_pb_sidebar area=&#8220;sidebar-1&#8243; admin_label=&#8220;Sidebar&#8220; _builder_version=&#8220;4.16&#8243; global_colors_info=&#8220;{}&#8220;][\/et_pb_sidebar][\/et_pb_column][\/et_pb_section]<\/p>\n","protected":false},"excerpt":{"rendered":"<p>Heute kaufen und alle zuk\u00fcnftigen Updates sind inklusive! &nbsp; Vor dem Kauf kann My Start Menu\u00a0kostenlos und vollumf\u00e4nglich w\u00e4hrend 30 Tagen getestet werden. Das Startmen\u00fc f\u00fcr Microsoft Windows\u2122 ben\u00f6tigt nach Ablauf dieser 30 Tage f\u00fcr den regul\u00e4ren Betrieb einen Lizenzschl\u00fcssel. Die erworbene Lizenz ist zeitlich unbeschr\u00e4nkt und f\u00fcr alle zuk\u00fcnftigen Aktualisierungen g\u00fcltig. Das Startmen\u00fc My [&hellip;]<\/p>\n","protected":false},"author":1,"featured_media":0,"parent":0,"menu_order":0,"comment_status":"open","ping_status":"open","template":"","meta":{"_et_pb_use_builder":"on","_et_pb_old_content":"","_et_gb_content_width":"","jetpack_post_was_ever_published":false,"footnotes":""},"class_list":["post-95","page","type-page","status-publish","hentry"],"yoast_head":"<!-- This site is optimized with the Yoast SEO plugin v25.0 - https:\/\/yoast.com\/wordpress\/plugins\/seo\/ -->\n<title>Windows Startmen\u00fc Ersatz My Start Menu jetzt kaufen<\/title>\n<meta name=\"description\" content=\"Kaufen Sie jetzt das alternative Windows Startmen\u00fc My Start Menu und alle zuk\u00fcnftigen Updates sind inklusive. Ihr pers\u00f6nliches und individuelles Startmen\u00fc.\" \/>\n<meta name=\"robots\" content=\"index, follow, max-snippet:-1, max-image-preview:large, max-video-preview:-1\" \/>\n<link rel=\"canonical\" href=\"https:\/\/www.infonautics-software.ch\/meinstartmenu\/kaufen\/\" \/>\n<meta property=\"og:locale\" content=\"de_DE\" \/>\n<meta property=\"og:type\" content=\"article\" \/>\n<meta property=\"og:title\" content=\"Windows Startmen\u00fc Ersatz My Start Menu jetzt kaufen\" \/>\n<meta property=\"og:description\" content=\"Kaufen Sie jetzt das alternative Windows Startmen\u00fc My Start Menu und alle zuk\u00fcnftigen Updates sind inklusive. Ihr pers\u00f6nliches und individuelles Startmen\u00fc.\" \/>\n<meta property=\"og:url\" content=\"https:\/\/www.infonautics-software.ch\/meinstartmenu\/kaufen\/\" \/>\n<meta property=\"og:site_name\" content=\"My Start Menu DE\" \/>\n<meta property=\"article:modified_time\" content=\"2025-06-12T14:41:21+00:00\" \/>\n<meta name=\"twitter:card\" content=\"summary_large_image\" \/>\n<meta name=\"twitter:site\" content=\"@InfonauticsGmbH\" \/>\n<meta name=\"twitter:label1\" content=\"Gesch\u00e4tzte Lesezeit\" \/>\n\t<meta name=\"twitter:data1\" content=\"5\u00a0Minuten\" \/>\n<script type=\"application\/ld+json\" class=\"yoast-schema-graph\">{\"@context\":\"https:\/\/schema.org\",\"@graph\":[{\"@type\":\"WebPage\",\"@id\":\"https:\/\/www.infonautics-software.ch\/meinstartmenu\/kaufen\/\",\"url\":\"https:\/\/www.infonautics-software.ch\/meinstartmenu\/kaufen\/\",\"name\":\"Windows Startmen\u00fc Ersatz My Start Menu jetzt kaufen\",\"isPartOf\":{\"@id\":\"https:\/\/www.infonautics-software.ch\/meinstartmenu\/#website\"},\"datePublished\":\"2025-06-12T08:00:54+00:00\",\"dateModified\":\"2025-06-12T14:41:21+00:00\",\"description\":\"Kaufen Sie jetzt das alternative Windows Startmen\u00fc My Start Menu und alle zuk\u00fcnftigen Updates sind inklusive. Ihr pers\u00f6nliches und individuelles Startmen\u00fc.\",\"breadcrumb\":{\"@id\":\"https:\/\/www.infonautics-software.ch\/meinstartmenu\/kaufen\/#breadcrumb\"},\"inLanguage\":\"de\",\"potentialAction\":[{\"@type\":\"ReadAction\",\"target\":[\"https:\/\/www.infonautics-software.ch\/meinstartmenu\/kaufen\/\"]}]},{\"@type\":\"BreadcrumbList\",\"@id\":\"https:\/\/www.infonautics-software.ch\/meinstartmenu\/kaufen\/#breadcrumb\",\"itemListElement\":[{\"@type\":\"ListItem\",\"position\":1,\"name\":\"Startseite\",\"item\":\"https:\/\/www.infonautics-software.ch\/meinstartmenu\/\"},{\"@type\":\"ListItem\",\"position\":2,\"name\":\"KAUFEN\"}]},{\"@type\":\"WebSite\",\"@id\":\"https:\/\/www.infonautics-software.ch\/meinstartmenu\/#website\",\"url\":\"https:\/\/www.infonautics-software.ch\/meinstartmenu\/\",\"name\":\"My Start Menu DE\",\"description\":\"My Start Menu f\u00fcr Windows, Startmen\u00fc f\u00fcr Windows\",\"potentialAction\":[{\"@type\":\"SearchAction\",\"target\":{\"@type\":\"EntryPoint\",\"urlTemplate\":\"https:\/\/www.infonautics-software.ch\/meinstartmenu\/?s={search_term_string}\"},\"query-input\":{\"@type\":\"PropertyValueSpecification\",\"valueRequired\":true,\"valueName\":\"search_term_string\"}}],\"inLanguage\":\"de\"}]}<\/script>\n<!-- \/ Yoast SEO plugin. -->","yoast_head_json":{"title":"Windows Startmen\u00fc Ersatz My Start Menu jetzt kaufen","description":"Kaufen Sie jetzt das alternative Windows Startmen\u00fc My Start Menu und alle zuk\u00fcnftigen Updates sind inklusive. Ihr pers\u00f6nliches und individuelles Startmen\u00fc.","robots":{"index":"index","follow":"follow","max-snippet":"max-snippet:-1","max-image-preview":"max-image-preview:large","max-video-preview":"max-video-preview:-1"},"canonical":"https:\/\/www.infonautics-software.ch\/meinstartmenu\/kaufen\/","og_locale":"de_DE","og_type":"article","og_title":"Windows Startmen\u00fc Ersatz My Start Menu jetzt kaufen","og_description":"Kaufen Sie jetzt das alternative Windows Startmen\u00fc My Start Menu und alle zuk\u00fcnftigen Updates sind inklusive. Ihr pers\u00f6nliches und individuelles Startmen\u00fc.","og_url":"https:\/\/www.infonautics-software.ch\/meinstartmenu\/kaufen\/","og_site_name":"My Start Menu DE","article_modified_time":"2025-06-12T14:41:21+00:00","twitter_card":"summary_large_image","twitter_site":"@InfonauticsGmbH","twitter_misc":{"Gesch\u00e4tzte Lesezeit":"5\u00a0Minuten"},"schema":{"@context":"https:\/\/schema.org","@graph":[{"@type":"WebPage","@id":"https:\/\/www.infonautics-software.ch\/meinstartmenu\/kaufen\/","url":"https:\/\/www.infonautics-software.ch\/meinstartmenu\/kaufen\/","name":"Windows Startmen\u00fc Ersatz My Start Menu jetzt kaufen","isPartOf":{"@id":"https:\/\/www.infonautics-software.ch\/meinstartmenu\/#website"},"datePublished":"2025-06-12T08:00:54+00:00","dateModified":"2025-06-12T14:41:21+00:00","description":"Kaufen Sie jetzt das alternative Windows Startmen\u00fc My Start Menu und alle zuk\u00fcnftigen Updates sind inklusive. Ihr pers\u00f6nliches und individuelles Startmen\u00fc.","breadcrumb":{"@id":"https:\/\/www.infonautics-software.ch\/meinstartmenu\/kaufen\/#breadcrumb"},"inLanguage":"de","potentialAction":[{"@type":"ReadAction","target":["https:\/\/www.infonautics-software.ch\/meinstartmenu\/kaufen\/"]}]},{"@type":"BreadcrumbList","@id":"https:\/\/www.infonautics-software.ch\/meinstartmenu\/kaufen\/#breadcrumb","itemListElement":[{"@type":"ListItem","position":1,"name":"Startseite","item":"https:\/\/www.infonautics-software.ch\/meinstartmenu\/"},{"@type":"ListItem","position":2,"name":"KAUFEN"}]},{"@type":"WebSite","@id":"https:\/\/www.infonautics-software.ch\/meinstartmenu\/#website","url":"https:\/\/www.infonautics-software.ch\/meinstartmenu\/","name":"My Start Menu DE","description":"My Start Menu f\u00fcr Windows, Startmen\u00fc f\u00fcr Windows","potentialAction":[{"@type":"SearchAction","target":{"@type":"EntryPoint","urlTemplate":"https:\/\/www.infonautics-software.ch\/meinstartmenu\/?s={search_term_string}"},"query-input":{"@type":"PropertyValueSpecification","valueRequired":true,"valueName":"search_term_string"}}],"inLanguage":"de"}]}},"jetpack_sharing_enabled":true,"jetpack_shortlink":"https:\/\/wp.me\/P6bdC3-1x","_links":{"self":[{"href":"https:\/\/www.infonautics-software.ch\/meinstartmenu\/wp-json\/wp\/v2\/pages\/95","targetHints":{"allow":["GET"]}}],"collection":[{"href":"https:\/\/www.infonautics-software.ch\/meinstartmenu\/wp-json\/wp\/v2\/pages"}],"about":[{"href":"https:\/\/www.infonautics-software.ch\/meinstartmenu\/wp-json\/wp\/v2\/types\/page"}],"author":[{"embeddable":true,"href":"https:\/\/www.infonautics-software.ch\/meinstartmenu\/wp-json\/wp\/v2\/users\/1"}],"replies":[{"embeddable":true,"href":"https:\/\/www.infonautics-software.ch\/meinstartmenu\/wp-json\/wp\/v2\/comments?post=95"}],"version-history":[{"count":9,"href":"https:\/\/www.infonautics-software.ch\/meinstartmenu\/wp-json\/wp\/v2\/pages\/95\/revisions"}],"predecessor-version":[{"id":1439,"href":"https:\/\/www.infonautics-software.ch\/meinstartmenu\/wp-json\/wp\/v2\/pages\/95\/revisions\/1439"}],"wp:attachment":[{"href":"https:\/\/www.infonautics-software.ch\/meinstartmenu\/wp-json\/wp\/v2\/media?parent=95"}],"curies":[{"name":"wp","href":"https:\/\/api.w.org\/{rel}","templated":true}]}}