{"id":132,"date":"2024-02-14T10:27:50","date_gmt":"2024-02-14T09:27:50","guid":{"rendered":"http:\/\/www.infonautics-software.ch\/mymenuexplorerfr\/?page_id=132"},"modified":"2024-02-14T17:06:52","modified_gmt":"2024-02-14T16:06:52","slug":"menu-demarrage","status":"publish","type":"page","link":"https:\/\/www.infonautics-software.ch\/menudemarrer\/menu-demarrage\/","title":{"rendered":"T\u00c9L\u00c9CHARGER"},"content":{"rendered":"<p>[et_pb_section fb_built=\u00a0\u00bb1&Prime; fullwidth=\u00a0\u00bbon\u00a0\u00bb admin_label=\u00a0\u00bbsection\u00a0\u00bb _builder_version=\u00a0\u00bb4.16&Prime; background_color=\u00a0\u00bb#00458e\u00a0\u00bb transparent_background=\u00a0\u00bboff\u00a0\u00bb global_colors_info=\u00a0\u00bb{}\u00a0\u00bb][et_pb_fullwidth_header title=\u00a0\u00bbT\u00e9l\u00e9charger maintenant et tester gratuitement\u00a0\u00bb content_max_width=\u00a0\u00bbnone\u00a0\u00bb admin_label=\u00a0\u00bbFullwidth Header\u00a0\u00bb _builder_version=\u00a0\u00bb4.16&Prime; background_color=\u00a0\u00bbrgba(255, 255, 255, 0)\u00a0\u00bb button_one_letter_spacing_hover=\u00a0\u00bb0&Prime; button_two_letter_spacing_hover=\u00a0\u00bb0&Prime; global_colors_info=\u00a0\u00bb{}\u00a0\u00bb button_one_text_size__hover_enabled=\u00a0\u00bboff\u00a0\u00bb button_two_text_size__hover_enabled=\u00a0\u00bboff\u00a0\u00bb button_one_text_color__hover_enabled=\u00a0\u00bboff\u00a0\u00bb button_two_text_color__hover_enabled=\u00a0\u00bboff\u00a0\u00bb button_one_border_width__hover_enabled=\u00a0\u00bboff\u00a0\u00bb button_two_border_width__hover_enabled=\u00a0\u00bboff\u00a0\u00bb button_one_border_color__hover_enabled=\u00a0\u00bboff\u00a0\u00bb button_two_border_color__hover_enabled=\u00a0\u00bboff\u00a0\u00bb button_one_border_radius__hover_enabled=\u00a0\u00bboff\u00a0\u00bb button_two_border_radius__hover_enabled=\u00a0\u00bboff\u00a0\u00bb button_one_letter_spacing__hover_enabled=\u00a0\u00bbon\u00a0\u00bb button_one_letter_spacing__hover=\u00a0\u00bb0&Prime; button_two_letter_spacing__hover_enabled=\u00a0\u00bbon\u00a0\u00bb button_two_letter_spacing__hover=\u00a0\u00bb0&Prime; button_one_bg_color__hover_enabled=\u00a0\u00bboff\u00a0\u00bb button_two_bg_color__hover_enabled=\u00a0\u00bboff\u00a0\u00bb] [\/et_pb_fullwidth_header][\/et_pb_section][et_pb_section fb_built=\u00a0\u00bb1&Prime; custom_padding_last_edited=\u00a0\u00bbon|desktop\u00a0\u00bb admin_label=\u00a0\u00bbsection\u00a0\u00bb _builder_version=\u00a0\u00bb4.16&Prime; custom_padding=\u00a0\u00bb50px||40px|\u00a0\u00bb custom_padding_tablet=\u00a0\u00bb50px|0|50px|0&Prime; custom_padding_phone=\u00a0\u00bb\u00a0\u00bb transparent_background=\u00a0\u00bboff\u00a0\u00bb padding_mobile=\u00a0\u00bboff\u00a0\u00bb make_fullwidth=\u00a0\u00bboff\u00a0\u00bb use_custom_width=\u00a0\u00bboff\u00a0\u00bb width_unit=\u00a0\u00bbon\u00a0\u00bb global_colors_info=\u00a0\u00bb{}\u00a0\u00bb][et_pb_row column_structure=\u00a0\u00bb3_4,1_4&Prime; admin_label=\u00a0\u00bbrow\u00a0\u00bb _builder_version=\u00a0\u00bb4.16&Prime; background_size=\u00a0\u00bbinitial\u00a0\u00bb background_position=\u00a0\u00bbtop_left\u00a0\u00bb background_repeat=\u00a0\u00bbrepeat\u00a0\u00bb global_colors_info=\u00a0\u00bb{}\u00a0\u00bb][et_pb_column type=\u00a0\u00bb3_4&Prime; _builder_version=\u00a0\u00bb4.16&Prime; custom_padding=\u00a0\u00bb|||\u00a0\u00bb global_colors_info=\u00a0\u00bb{}\u00a0\u00bb custom_padding__hover=\u00a0\u00bb|||\u00a0\u00bb][et_pb_text admin_label=\u00a0\u00bbText\u00a0\u00bb _builder_version=\u00a0\u00bb4.16&Prime; background_size=\u00a0\u00bbinitial\u00a0\u00bb background_position=\u00a0\u00bbtop_left\u00a0\u00bb background_repeat=\u00a0\u00bbrepeat\u00a0\u00bb use_border_color=\u00a0\u00bboff\u00a0\u00bb border_color=\u00a0\u00bb#ffffff\u00a0\u00bb border_style=\u00a0\u00bbsolid\u00a0\u00bb global_colors_info=\u00a0\u00bb{}\u00a0\u00bb]<\/p>\n<h2><span style=\"color: #000080;\"><strong>T\u00e9l\u00e9chargement gratuit du menu d\u00e9marrage My Start Menu\u00a0<\/strong><\/span><\/h2>\n<p>&nbsp;<\/p>\n<p><span style=\"font-size: 12pt;\">Le remplacement du menu D\u00e9marrer <strong>My Start Menu<\/strong>\u00a0pour Windows est distribu\u00e9 comme Shareware et vous pouvez le tester enti\u00e8rement avant de l&rsquo;acheter. T\u00e9l\u00e9chargez <strong>My Start Menu<\/strong>\u00a0ici pour <strong>tester gratuitement pendant 30 jours <\/strong>toutes les fonctions vous permettant de travailler de\u00a0mani\u00e8re tr\u00e8s exp\u00e9ditive.<\/span><\/p>\n<p><span style=\"font-size: 12pt;\">Pour l&rsquo;installation du menu d\u00e9marrage <strong>My Start Menu<\/strong>\u00a0il ne faut aucune droit d&rsquo;administrateur. Avec l&rsquo;installation du logiciel <strong>aucunes modifications ne sont apport\u00e9es \u00e0 votre\u00a0syst\u00e8me d&rsquo;exploitation<\/strong>. \u00a0<\/span><\/p>\n<p><span style=\"font-size: 12pt;\">Le logiciel et le programme d\u2019installation sont sign\u00e9s num\u00e9riquement, <strong>100% propres<\/strong> et ne contiennent aucune publicit\u00e9 ou logiciel de tiers.<\/span><\/p>\n<p>[\/et_pb_text][et_pb_toggle title=\u00a0\u00bbSi l\u2019installation est bloqu\u00e9e par un message de s\u00e9curit\u00e9, veuillez s\u00e9lectionner \u00abInformations compl\u00e9mentaires\u00bb et ensuite \u00abEx\u00e9cuter quand m\u00eame\u00bb. %91+\/-%93&Prime; icon_color=\u00a0\u00bb#0c71c3&Prime; open_icon_color=\u00a0\u00bb#0c71c3&Prime; _builder_version=\u00a0\u00bb4.23.1&Prime; _module_preset=\u00a0\u00bbdefault\u00a0\u00bb title_font=\u00a0\u00bbArial||||||||\u00a0\u00bb title_font_size=\u00a0\u00bb15px\u00a0\u00bb closed_title_font=\u00a0\u00bbArial||||||||\u00a0\u00bb closed_title_font_size=\u00a0\u00bb15px\u00a0\u00bb closed_title_line_height=\u00a0\u00bb1em\u00a0\u00bb hover_enabled=\u00a0\u00bb0&Prime; global_colors_info=\u00a0\u00bb{}\u00a0\u00bb open=\u00a0\u00bbon\u00a0\u00bb sticky_enabled=\u00a0\u00bb0&Prime;]<\/p>\n<p><img loading=\"lazy\" decoding=\"async\" class=\"wp-image-870 alignleft size-full\" src=\"https:\/\/www.infonautics-software.ch\/menudemarrer\/wp-content\/uploads\/sites\/35\/2022\/02\/SmartScreenFR.png\" alt=\"\" width=\"750\" height=\"174\" srcset=\"https:\/\/www.infonautics-software.ch\/menudemarrer\/wp-content\/uploads\/sites\/35\/2022\/02\/SmartScreenFR.png 750w, https:\/\/www.infonautics-software.ch\/menudemarrer\/wp-content\/uploads\/sites\/35\/2022\/02\/SmartScreenFR-480x111.png 480w\" sizes=\"auto, (min-width: 0px) and (max-width: 480px) 480px, (min-width: 481px) 750px, 100vw\" \/><\/p>\n<p>[\/et_pb_toggle][et_pb_text admin_label=\u00a0\u00bbText\u00a0\u00bb _builder_version=\u00a0\u00bb4.16&Prime; background_size=\u00a0\u00bbinitial\u00a0\u00bb background_position=\u00a0\u00bbtop_left\u00a0\u00bb background_repeat=\u00a0\u00bbrepeat\u00a0\u00bb use_border_color=\u00a0\u00bboff\u00a0\u00bb border_color=\u00a0\u00bb#ffffff\u00a0\u00bb border_style=\u00a0\u00bbsolid\u00a0\u00bb global_colors_info=\u00a0\u00bb{}\u00a0\u00bb]<\/p>\n<p><span style=\"font-size: 12pt;\"><br \/>Vous pouvez t\u00e9l\u00e9charger <strong>le logiciel avec l&rsquo;installateur<\/strong> dans les langues suivantes:<\/span><\/p>\n<table style=\"height: 40px;\" width=\"431\">\n<tbody>\n<tr>\n<td><span style=\"font-size: 12pt;\"><a href=\"https:\/\/www.infonautics-software.ch\/downloads\/MyStartMenuEN.zip\"><img loading=\"lazy\" decoding=\"async\" class=\"alignleft wp-image-154 size-full\" title=\"T\u00e9l\u00e9charger le menu D\u00e9marrage My Start Menu en Anglais\" src=\"https:\/\/www.infonautics-software.ch\/menudemarrer\/wp-content\/uploads\/sites\/35\/2015\/05\/united_kingdom_32.png\" alt=\"T\u00e9l\u00e9charger le menu D\u00e9marrage My Start Menu\" width=\"32\" height=\"32\" \/><\/a><strong><a href=\"https:\/\/www.infonautics-software.ch\/downloads\/MyStartMenuEN.zip\">Anglais<\/a>\u00a0<\/strong><\/span><\/td>\n<td><span style=\"font-size: 12pt;\"><a href=\"https:\/\/www.infonautics-software.ch\/downloads\/MyStartMenuDE.zip\"><img loading=\"lazy\" decoding=\"async\" class=\"alignleft wp-image-153 size-full\" title=\"T\u00e9l\u00e9charger le menu D\u00e9marrage My Start Menu en Allemand\" src=\"https:\/\/www.infonautics-software.ch\/menudemarrer\/wp-content\/uploads\/sites\/35\/2015\/05\/germany_32.png\" alt=\"T\u00e9l\u00e9charger le menu D\u00e9marrage My Start Menu\" width=\"32\" height=\"32\" \/><\/a><b><a href=\"https:\/\/www.infonautics-software.ch\/downloads\/MyStartMenuDE.zip\">Allemand<\/a><\/b><\/span><\/td>\n<td><span style=\"font-size: 12pt;\"><a href=\"https:\/\/www.infonautics-software.ch\/downloads\/MyStartMenuFR.zip\" target=\"_blank\" rel=\"noopener noreferrer\"><img loading=\"lazy\" decoding=\"async\" class=\"alignleft wp-image-152 size-full\" title=\"T\u00e9l\u00e9charger le menu D\u00e9marrage My Start Menu en Fran\u00e7ais\" src=\"https:\/\/www.infonautics-software.ch\/menudemarrer\/wp-content\/uploads\/sites\/35\/2015\/05\/france_32.png\" alt=\"T\u00e9l\u00e9charger le menu D\u00e9marrage My Start Menu\" width=\"32\" height=\"32\" \/><\/a><strong><a href=\"https:\/\/www.infonautics-software.ch\/downloads\/MyStartMenuFR.zip\">Fran\u00e7ais<\/a><\/strong><\/span>\u00a0 *<\/td>\n<\/tr>\n<\/tbody>\n<\/table>\n<p style=\"text-align: right;\">\u00a0<sup> *\u00a0Pour le logiciel en fran\u00e7ais le m<span id=\"result_box\" class=\"short_text\" lang=\"fr\"><span class=\"hps\">anuel<\/span>\u00a0est\u00a0<span class=\"hps\">en anglais seulement<\/span><\/span><\/sup><\/p>\n<p>&nbsp;<\/p>\n<p><span style=\"font-size: 12pt;\">En plus, une <strong>version sans programme d&rsquo;installation <\/strong>est disponible dans les langues suivantes:\u00a0<\/span><\/p>\n<table style=\"height: 40px;\" width=\"431\">\n<tbody>\n<tr>\n<td><span style=\"font-size: 12pt;\"><a href=\"https:\/\/www.infonautics-software.ch\/downloads\/MyStartMenuNoinstallEN.zip\"><img loading=\"lazy\" decoding=\"async\" class=\"alignleft wp-image-154 size-full\" title=\"T\u00e9l\u00e9charger le menu D\u00e9marrage My Start Menu en Anglais\" src=\"https:\/\/www.infonautics-software.ch\/menudemarrer\/wp-content\/uploads\/sites\/35\/2015\/05\/united_kingdom_32.png\" alt=\"T\u00e9l\u00e9charger le menu D\u00e9marrage My Start Menu\" width=\"32\" height=\"32\" \/><\/a><strong><a href=\"https:\/\/www.infonautics-software.ch\/downloads\/MyStartMenuNoinstallEN.zip\">Anglais<\/a><\/strong><\/span><\/td>\n<td><span style=\"font-size: 12pt;\"><a href=\"https:\/\/www.infonautics-software.ch\/downloads\/MyStartMenuNoinstallDE.zip\"><img loading=\"lazy\" decoding=\"async\" class=\"alignleft wp-image-153 size-full\" title=\"T\u00e9l\u00e9charger le menu D\u00e9marrage My Start Menu en Allemand\" src=\"https:\/\/www.infonautics-software.ch\/menudemarrer\/wp-content\/uploads\/sites\/35\/2015\/05\/germany_32.png\" alt=\"T\u00e9l\u00e9charger le menu D\u00e9marrage My Start Menu\" width=\"32\" height=\"32\" \/><\/a><strong><a href=\"https:\/\/www.infonautics-software.ch\/downloads\/MyStartMenuNoinstallDE.zip\">Allemand<\/a><\/strong><\/span><\/td>\n<td><span style=\"font-size: 12pt;\"><a href=\"https:\/\/www.infonautics-software.ch\/downloads\/MyStartMenuNoinstallFR.zip\"><img loading=\"lazy\" decoding=\"async\" class=\"alignleft wp-image-152 size-full\" title=\"T\u00e9l\u00e9charger le menu D\u00e9marrage My Start Menu en Fran\u00e7ais\" src=\"https:\/\/www.infonautics-software.ch\/menudemarrer\/wp-content\/uploads\/sites\/35\/2015\/05\/france_32.png\" alt=\"T\u00e9l\u00e9charger le menu D\u00e9marrage My Start Menu\" width=\"32\" height=\"32\" \/><\/a><strong><a href=\"https:\/\/www.infonautics-software.ch\/downloads\/MyStartMenuNoinstallFR.zip\">Fran\u00e7ais<\/a><\/strong><\/span><strong>\u00a0 *<\/strong><\/td>\n<\/tr>\n<\/tbody>\n<\/table>\n<p style=\"text-align: right;\">\u00a0\u00a0<sup> * Pour le logiciel en fran\u00e7ais le m<span id=\"result_box\" class=\"short_text\" lang=\"fr\"><span class=\"hps\">anuel<\/span>\u00a0est\u00a0<span class=\"hps\">en anglais seulement<\/span><\/span><\/sup><\/p>\n<p><span style=\"font-size: 12pt;\"><br \/>Si le \u00a0menu d\u00e9marrage My Start Menu ne r\u00e9pond pas \u00e0 vos attentes vous pouvez le facilement d\u00e9sinstaller \u00e0 nouveau. \u00a0<\/span><\/p>\n<p>[\/et_pb_text][\/et_pb_column][et_pb_column type=\u00a0\u00bb1_4&Prime; _builder_version=\u00a0\u00bb4.16&Prime; custom_padding=\u00a0\u00bb|||\u00a0\u00bb global_colors_info=\u00a0\u00bb{}\u00a0\u00bb custom_padding__hover=\u00a0\u00bb|||\u00a0\u00bb][et_pb_sidebar area=\u00a0\u00bbsidebar-1&Prime; admin_label=\u00a0\u00bbSidebar\u00a0\u00bb _builder_version=\u00a0\u00bb4.16&Prime; global_colors_info=\u00a0\u00bb{}\u00a0\u00bb] [\/et_pb_sidebar][\/et_pb_column][\/et_pb_row][\/et_pb_section]<\/p>\n","protected":false},"excerpt":{"rendered":"<p>T\u00e9l\u00e9chargement gratuit du menu d\u00e9marrage My Start Menu\u00a0 &nbsp; Le remplacement du menu D\u00e9marrer My Start Menu\u00a0pour Windows est distribu\u00e9 comme Shareware et vous pouvez le tester enti\u00e8rement avant de l&rsquo;acheter. T\u00e9l\u00e9chargez My Start Menu\u00a0ici pour tester gratuitement pendant 30 jours toutes les fonctions vous permettant de travailler de\u00a0mani\u00e8re tr\u00e8s exp\u00e9ditive. Pour l&rsquo;installation du menu [&hellip;]<\/p>\n","protected":false},"author":1,"featured_media":0,"parent":0,"menu_order":0,"comment_status":"open","ping_status":"open","template":"","meta":{"_et_pb_use_builder":"on","_et_pb_old_content":"","_et_gb_content_width":"","footnotes":""},"class_list":["post-132","page","type-page","status-publish","hentry"],"yoast_head":"<!-- This site is optimized with the Yoast SEO plugin v25.0 - https:\/\/yoast.com\/wordpress\/plugins\/seo\/ -->\n<title>Version d&#039;essai gratuit du menu d\u00e9marrage My Start Menu pour Windows<\/title>\n<meta name=\"description\" content=\"T\u00e9l\u00e9chargez maintenant le menu d\u00e9marrage My Start Menu pour Windows et testez-le gratuitement pendant 30 jours. Cr\u00e9ez votre propre menu D\u00e9marrer.\" \/>\n<meta name=\"robots\" content=\"index, follow, max-snippet:-1, max-image-preview:large, max-video-preview:-1\" \/>\n<link rel=\"canonical\" href=\"https:\/\/www.infonautics-software.ch\/menudemarrer\/menu-demarrage\/\" \/>\n<meta property=\"og:locale\" content=\"fr_FR\" \/>\n<meta property=\"og:type\" content=\"article\" \/>\n<meta property=\"og:title\" content=\"Version d&#039;essai gratuit du menu d\u00e9marrage My Start Menu pour Windows\" \/>\n<meta property=\"og:description\" content=\"T\u00e9l\u00e9chargez maintenant le menu d\u00e9marrage My Start Menu pour Windows et testez-le gratuitement pendant 30 jours. Cr\u00e9ez votre propre menu D\u00e9marrer.\" \/>\n<meta property=\"og:url\" content=\"https:\/\/www.infonautics-software.ch\/menudemarrer\/menu-demarrage\/\" \/>\n<meta property=\"og:site_name\" content=\"My Start Menu FR\" \/>\n<meta property=\"article:modified_time\" content=\"2024-02-14T16:06:52+00:00\" \/>\n<meta property=\"og:image\" content=\"https:\/\/www.infonautics-software.ch\/menudemarrer\/wp-content\/uploads\/sites\/35\/2022\/02\/SmartScreenFR.png\" \/>\n<meta name=\"twitter:card\" content=\"summary_large_image\" \/>\n<meta name=\"twitter:site\" content=\"@InfonauticsGmbH\" \/>\n<meta name=\"twitter:label1\" content=\"Dur\u00e9e de lecture estim\u00e9e\" \/>\n\t<meta name=\"twitter:data1\" content=\"3 minutes\" \/>\n<script type=\"application\/ld+json\" class=\"yoast-schema-graph\">{\"@context\":\"https:\/\/schema.org\",\"@graph\":[{\"@type\":\"WebPage\",\"@id\":\"https:\/\/www.infonautics-software.ch\/menudemarrer\/menu-demarrage\/\",\"url\":\"https:\/\/www.infonautics-software.ch\/menudemarrer\/menu-demarrage\/\",\"name\":\"Version d'essai gratuit du menu d\u00e9marrage My Start Menu pour Windows\",\"isPartOf\":{\"@id\":\"https:\/\/www.infonautics-software.ch\/menudemarrer\/#website\"},\"primaryImageOfPage\":{\"@id\":\"https:\/\/www.infonautics-software.ch\/menudemarrer\/menu-demarrage\/#primaryimage\"},\"image\":{\"@id\":\"https:\/\/www.infonautics-software.ch\/menudemarrer\/menu-demarrage\/#primaryimage\"},\"thumbnailUrl\":\"https:\/\/www.infonautics-software.ch\/menudemarrer\/wp-content\/uploads\/sites\/35\/2022\/02\/SmartScreenFR.png\",\"datePublished\":\"2024-02-14T09:27:50+00:00\",\"dateModified\":\"2024-02-14T16:06:52+00:00\",\"description\":\"T\u00e9l\u00e9chargez maintenant le menu d\u00e9marrage My Start Menu pour Windows et testez-le gratuitement pendant 30 jours. Cr\u00e9ez votre propre menu D\u00e9marrer.\",\"breadcrumb\":{\"@id\":\"https:\/\/www.infonautics-software.ch\/menudemarrer\/menu-demarrage\/#breadcrumb\"},\"inLanguage\":\"fr-FR\",\"potentialAction\":[{\"@type\":\"ReadAction\",\"target\":[\"https:\/\/www.infonautics-software.ch\/menudemarrer\/menu-demarrage\/\"]}]},{\"@type\":\"ImageObject\",\"inLanguage\":\"fr-FR\",\"@id\":\"https:\/\/www.infonautics-software.ch\/menudemarrer\/menu-demarrage\/#primaryimage\",\"url\":\"https:\/\/www.infonautics-software.ch\/menudemarrer\/wp-content\/uploads\/sites\/35\/2022\/02\/SmartScreenFR.png\",\"contentUrl\":\"https:\/\/www.infonautics-software.ch\/menudemarrer\/wp-content\/uploads\/sites\/35\/2022\/02\/SmartScreenFR.png\",\"width\":750,\"height\":174},{\"@type\":\"BreadcrumbList\",\"@id\":\"https:\/\/www.infonautics-software.ch\/menudemarrer\/menu-demarrage\/#breadcrumb\",\"itemListElement\":[{\"@type\":\"ListItem\",\"position\":1,\"name\":\"Accueil\",\"item\":\"https:\/\/www.infonautics-software.ch\/menudemarrer\/\"},{\"@type\":\"ListItem\",\"position\":2,\"name\":\"T\u00c9L\u00c9CHARGER\"}]},{\"@type\":\"WebSite\",\"@id\":\"https:\/\/www.infonautics-software.ch\/menudemarrer\/#website\",\"url\":\"https:\/\/www.infonautics-software.ch\/menudemarrer\/\",\"name\":\"My Start Menu FR\",\"description\":\"My Start Menu pour Windows, remplacement du menu de d\u00e9marrage de Windows\",\"potentialAction\":[{\"@type\":\"SearchAction\",\"target\":{\"@type\":\"EntryPoint\",\"urlTemplate\":\"https:\/\/www.infonautics-software.ch\/menudemarrer\/?s={search_term_string}\"},\"query-input\":{\"@type\":\"PropertyValueSpecification\",\"valueRequired\":true,\"valueName\":\"search_term_string\"}}],\"inLanguage\":\"fr-FR\"}]}<\/script>\n<!-- \/ Yoast SEO plugin. -->","yoast_head_json":{"title":"Version d'essai gratuit du menu d\u00e9marrage My Start Menu pour Windows","description":"T\u00e9l\u00e9chargez maintenant le menu d\u00e9marrage My Start Menu pour Windows et testez-le gratuitement pendant 30 jours. Cr\u00e9ez votre propre menu D\u00e9marrer.","robots":{"index":"index","follow":"follow","max-snippet":"max-snippet:-1","max-image-preview":"max-image-preview:large","max-video-preview":"max-video-preview:-1"},"canonical":"https:\/\/www.infonautics-software.ch\/menudemarrer\/menu-demarrage\/","og_locale":"fr_FR","og_type":"article","og_title":"Version d'essai gratuit du menu d\u00e9marrage My Start Menu pour Windows","og_description":"T\u00e9l\u00e9chargez maintenant le menu d\u00e9marrage My Start Menu pour Windows et testez-le gratuitement pendant 30 jours. Cr\u00e9ez votre propre menu D\u00e9marrer.","og_url":"https:\/\/www.infonautics-software.ch\/menudemarrer\/menu-demarrage\/","og_site_name":"My Start Menu FR","article_modified_time":"2024-02-14T16:06:52+00:00","og_image":[{"url":"https:\/\/www.infonautics-software.ch\/menudemarrer\/wp-content\/uploads\/sites\/35\/2022\/02\/SmartScreenFR.png","type":"","width":"","height":""}],"twitter_card":"summary_large_image","twitter_site":"@InfonauticsGmbH","twitter_misc":{"Dur\u00e9e de lecture estim\u00e9e":"3 minutes"},"schema":{"@context":"https:\/\/schema.org","@graph":[{"@type":"WebPage","@id":"https:\/\/www.infonautics-software.ch\/menudemarrer\/menu-demarrage\/","url":"https:\/\/www.infonautics-software.ch\/menudemarrer\/menu-demarrage\/","name":"Version d'essai gratuit du menu d\u00e9marrage My Start Menu pour Windows","isPartOf":{"@id":"https:\/\/www.infonautics-software.ch\/menudemarrer\/#website"},"primaryImageOfPage":{"@id":"https:\/\/www.infonautics-software.ch\/menudemarrer\/menu-demarrage\/#primaryimage"},"image":{"@id":"https:\/\/www.infonautics-software.ch\/menudemarrer\/menu-demarrage\/#primaryimage"},"thumbnailUrl":"https:\/\/www.infonautics-software.ch\/menudemarrer\/wp-content\/uploads\/sites\/35\/2022\/02\/SmartScreenFR.png","datePublished":"2024-02-14T09:27:50+00:00","dateModified":"2024-02-14T16:06:52+00:00","description":"T\u00e9l\u00e9chargez maintenant le menu d\u00e9marrage My Start Menu pour Windows et testez-le gratuitement pendant 30 jours. Cr\u00e9ez votre propre menu D\u00e9marrer.","breadcrumb":{"@id":"https:\/\/www.infonautics-software.ch\/menudemarrer\/menu-demarrage\/#breadcrumb"},"inLanguage":"fr-FR","potentialAction":[{"@type":"ReadAction","target":["https:\/\/www.infonautics-software.ch\/menudemarrer\/menu-demarrage\/"]}]},{"@type":"ImageObject","inLanguage":"fr-FR","@id":"https:\/\/www.infonautics-software.ch\/menudemarrer\/menu-demarrage\/#primaryimage","url":"https:\/\/www.infonautics-software.ch\/menudemarrer\/wp-content\/uploads\/sites\/35\/2022\/02\/SmartScreenFR.png","contentUrl":"https:\/\/www.infonautics-software.ch\/menudemarrer\/wp-content\/uploads\/sites\/35\/2022\/02\/SmartScreenFR.png","width":750,"height":174},{"@type":"BreadcrumbList","@id":"https:\/\/www.infonautics-software.ch\/menudemarrer\/menu-demarrage\/#breadcrumb","itemListElement":[{"@type":"ListItem","position":1,"name":"Accueil","item":"https:\/\/www.infonautics-software.ch\/menudemarrer\/"},{"@type":"ListItem","position":2,"name":"T\u00c9L\u00c9CHARGER"}]},{"@type":"WebSite","@id":"https:\/\/www.infonautics-software.ch\/menudemarrer\/#website","url":"https:\/\/www.infonautics-software.ch\/menudemarrer\/","name":"My Start Menu FR","description":"My Start Menu pour Windows, remplacement du menu de d\u00e9marrage de Windows","potentialAction":[{"@type":"SearchAction","target":{"@type":"EntryPoint","urlTemplate":"https:\/\/www.infonautics-software.ch\/menudemarrer\/?s={search_term_string}"},"query-input":{"@type":"PropertyValueSpecification","valueRequired":true,"valueName":"search_term_string"}}],"inLanguage":"fr-FR"}]}},"jetpack_sharing_enabled":true,"jetpack_shortlink":"https:\/\/wp.me\/P9rghW-28","_links":{"self":[{"href":"https:\/\/www.infonautics-software.ch\/menudemarrer\/wp-json\/wp\/v2\/pages\/132","targetHints":{"allow":["GET"]}}],"collection":[{"href":"https:\/\/www.infonautics-software.ch\/menudemarrer\/wp-json\/wp\/v2\/pages"}],"about":[{"href":"https:\/\/www.infonautics-software.ch\/menudemarrer\/wp-json\/wp\/v2\/types\/page"}],"author":[{"embeddable":true,"href":"https:\/\/www.infonautics-software.ch\/menudemarrer\/wp-json\/wp\/v2\/users\/1"}],"replies":[{"embeddable":true,"href":"https:\/\/www.infonautics-software.ch\/menudemarrer\/wp-json\/wp\/v2\/comments?post=132"}],"version-history":[{"count":10,"href":"https:\/\/www.infonautics-software.ch\/menudemarrer\/wp-json\/wp\/v2\/pages\/132\/revisions"}],"predecessor-version":[{"id":879,"href":"https:\/\/www.infonautics-software.ch\/menudemarrer\/wp-json\/wp\/v2\/pages\/132\/revisions\/879"}],"wp:attachment":[{"href":"https:\/\/www.infonautics-software.ch\/menudemarrer\/wp-json\/wp\/v2\/media?parent=132"}],"curies":[{"name":"wp","href":"https:\/\/api.w.org\/{rel}","templated":true}]}}