{"id":125,"date":"2022-02-21T11:00:10","date_gmt":"2022-02-21T10:00:10","guid":{"rendered":"http:\/\/www.infonautics-software.ch\/mymenuexplorerde\/?page_id=125"},"modified":"2022-02-21T18:54:04","modified_gmt":"2022-02-21T17:54:04","slug":"funktionen","status":"publish","type":"page","link":"https:\/\/www.infonautics-software.ch\/quickmerge-fuer-excelword\/funktionen\/","title":{"rendered":"FUNKTIONEN"},"content":{"rendered":"<p>[et_pb_section fb_built=&#8220;1&#8243; make_equal=&#8220;on&#8220; fullwidth=&#8220;on&#8220; custom_padding_last_edited=&#8220;on|desktop&#8220; _builder_version=&#8220;3.22&#8243; background_color=&#8220;#00458e&#8220; custom_padding=&#8220;50px|||&#8220; custom_padding_tablet=&#8220;50px|0|50px|0&#8243; custom_padding_phone=&#8220;&#8220; transparent_background=&#8220;off&#8220; padding_mobile=&#8220;off&#8220;][et_pb_fullwidth_header title=&#8220;Quick Merge f\u00fcr Ihre Serienbriefe und Seriendokumente &#8220; admin_label=&#8220;Fullwidth Header&#8220; _builder_version=&#8220;3.16&#8243; background_color=&#8220;rgba(255, 255, 255, 0)&#8220; max_width_tablet=&#8220;50px&#8220; button_one_text_size__hover_enabled=&#8220;off&#8220; button_two_text_size__hover_enabled=&#8220;off&#8220; button_one_text_color__hover_enabled=&#8220;off&#8220; button_two_text_color__hover_enabled=&#8220;off&#8220; button_one_border_width__hover_enabled=&#8220;off&#8220; button_two_border_width__hover_enabled=&#8220;off&#8220; button_one_border_color__hover_enabled=&#8220;off&#8220; button_two_border_color__hover_enabled=&#8220;off&#8220; button_one_border_radius__hover_enabled=&#8220;off&#8220; button_two_border_radius__hover_enabled=&#8220;off&#8220; button_one_letter_spacing__hover_enabled=&#8220;off&#8220; button_two_letter_spacing__hover_enabled=&#8220;off&#8220; button_one_bg_color__hover_enabled=&#8220;off&#8220; button_two_bg_color__hover_enabled=&#8220;off&#8220;][\/et_pb_fullwidth_header][\/et_pb_section][et_pb_section fb_built=&#8220;1&#8243; specialty=&#8220;on&#8220; custom_padding_last_edited=&#8220;on|desktop&#8220; _builder_version=&#8220;3.22&#8243; custom_padding=&#8220;50px||50px|&#8220; custom_padding_tablet=&#8220;50px|0|50px|0&#8243; custom_padding_phone=&#8220;&#8220; transparent_background=&#8220;off&#8220; padding_mobile=&#8220;off&#8220;][et_pb_column type=&#8220;3_4&#8243; specialty_columns=&#8220;3&#8243; _builder_version=&#8220;3.25&#8243; custom_padding=&#8220;|||&#8220; custom_padding__hover=&#8220;|||&#8220;][et_pb_row_inner _builder_version=&#8220;3.25&#8243;][et_pb_column_inner saved_specialty_column_type=&#8220;3_4&#8243; _builder_version=&#8220;3.25&#8243; custom_padding=&#8220;|||&#8220; custom_padding__hover=&#8220;|||&#8220;][et_pb_text _builder_version=&#8220;4.4.8&#8243; module_alignment=&#8220;left&#8220; use_border_color=&#8220;off&#8220;]<\/p>\n<h2><span style=\"color: #000080;\"><strong>Werden die Datums- und Zahlenfelder im Serienbrief nicht richtig aus Excel \u00fcbernommen?<\/strong><\/span><\/h2>\n<p>&nbsp;<\/p>\n<p>Mit <strong>Quick Merge f\u00fcr Excel&#x2122;+Word&#x2122;<\/strong> geht das ganz einfach.\u00a0Quick Merge f\u00fcr Excel&#x2122;+Word&#x2122;<strong>\u00a0<\/strong>ist ein Programm f\u00fcr Windows&#x2122; und erlaubt, das einfache und schnelle Erstellen von Seriendokumenten mit korrekter \u00dcbernahme der Datums- und Zahlenfelder aus Excel, <strong>ohne umst\u00e4ndliche Formatierung \u00fcber MERGEFIELD-Felder.<\/strong><\/p>\n<p>Mit Quick Merge k\u00f6nnen Seriendokumente und Serienbriefe (Mail Merge) sehr einfach und besonders schnell erstellt werden, ohne komplizierte Einrichtung von Datenverkn\u00fcpfungen und r\u00e4tselhaften Formatierungen. Der gr\u00f6sste Vorteil ist die automatische \u00dcbernahme von Zahlen- und Datumsformaten sowie berechneten Werten <strong>genauso wie sie in Excel-Tabellen angezeigt werden<\/strong>.<\/p>\n<p>[\/et_pb_text][et_pb_image src=&#8220;https:\/\/www.infonautics-software.ch\/quickmerge-fuer-excelword\/wp-content\/uploads\/sites\/39\/2018\/05\/FunktionenQuickeMerge.png&#8220; alt=&#8220;Mit Quick Merge f\u00fcr Excel&#x2122;+Word&#x2122; Zahlenformat im Serienbrief richtig \u00fcbernehmen.&#8220; show_in_lightbox=&#8220;on&#8220; align_tablet=&#8220;center&#8220; align_phone=&#8220;&#8220; align_last_edited=&#8220;on|desktop&#8220; _builder_version=&#8220;3.23&#8243;][\/et_pb_image][\/et_pb_column_inner][\/et_pb_row_inner][et_pb_row_inner _builder_version=&#8220;3.25&#8243;][et_pb_column_inner saved_specialty_column_type=&#8220;3_4&#8243; _builder_version=&#8220;3.25&#8243; custom_padding=&#8220;|||&#8220; custom_padding__hover=&#8220;|||&#8220;][et_pb_text _builder_version=&#8220;3.27.4&#8243; module_alignment=&#8220;left&#8220; use_border_color=&#8220;off&#8220;]<\/p>\n<h3><span style=\"color: #000080;\"><strong>So einfach funktioniert Quick Merge f\u00fcr Excel&#x2122;+Word&#x2122;\u00a0<\/strong><\/span><\/h3>\n<ol>\n<li><strong>Excel-Datei<\/strong> ausw\u00e4hlen, welche die zu mergenden Daten enth\u00e4lt.\u00a0<\/li>\n<li><strong>Word-Datei<\/strong> ausw\u00e4hlen, welche die Textvorlage mit Platzhaltern f\u00fcr die Datenfelder enth\u00e4lt.<\/li>\n<li><strong>Ausgabeordner<\/strong> bestimmen, der die erzeugten Dokumente enthalten soll.<\/li>\n<li><strong>Dateibenennung<\/strong> definieren, welche Text und Platzhalter enthalten kann.<\/li>\n<li>Mit <strong>Starten<\/strong> die gew\u00fcnschten Dokumente erzeugen lassen.<\/li>\n<\/ol>\n<p>&nbsp;<\/p>\n<h4><span style=\"color: #000080;\"><strong>Drag &amp; Drop<\/strong><\/span><\/h4>\n<p>Excel- und Word-Dateien wie auch Ausgabe-Ordner k\u00f6nnen vom Windows-Explorer direkt auf das Programmfenster gezogen werden, statt diese \u00fcber die Datei-Dialoge einzustellen.\u00a0<\/p>\n<h4><strong><span style=\"color: #000080;\">\u00a0<\/span><\/strong><\/h4>\n<h4><strong><span style=\"color: #000080;\">1. Excel-Datei<\/span><\/strong><\/h4>\n<p>Erstellen Sie wie gewohnt Ihre Excel-Tabelle f\u00fcr den Serienbrief.<\/p>\n<p>[\/et_pb_text][et_pb_image src=&#8220;https:\/\/www.infonautics-software.ch\/quickmerge-fuer-excelword\/wp-content\/uploads\/sites\/39\/2018\/05\/ExceltabelleF\u00fcrSerienbrief.png&#8220; alt=&#8220;Zahlenformate aus Excel richtig \u00fcbernehmen f\u00fcr Serienbrief&#8220; show_in_lightbox=&#8220;on&#8220; align_tablet=&#8220;center&#8220; align_phone=&#8220;&#8220; align_last_edited=&#8220;on|desktop&#8220; _builder_version=&#8220;3.23&#8243;][\/et_pb_image][et_pb_text _builder_version=&#8220;3.27.4&#8243;]<\/p>\n<h4><span style=\"color: #000080;\"><strong>\u00a0<br \/>\n 2. Word-Dokument<\/strong><\/span><\/h4>\n<p>Die Seriendruckfelder werden mit geschweiften Klammern {} eingesetzt. Dabei k\u00f6nnen f\u00fcr die Datenfelder Spaltentitel {Umsatz} oder Spaltenbuchstaben {A} als Platzhalter eingef\u00fcgt werden.\u00a0<\/p>\n<p>[\/et_pb_text][et_pb_image src=&#8220;https:\/\/www.infonautics-software.ch\/quickmerge-fuer-excelword\/wp-content\/uploads\/sites\/39\/2018\/05\/Worddokument.png&#8220; alt=&#8220;Zahlenformate aus Excel richtig f\u00fcr Serienbrief \u00fcbernehmen&#8220; show_in_lightbox=&#8220;on&#8220; align_tablet=&#8220;center&#8220; align_phone=&#8220;&#8220; align_last_edited=&#8220;on|desktop&#8220; _builder_version=&#8220;3.23&#8243;][\/et_pb_image][et_pb_text _builder_version=&#8220;4.4.8&#8243;]<\/p>\n<p>Alle Werte werden automatisch so wie in Excel dargestellt \u00fcbernommen. Das umst\u00e4ndliche Verfahren durch <strong>Einsetzen von MERGEFIELD-Feldern entf\u00e4llt<\/strong>.<\/p>\n<p>[\/et_pb_text][et_pb_image src=&#8220;https:\/\/www.infonautics-software.ch\/quickmerge-fuer-excelword\/wp-content\/uploads\/sites\/39\/2018\/05\/WordMitKorrektenZahlenformaten.png&#8220; alt=&#8220;Mit Quick Merge f\u00fcr Excel&#x2122;+Word&#x2122; Datums- und Zahlenformat korrekt aus Excel \u00fcbernehmen&#8220; show_in_lightbox=&#8220;on&#8220; align_tablet=&#8220;center&#8220; align_phone=&#8220;&#8220; align_last_edited=&#8220;on|desktop&#8220; _builder_version=&#8220;3.23&#8243;][\/et_pb_image][et_pb_text _builder_version=&#8220;4.4.8&#8243;]<\/p>\n<p>Um bei leeren Variablen auch die ganze umgebende Textzeile zu entfernen, kann die Variable einfach in doppelt geschweifte Klammern gesetzt werden, wie {{A}} oder {{Strasse}}.<\/p>\n<p>&nbsp;<\/p>\n<h4><span style=\"color: #000080;\"><strong>3. Ausgabe<\/strong><\/span><\/h4>\n<p>Die erstellten Dokumente k\u00f6nnen direkt in einem gew\u00fcnschten Ordner abgespeichert werden. Dabei k\u00f6nnen Sie alle Dokumente in einer einzigen Word-Datei oder separat als einzelne Dokumente im Word- oder PDF-Format im Ausgabe-Ordner abspeichern.<\/p>\n<h4><span style=\"color: #000080;\"><strong>\u00a0<\/strong><\/span><\/h4>\n<h4><span style=\"color: #000080;\"><strong>4. Dateibenennung<\/strong><\/span><\/h4>\n<p>Vergeben Sie den zu erstellenden Dateien variable Namen. Dabei k\u00f6nnen Sie die mit den Platzhaltern aus der Excel-Tabelle arbeiten, wie z.B. &#8222;20180430_Rechnung_{KundeNr}&#8220; oder auch die Zeilennummer der Excel-Tabelle verwenden: &#8222;{#}_Rechnung_{Name}&#8220;. So wird pro Zeile der Exceltabelle automatisch je eine separate Datei abgelegt.<\/p>\n<p>&nbsp;<\/p>\n<h4><span style=\"color: #000080;\"><strong>5. Starten<\/strong><\/span><\/h4>\n<p>Starten Sie die Erstellung des Sammeldokumentes und\/oder der einzelnen Seriendokumente (Word\/PDF). Die Fortschrittsanzeige zeigt den aktuellen Stand der Verarbeitung an.<\/p>\n<p>&nbsp;<\/p>\n<h4><span style=\"color: #000080;\"><strong>Weitere Funktionen<\/strong><\/span><\/h4>\n<ul>\n<li>Bestimmung der zu verarbeiten Tabellenzeilen als Liste, wie zum Beispiel: 8-15,22,25,27-33.<\/li>\n<li>Speichern und Laden der Einstellungen in einer Konfigurationsdatei.<\/li>\n<li>Quick Merge mit einer Konfigurationsdatei in einem Batch-Skript anwenden.<\/li>\n<\/ul>\n<p>Detailierte Angaben zu allen Funktionen finden Sie in der <strong><a href=\"..\/..\/public\/QuickMergeExcelWordDE.pdf\">Programm-Anleitung<\/a><\/strong>.<\/p>\n<p>[\/et_pb_text][et_pb_text _builder_version=&#8220;4.6.1&#8243; module_alignment=&#8220;left&#8220; hover_enabled=&#8220;0&#8243; sticky_enabled=&#8220;0&#8243;]<\/p>\n<h3>\u00a0<\/h3>\n<h3><span style=\"color: #000080;\"><strong>Systemvoraussetzungen f\u00fcr Quick Merge f\u00fcr Excel&#x2122;+Word&#x2122; <\/strong><\/span><\/h3>\n<p>&nbsp;<\/p>\n<ul style=\"list-style-type: disc;\">\n<li>Betriebssystem Windows&#x2122; 7 \/ 8 \/ 10 \/ 11 \u00a0 (32 Bit und 64 Bit).<\/li>\n<li>Microsoft Excel&#x2122; und Word&#x2122; ab Version 2007 und neuer.<\/li>\n<li>Ca. 5 MB freier Speicherplatz auf der Festplatte.<\/li>\n<\/ul>\n<p>[\/et_pb_text][\/et_pb_column_inner][\/et_pb_row_inner][\/et_pb_column][et_pb_column type=&#8220;1_4&#8243; _builder_version=&#8220;3.25&#8243; custom_padding=&#8220;|||&#8220; custom_padding__hover=&#8220;|||&#8220;][et_pb_sidebar orientation=&#8220;right&#8220; area=&#8220;sidebar-1&#8243; admin_label=&#8220;Sidebar&#8220; _builder_version=&#8220;3.0.74&#8243; header_text_color=&#8220;#000080&#8243; remove_border=&#8220;off&#8220;][\/et_pb_sidebar][\/et_pb_column][\/et_pb_section]<\/p>\n","protected":false},"excerpt":{"rendered":"<p>Werden die Datums- und Zahlenfelder im Serienbrief nicht richtig aus Excel \u00fcbernommen? &nbsp; Mit Quick Merge f\u00fcr Excel&#x2122;+Word&#x2122; geht das ganz einfach.\u00a0Quick Merge f\u00fcr Excel&#x2122;+Word&#x2122;\u00a0ist ein Programm f\u00fcr Windows&#x2122; und erlaubt, das einfache und schnelle Erstellen von Seriendokumenten mit korrekter \u00dcbernahme der Datums- und Zahlenfelder aus Excel, ohne umst\u00e4ndliche Formatierung \u00fcber MERGEFIELD-Felder. Mit Quick Merge [&hellip;]<\/p>\n","protected":false},"author":1,"featured_media":0,"parent":0,"menu_order":0,"comment_status":"open","ping_status":"open","template":"","meta":{"_et_pb_use_builder":"on","_et_pb_old_content":"<p>[et_pb_section][et_pb_row][\/et_pb_row][\/et_pb_section]<\/p>","_et_gb_content_width":"","jetpack_post_was_ever_published":false,"footnotes":""},"class_list":["post-125","page","type-page","status-publish","hentry"],"yoast_head":"<!-- This site is optimized with the Yoast SEO plugin v25.0 - https:\/\/yoast.com\/wordpress\/plugins\/seo\/ -->\n<title>Datums- und Zahlenfelder im Serienbrief richtig \u00fcbernehmen<\/title>\n<meta name=\"description\" content=\"Mit Quick Merge f\u00fcr Excel\u2122+Word\u2122 Datums- und Zahlenfelder im Serienbrief richtig \u00fcbernehmen. Jetzt kostenlos Quicke Merge testen und direkt hier herunterladen.\" \/>\n<meta name=\"robots\" content=\"index, follow, max-snippet:-1, max-image-preview:large, max-video-preview:-1\" \/>\n<link rel=\"canonical\" href=\"https:\/\/www.infonautics-software.ch\/quickmerge-fuer-excelword\/funktionen\/\" \/>\n<meta property=\"og:locale\" content=\"de_DE\" \/>\n<meta property=\"og:type\" content=\"article\" \/>\n<meta property=\"og:title\" content=\"Datums- und Zahlenfelder im Serienbrief richtig \u00fcbernehmen\" \/>\n<meta property=\"og:description\" content=\"Mit Quick Merge f\u00fcr Excel\u2122+Word\u2122 Datums- und Zahlenfelder im Serienbrief richtig \u00fcbernehmen. Jetzt kostenlos Quicke Merge testen und direkt hier herunterladen.\" \/>\n<meta property=\"og:url\" content=\"https:\/\/www.infonautics-software.ch\/quickmerge-fuer-excelword\/funktionen\/\" \/>\n<meta property=\"og:site_name\" content=\"Quick Merge f\u00fcr Excel+Word\" \/>\n<meta property=\"article:modified_time\" content=\"2022-02-21T17:54:04+00:00\" \/>\n<meta name=\"twitter:card\" content=\"summary_large_image\" \/>\n<meta name=\"twitter:site\" content=\"@InfonauticsGmbH\" \/>\n<meta name=\"twitter:label1\" content=\"Gesch\u00e4tzte Lesezeit\" \/>\n\t<meta name=\"twitter:data1\" content=\"5\u00a0Minuten\" \/>\n<script type=\"application\/ld+json\" class=\"yoast-schema-graph\">{\"@context\":\"https:\/\/schema.org\",\"@graph\":[{\"@type\":\"WebPage\",\"@id\":\"https:\/\/www.infonautics-software.ch\/quickmerge-fuer-excelword\/funktionen\/\",\"url\":\"https:\/\/www.infonautics-software.ch\/quickmerge-fuer-excelword\/funktionen\/\",\"name\":\"Datums- und Zahlenfelder im Serienbrief richtig \u00fcbernehmen\",\"isPartOf\":{\"@id\":\"https:\/\/www.infonautics-software.ch\/quickmerge-fuer-excelword\/#website\"},\"datePublished\":\"2022-02-21T10:00:10+00:00\",\"dateModified\":\"2022-02-21T17:54:04+00:00\",\"description\":\"Mit Quick Merge f\u00fcr Excel\u2122+Word\u2122 Datums- und Zahlenfelder im Serienbrief richtig \u00fcbernehmen. Jetzt kostenlos Quicke Merge testen und direkt hier herunterladen.\",\"breadcrumb\":{\"@id\":\"https:\/\/www.infonautics-software.ch\/quickmerge-fuer-excelword\/funktionen\/#breadcrumb\"},\"inLanguage\":\"de\",\"potentialAction\":[{\"@type\":\"ReadAction\",\"target\":[\"https:\/\/www.infonautics-software.ch\/quickmerge-fuer-excelword\/funktionen\/\"]}]},{\"@type\":\"BreadcrumbList\",\"@id\":\"https:\/\/www.infonautics-software.ch\/quickmerge-fuer-excelword\/funktionen\/#breadcrumb\",\"itemListElement\":[{\"@type\":\"ListItem\",\"position\":1,\"name\":\"Startseite\",\"item\":\"https:\/\/www.infonautics-software.ch\/quickmerge-fuer-excelword\/\"},{\"@type\":\"ListItem\",\"position\":2,\"name\":\"FUNKTIONEN\"}]},{\"@type\":\"WebSite\",\"@id\":\"https:\/\/www.infonautics-software.ch\/quickmerge-fuer-excelword\/#website\",\"url\":\"https:\/\/www.infonautics-software.ch\/quickmerge-fuer-excelword\/\",\"name\":\"Quick Merge f\u00fcr Excel+Word\",\"description\":\"Vereinfachte Erstellung von Seriendokumenten mit Excel und Word\",\"potentialAction\":[{\"@type\":\"SearchAction\",\"target\":{\"@type\":\"EntryPoint\",\"urlTemplate\":\"https:\/\/www.infonautics-software.ch\/quickmerge-fuer-excelword\/?s={search_term_string}\"},\"query-input\":{\"@type\":\"PropertyValueSpecification\",\"valueRequired\":true,\"valueName\":\"search_term_string\"}}],\"inLanguage\":\"de\"}]}<\/script>\n<!-- \/ Yoast SEO plugin. -->","yoast_head_json":{"title":"Datums- und Zahlenfelder im Serienbrief richtig \u00fcbernehmen","description":"Mit Quick Merge f\u00fcr Excel\u2122+Word\u2122 Datums- und Zahlenfelder im Serienbrief richtig \u00fcbernehmen. Jetzt kostenlos Quicke Merge testen und direkt hier herunterladen.","robots":{"index":"index","follow":"follow","max-snippet":"max-snippet:-1","max-image-preview":"max-image-preview:large","max-video-preview":"max-video-preview:-1"},"canonical":"https:\/\/www.infonautics-software.ch\/quickmerge-fuer-excelword\/funktionen\/","og_locale":"de_DE","og_type":"article","og_title":"Datums- und Zahlenfelder im Serienbrief richtig \u00fcbernehmen","og_description":"Mit Quick Merge f\u00fcr Excel\u2122+Word\u2122 Datums- und Zahlenfelder im Serienbrief richtig \u00fcbernehmen. Jetzt kostenlos Quicke Merge testen und direkt hier herunterladen.","og_url":"https:\/\/www.infonautics-software.ch\/quickmerge-fuer-excelword\/funktionen\/","og_site_name":"Quick Merge f\u00fcr Excel+Word","article_modified_time":"2022-02-21T17:54:04+00:00","twitter_card":"summary_large_image","twitter_site":"@InfonauticsGmbH","twitter_misc":{"Gesch\u00e4tzte Lesezeit":"5\u00a0Minuten"},"schema":{"@context":"https:\/\/schema.org","@graph":[{"@type":"WebPage","@id":"https:\/\/www.infonautics-software.ch\/quickmerge-fuer-excelword\/funktionen\/","url":"https:\/\/www.infonautics-software.ch\/quickmerge-fuer-excelword\/funktionen\/","name":"Datums- und Zahlenfelder im Serienbrief richtig \u00fcbernehmen","isPartOf":{"@id":"https:\/\/www.infonautics-software.ch\/quickmerge-fuer-excelword\/#website"},"datePublished":"2022-02-21T10:00:10+00:00","dateModified":"2022-02-21T17:54:04+00:00","description":"Mit Quick Merge f\u00fcr Excel\u2122+Word\u2122 Datums- und Zahlenfelder im Serienbrief richtig \u00fcbernehmen. Jetzt kostenlos Quicke Merge testen und direkt hier herunterladen.","breadcrumb":{"@id":"https:\/\/www.infonautics-software.ch\/quickmerge-fuer-excelword\/funktionen\/#breadcrumb"},"inLanguage":"de","potentialAction":[{"@type":"ReadAction","target":["https:\/\/www.infonautics-software.ch\/quickmerge-fuer-excelword\/funktionen\/"]}]},{"@type":"BreadcrumbList","@id":"https:\/\/www.infonautics-software.ch\/quickmerge-fuer-excelword\/funktionen\/#breadcrumb","itemListElement":[{"@type":"ListItem","position":1,"name":"Startseite","item":"https:\/\/www.infonautics-software.ch\/quickmerge-fuer-excelword\/"},{"@type":"ListItem","position":2,"name":"FUNKTIONEN"}]},{"@type":"WebSite","@id":"https:\/\/www.infonautics-software.ch\/quickmerge-fuer-excelword\/#website","url":"https:\/\/www.infonautics-software.ch\/quickmerge-fuer-excelword\/","name":"Quick Merge f\u00fcr Excel+Word","description":"Vereinfachte Erstellung von Seriendokumenten mit Excel und Word","potentialAction":[{"@type":"SearchAction","target":{"@type":"EntryPoint","urlTemplate":"https:\/\/www.infonautics-software.ch\/quickmerge-fuer-excelword\/?s={search_term_string}"},"query-input":{"@type":"PropertyValueSpecification","valueRequired":true,"valueName":"search_term_string"}}],"inLanguage":"de"}]}},"jetpack_shortlink":"https:\/\/wp.me\/P9WzIO-21","jetpack_sharing_enabled":true,"_links":{"self":[{"href":"https:\/\/www.infonautics-software.ch\/quickmerge-fuer-excelword\/wp-json\/wp\/v2\/pages\/125","targetHints":{"allow":["GET"]}}],"collection":[{"href":"https:\/\/www.infonautics-software.ch\/quickmerge-fuer-excelword\/wp-json\/wp\/v2\/pages"}],"about":[{"href":"https:\/\/www.infonautics-software.ch\/quickmerge-fuer-excelword\/wp-json\/wp\/v2\/types\/page"}],"author":[{"embeddable":true,"href":"https:\/\/www.infonautics-software.ch\/quickmerge-fuer-excelword\/wp-json\/wp\/v2\/users\/1"}],"replies":[{"embeddable":true,"href":"https:\/\/www.infonautics-software.ch\/quickmerge-fuer-excelword\/wp-json\/wp\/v2\/comments?post=125"}],"version-history":[{"count":10,"href":"https:\/\/www.infonautics-software.ch\/quickmerge-fuer-excelword\/wp-json\/wp\/v2\/pages\/125\/revisions"}],"predecessor-version":[{"id":1155,"href":"https:\/\/www.infonautics-software.ch\/quickmerge-fuer-excelword\/wp-json\/wp\/v2\/pages\/125\/revisions\/1155"}],"wp:attachment":[{"href":"https:\/\/www.infonautics-software.ch\/quickmerge-fuer-excelword\/wp-json\/wp\/v2\/media?parent=125"}],"curies":[{"name":"wp","href":"https:\/\/api.w.org\/{rel}","templated":true}]}}