{"id":37,"date":"2021-05-11T11:00:16","date_gmt":"2021-05-11T09:00:16","guid":{"rendered":"http:\/\/www.infonautics-software.ch\/mymenuexplorerde\/?page_id=37"},"modified":"2021-05-11T18:14:24","modified_gmt":"2021-05-11T16:14:24","slug":"home","status":"publish","type":"page","link":"https:\/\/www.infonautics-software.ch\/quickmerge-fuer-excelword\/","title":{"rendered":"HOME"},"content":{"rendered":"<p>[et_pb_section fb_built=&#8220;1&#8243; fullwidth=&#8220;on&#8220; custom_padding_last_edited=&#8220;on|desktop&#8220; admin_label=&#8220;section&#8220; _builder_version=&#8220;3.22&#8243; background_color=&#8220;#ffffff&#8220; custom_margin=&#8220;0px||0px|&#8220; custom_padding=&#8220;0px|0px|0px|0px&#8220; custom_padding_tablet=&#8220;&#8220; custom_padding_phone=&#8220;&#8220;][et_pb_fullwidth_slider admin_label=&#8220;Fullwidth Slider&#8220; _builder_version=&#8220;4.6.1&#8243; background_position=&#8220;top_left&#8220; custom_padding=&#8220;10%||10%|&#8220; custom_padding_last_edited=&#8220;off|desktop&#8220; hover_enabled=&#8220;0&#8243; button_text_size__hover_enabled=&#8220;off&#8220; button_one_text_size__hover_enabled=&#8220;off&#8220; button_two_text_size__hover_enabled=&#8220;off&#8220; button_text_color__hover_enabled=&#8220;off&#8220; button_one_text_color__hover_enabled=&#8220;off&#8220; button_two_text_color__hover_enabled=&#8220;off&#8220; button_border_width__hover_enabled=&#8220;off&#8220; button_one_border_width__hover_enabled=&#8220;off&#8220; button_two_border_width__hover_enabled=&#8220;off&#8220; button_border_color__hover_enabled=&#8220;off&#8220; button_one_border_color__hover_enabled=&#8220;off&#8220; button_two_border_color__hover_enabled=&#8220;off&#8220; button_border_radius__hover_enabled=&#8220;off&#8220; button_one_border_radius__hover_enabled=&#8220;off&#8220; button_two_border_radius__hover_enabled=&#8220;off&#8220; button_letter_spacing__hover_enabled=&#8220;off&#8220; button_one_letter_spacing__hover_enabled=&#8220;off&#8220; button_two_letter_spacing__hover_enabled=&#8220;off&#8220; button_bg_color__hover_enabled=&#8220;off&#8220; button_one_bg_color__hover_enabled=&#8220;off&#8220; button_two_bg_color__hover_enabled=&#8220;off&#8220; sticky_enabled=&#8220;0&#8243;][et_pb_slide heading=&#8220;Quick Merge f\u00fcr Excel&#x2122;+Word&#x2122;&#8220; button_text=&#8220;Jetzt herunterladen!&#8220; button_link=&#8220;https:\/\/www.infonautics-software.ch\/quickmerge-fuer-excelword\/download&#8220; image=&#8220;https:\/\/www.infonautics-software.ch\/quickmerge-fuer-excelword\/wp-content\/uploads\/sites\/39\/2018\/05\/QuickMergeBoxShotTransparent300.png&#8220; use_bg_overlay=&#8220;off&#8220; use_text_overlay=&#8220;off&#8220; _builder_version=&#8220;4.6.1&#8243; header_font=&#8220;||||&#8220; header_font_size=&#8220;35&#8243; body_font=&#8220;||||&#8220; background_color=&#8220;#00458e&#8220; background_position=&#8220;top_left&#8220; custom_button=&#8220;on&#8220; button_font=&#8220;||||&#8220; button_use_icon=&#8220;on&#8220; button_on_hover=&#8220;on&#8220; text_orientation=&#8220;left&#8220; hover_enabled=&#8220;0&#8243; header_font_size_tablet=&#8220;35&#8243; header_font_size_phone=&#8220;35&#8243; button_text_size__hover_enabled=&#8220;off&#8220; button_one_text_size__hover_enabled=&#8220;off&#8220; button_two_text_size__hover_enabled=&#8220;off&#8220; button_text_color__hover_enabled=&#8220;off&#8220; button_one_text_color__hover_enabled=&#8220;off&#8220; button_two_text_color__hover_enabled=&#8220;off&#8220; button_border_width__hover_enabled=&#8220;off&#8220; button_one_border_width__hover_enabled=&#8220;off&#8220; button_two_border_width__hover_enabled=&#8220;off&#8220; button_border_color__hover_enabled=&#8220;off&#8220; button_one_border_color__hover_enabled=&#8220;off&#8220; button_two_border_color__hover_enabled=&#8220;off&#8220; button_border_radius__hover_enabled=&#8220;off&#8220; button_one_border_radius__hover_enabled=&#8220;off&#8220; button_two_border_radius__hover_enabled=&#8220;off&#8220; button_letter_spacing__hover_enabled=&#8220;off&#8220; button_one_letter_spacing__hover_enabled=&#8220;off&#8220; button_two_letter_spacing__hover_enabled=&#8220;off&#8220; button_bg_color__hover_enabled=&#8220;off&#8220; button_one_bg_color__hover_enabled=&#8220;off&#8220; button_two_bg_color__hover_enabled=&#8220;off&#8220; sticky_transition=&#8220;on&#8220; sticky_enabled=&#8220;0&#8243;]<\/p>\n<p>Einfach und schnell richtig formatierte Zahlenformate in Serienbrief \u00fcbernehmen.<\/p>\n<p>[\/et_pb_slide][\/et_pb_fullwidth_slider][\/et_pb_section][et_pb_section fb_built=&#8220;1&#8243; specialty=&#8220;on&#8220; custom_padding_last_edited=&#8220;on|desktop&#8220; background_color_1=&#8220;rgba(0,0,0,0)&#8220; admin_label=&#8220;section&#8220; _builder_version=&#8220;3.22&#8243; custom_padding=&#8220;23px|0px|23px|0px&#8220; custom_padding_tablet=&#8220;50px|0|50px|0&#8243; custom_padding_phone=&#8220;&#8220; transparent_background=&#8220;off&#8220;][et_pb_column type=&#8220;3_4&#8243; specialty_columns=&#8220;3&#8243; _builder_version=&#8220;3.25&#8243; custom_padding=&#8220;|||&#8220; custom_padding__hover=&#8220;|||&#8220;][et_pb_row_inner _builder_version=&#8220;3.25&#8243; custom_margin=&#8220;||0px|&#8220; custom_padding=&#8220;||0px|&#8220;][et_pb_column_inner saved_specialty_column_type=&#8220;3_4&#8243; _builder_version=&#8220;3.25&#8243; background_color=&#8220;rgba(0,0,0,0)&#8220; custom_padding=&#8220;|||&#8220; custom_padding__hover=&#8220;|||&#8220;][et_pb_text _builder_version=&#8220;3.29.3&#8243; text_font_size=&#8220;18&#8243; use_border_color=&#8220;off&#8220;]<\/p>\n<h1><span style=\"color: #000080; font-size: 18pt;\"><strong>Automatisch korrekte Zahlenformate im Serienbrief verwenden &#8211; ohne umst\u00e4ndliche &#8222;Mergefields&#8220; einzusetzen!<\/strong><\/span><\/h1>\n<p>&nbsp;<\/p>\n<p>Die Art und Weise, wie Word Daten f\u00fcr Serienbriefe und Seriendokumente aus einer Excel-Tabelle \u00fcbernimmt, f\u00fchrt oft zu Schwierigkeiten bei der Formatierung. Die im Serienbrief angezeigten Zahlen werden nicht im Sinne des Anwenders \u00fcbernommen.<\/p>\n<p>Zum Beispiel wird das Datum im amerikanischen Format angezeigt. Bei Zahlenwerten fehlt das Tausendertrennzeichen und die Dezimalstellen und Prozentwerte werden mit unz\u00e4hligen Kommastellen ausgegeben. Dies sieht dann beispielsweise so aus:<\/p>\n<p>[\/et_pb_text][et_pb_image src=&#8220;https:\/\/www.infonautics-software.ch\/quickmerge-fuer-excelword\/wp-content\/uploads\/sites\/39\/2018\/05\/FalschesZahlenformatInWord-1.jpg&#8220; show_in_lightbox=&#8220;on&#8220; force_fullwidth=&#8220;on&#8220; align_tablet=&#8220;center&#8220; align_phone=&#8220;&#8220; align_last_edited=&#8220;on|desktop&#8220; _builder_version=&#8220;3.23&#8243;][\/et_pb_image][et_pb_text _builder_version=&#8220;4.4.8&#8243; text_font_size=&#8220;18px&#8220;]<\/p>\n<h2><span style=\"color: #000080;\"><strong>Eine komplizierte und eine einfache L\u00f6sung<br \/><\/strong><\/span><\/h2>\n<p>&nbsp;<\/p>\n<p>Damit die \u00dcbernahme der Daten in Seriendokumenten richtig funktioniert, m\u00fcssten die Serienfelder im Serienbrief entsprechend mit MERGEFIELD-Feldern formatiert werden.<\/p>\n<p>Wie etwa {MERGEFIELD date \\@ &#8222;TT.MM.JJJJ&#8220;} f\u00fcr das Datumsfeld oder {MERGEFIELD number \\# $####,0.0} f\u00fcr den W\u00e4hrungsbetrag.<\/p>\n<p><strong>Doch dies geht auch wesentlich einfacher mit dem Softwaretool &#8222;Quick Merge f\u00fcr Excel&#x2122;+Word&#x2122;&#8220;. Quick Merge \u00fcbernimmt die Zahlenformate von Excel f\u00fcr Ihren Serienbrief genau so, wie diese in Excel angezeigt werden.\u00a0 Das umst\u00e4ndliche Verfahren mit MERGEFIELD-Formeln entf\u00e4llt dadurch. <\/strong><\/p>\n<p>Der Serienbrief sieht dann bei der Verwendung von Quick Merge automatisch entsprechend der Excel-Tabelle folgendermassen aus (Beispiel in Schweizer Formatierung):<\/p>\n<p>[\/et_pb_text][et_pb_image src=&#8220;https:\/\/www.infonautics-software.ch\/quickmerge-fuer-excelword\/wp-content\/uploads\/sites\/39\/2018\/05\/Richtige\u00dcbernahmeZahlenformatExcelWord.jpg&#8220; show_in_lightbox=&#8220;on&#8220; align_tablet=&#8220;center&#8220; align_phone=&#8220;&#8220; align_last_edited=&#8220;on|desktop&#8220; _builder_version=&#8220;3.23&#8243; custom_padding=&#8220;||50px|&#8220;][\/et_pb_image][et_pb_text _builder_version=&#8220;4.4.8&#8243; text_font_size=&#8220;18px&#8220;]<\/p>\n<h2><span style=\"color: #000080;\"><strong>Quick Merge: Einfaches Erstellen von Serienbriefen und Seriendokumenten mit korrektem Zahlenformat<\/strong><\/span><\/h2>\n<p>&nbsp;<\/p>\n<p>Bei der Verwendung von Quick Merge erstellen Sie Ihr Hauptdokument wie gewohnt. Die Seriendruckfelder f\u00fcgen Sie in Ihrem Word-Dokument einfach mit geschweiften Klammern ein, wie z.B. {Umsatz}, ganz <strong>ohne komplizierte MERGEFIELD-Formeln<\/strong>. Dabei k\u00f6nnen Sie den Spaltentitel oder den Spalten-Buchstaben als Feldnamen verwenden. Zahlen- und Datumsformate sowie berechnete Werte werden automatisch<strong> genau wie in Excel angezeigt<\/strong> \u00fcbernommen (Beispiel in Schweizer Formatierung).<\/p>\n<p>&nbsp;<\/p>\n<p>[\/et_pb_text][\/et_pb_column_inner][\/et_pb_row_inner][et_pb_row_inner column_structure=&#8220;1_2,1_2&#8243; admin_label=&#8220;Zeile&#8220; _builder_version=&#8220;3.25&#8243; custom_margin=&#8220;0px|||&#8220; custom_padding=&#8220;0px|||&#8220;][et_pb_column_inner type=&#8220;1_2&#8243; saved_specialty_column_type=&#8220;3_4&#8243; _builder_version=&#8220;3.25&#8243; custom_padding=&#8220;|||&#8220; custom_padding__hover=&#8220;|||&#8220;][et_pb_image src=&#8220;https:\/\/www.infonautics-software.ch\/quickmerge-fuer-excelword\/wp-content\/uploads\/sites\/39\/2018\/05\/Excel_Tabelle.jpg&#8220; show_in_lightbox=&#8220;on&#8220; align_tablet=&#8220;center&#8220; align_phone=&#8220;&#8220; align_last_edited=&#8220;on|desktop&#8220; _builder_version=&#8220;3.23&#8243;][\/et_pb_image][\/et_pb_column_inner][et_pb_column_inner type=&#8220;1_2&#8243; saved_specialty_column_type=&#8220;3_4&#8243; _builder_version=&#8220;3.25&#8243; custom_padding=&#8220;|||&#8220; custom_padding__hover=&#8220;|||&#8220;][et_pb_image src=&#8220;https:\/\/www.infonautics-software.ch\/quickmerge-fuer-excelword\/wp-content\/uploads\/sites\/39\/2018\/05\/Word_VorlageSerienbrief.jpg&#8220; show_in_lightbox=&#8220;on&#8220; align_tablet=&#8220;center&#8220; align_phone=&#8220;&#8220; align_last_edited=&#8220;on|desktop&#8220; _builder_version=&#8220;3.23&#8243;][\/et_pb_image][\/et_pb_column_inner][\/et_pb_row_inner][et_pb_row_inner admin_label=&#8220;Zeile&#8220; _builder_version=&#8220;3.25&#8243;][et_pb_column_inner saved_specialty_column_type=&#8220;3_4&#8243; _builder_version=&#8220;3.25&#8243; custom_padding=&#8220;|||&#8220; custom_padding__hover=&#8220;|||&#8220;][et_pb_text _builder_version=&#8220;3.27.4&#8243; text_font_size=&#8220;18px&#8220;]<\/p>\n<p>Mit Quick Merge k\u00f6nnen Sie direkt den Seriendruck-Vorgang (Merge) starten und anschliessend ausdrucken. Weiter bietet Quick Merge auch die M\u00f6glichkeit, die einzelnen Dokumente des Seriendrucks mit individuellen Dokumentenbezeichnungen in einem gew\u00fcnschten Ordner abzuspeichern. <a href=\"funktionen\/\">Detaillierte Funktionen zu &#8222;Quick Merge for Excel \/ Word&#8220; finden Sie hier<\/a>.<\/p>\n<p>[\/et_pb_text][\/et_pb_column_inner][\/et_pb_row_inner][et_pb_row_inner column_structure=&#8220;1_2,1_2&#8243; admin_label=&#8220;Zeile&#8220; _builder_version=&#8220;3.25&#8243; custom_padding=&#8220;29px|0px|0|0px&#8220;][et_pb_column_inner type=&#8220;1_2&#8243; saved_specialty_column_type=&#8220;3_4&#8243; _builder_version=&#8220;3.25&#8243; custom_padding=&#8220;|||&#8220; custom_padding__hover=&#8220;|||&#8220;][et_pb_text _builder_version=&#8220;3.27.4&#8243; text_font_size=&#8220;18px&#8220;]<\/p>\n<p>Laden Sie direkt eine <strong>kostenlose Demoversion von &#8222;Quick Merge f\u00fcr Excel&#x2122;+Word&#x2122;&#8220;<\/strong> und testen Sie das Softwaretool f\u00fcr Ihren n\u00e4chsten Seriendruck.<\/p>\n<p><a href=\"download\/\">Jetzt herunterladen!<\/a><\/p>\n<p>[\/et_pb_text][\/et_pb_column_inner][et_pb_column_inner type=&#8220;1_2&#8243; saved_specialty_column_type=&#8220;3_4&#8243; _builder_version=&#8220;3.25&#8243; custom_padding=&#8220;|||&#8220; custom_padding__hover=&#8220;|||&#8220;][et_pb_image src=&#8220;https:\/\/www.infonautics-software.ch\/quickmerge-fuer-excelword\/wp-content\/uploads\/sites\/39\/2018\/05\/QuickMergeBoxShotTransparent300.png&#8220; url=&#8220;https:\/\/www.infonautics-software.ch\/quickmerge-fuer-excelword\/download\/&#8220; align_tablet=&#8220;center&#8220; align_phone=&#8220;&#8220; align_last_edited=&#8220;on|desktop&#8220; _builder_version=&#8220;3.23&#8243;][\/et_pb_image][\/et_pb_column_inner][\/et_pb_row_inner][\/et_pb_column][et_pb_column type=&#8220;1_4&#8243; _builder_version=&#8220;3.25&#8243; custom_padding=&#8220;|||&#8220; custom_padding__hover=&#8220;|||&#8220;][et_pb_sidebar orientation=&#8220;right&#8220; area=&#8220;sidebar-1&#8243; _builder_version=&#8220;3.0.74&#8243; header_text_color=&#8220;#000080&#8243; remove_border=&#8220;off&#8220;][\/et_pb_sidebar][\/et_pb_column][\/et_pb_section]<\/p>\n","protected":false},"excerpt":{"rendered":"<p>Einfach und schnell richtig formatierte Zahlenformate in Serienbrief \u00fcbernehmen. Automatisch korrekte Zahlenformate im Serienbrief verwenden &#8211; ohne umst\u00e4ndliche &#8222;Mergefields&#8220; einzusetzen! &nbsp; Die Art und Weise, wie Word Daten f\u00fcr Serienbriefe und Seriendokumente aus einer Excel-Tabelle \u00fcbernimmt, f\u00fchrt oft zu Schwierigkeiten bei der Formatierung. Die im Serienbrief angezeigten Zahlen werden nicht im Sinne des Anwenders \u00fcbernommen. [&hellip;]<\/p>\n","protected":false},"author":1,"featured_media":0,"parent":0,"menu_order":0,"comment_status":"closed","ping_status":"closed","template":"","meta":{"_et_pb_use_builder":"on","_et_pb_old_content":"","_et_gb_content_width":"","jetpack_post_was_ever_published":false,"footnotes":""},"class_list":["post-37","page","type-page","status-publish","hentry"],"yoast_head":"<!-- This site is optimized with the Yoast SEO plugin v25.0 - https:\/\/yoast.com\/wordpress\/plugins\/seo\/ -->\n<title>Richtiges Zahlenformat aus Excel f\u00fcr Serienbrief \u00fcbernehmen<\/title>\n<meta name=\"description\" content=\"Mit Quick Merge f\u00fcr Excel\u2122+Word\u2122 richtiges Zahlenformat aus Excel f\u00fcr Serienbrief \u00fcbernehmen. Einfach und schnell Serienbriefe ohne umst\u00e4ndliche {MERGEFIELD} Felder erstellen. Jetzt kostenlos Quick Merge herunterladen und testen.\" \/>\n<meta name=\"robots\" content=\"index, follow, max-snippet:-1, max-image-preview:large, max-video-preview:-1\" \/>\n<link rel=\"canonical\" href=\"https:\/\/www.infonautics-software.ch\/quickmerge-fuer-excelword\/\" \/>\n<meta property=\"og:locale\" content=\"de_DE\" \/>\n<meta property=\"og:type\" content=\"article\" \/>\n<meta property=\"og:title\" content=\"Richtiges Zahlenformat aus Excel f\u00fcr Serienbrief \u00fcbernehmen\" \/>\n<meta property=\"og:description\" content=\"Mit Quick Merge f\u00fcr Excel\u2122+Word\u2122 richtiges Zahlenformat aus Excel f\u00fcr Serienbrief \u00fcbernehmen. Einfach und schnell Serienbriefe ohne umst\u00e4ndliche {MERGEFIELD} Felder erstellen. Jetzt kostenlos Quick Merge herunterladen und testen.\" \/>\n<meta property=\"og:url\" content=\"https:\/\/www.infonautics-software.ch\/quickmerge-fuer-excelword\/\" \/>\n<meta property=\"og:site_name\" content=\"Quick Merge f\u00fcr Excel+Word\" \/>\n<meta property=\"article:modified_time\" content=\"2021-05-11T16:14:24+00:00\" \/>\n<meta name=\"twitter:card\" content=\"summary_large_image\" \/>\n<meta name=\"twitter:site\" content=\"@InfonauticsGmbH\" \/>\n<meta name=\"twitter:label1\" content=\"Gesch\u00e4tzte Lesezeit\" \/>\n\t<meta name=\"twitter:data1\" content=\"7\u00a0Minuten\" \/>\n<script type=\"application\/ld+json\" class=\"yoast-schema-graph\">{\"@context\":\"https:\/\/schema.org\",\"@graph\":[{\"@type\":\"WebPage\",\"@id\":\"https:\/\/www.infonautics-software.ch\/quickmerge-fuer-excelword\/\",\"url\":\"https:\/\/www.infonautics-software.ch\/quickmerge-fuer-excelword\/\",\"name\":\"Richtiges Zahlenformat aus Excel f\u00fcr Serienbrief \u00fcbernehmen\",\"isPartOf\":{\"@id\":\"https:\/\/www.infonautics-software.ch\/quickmerge-fuer-excelword\/#website\"},\"datePublished\":\"2021-05-11T09:00:16+00:00\",\"dateModified\":\"2021-05-11T16:14:24+00:00\",\"description\":\"Mit Quick Merge f\u00fcr Excel\u2122+Word\u2122 richtiges Zahlenformat aus Excel f\u00fcr Serienbrief \u00fcbernehmen. Einfach und schnell Serienbriefe ohne umst\u00e4ndliche {MERGEFIELD} Felder erstellen. Jetzt kostenlos Quick Merge herunterladen und testen.\",\"breadcrumb\":{\"@id\":\"https:\/\/www.infonautics-software.ch\/quickmerge-fuer-excelword\/#breadcrumb\"},\"inLanguage\":\"de\",\"potentialAction\":[{\"@type\":\"ReadAction\",\"target\":[\"https:\/\/www.infonautics-software.ch\/quickmerge-fuer-excelword\/\"]}]},{\"@type\":\"BreadcrumbList\",\"@id\":\"https:\/\/www.infonautics-software.ch\/quickmerge-fuer-excelword\/#breadcrumb\",\"itemListElement\":[{\"@type\":\"ListItem\",\"position\":1,\"name\":\"Startseite\",\"item\":\"https:\/\/www.infonautics-software.ch\/quickmerge-fuer-excelword\/\"},{\"@type\":\"ListItem\",\"position\":2,\"name\":\"HOME\"}]},{\"@type\":\"WebSite\",\"@id\":\"https:\/\/www.infonautics-software.ch\/quickmerge-fuer-excelword\/#website\",\"url\":\"https:\/\/www.infonautics-software.ch\/quickmerge-fuer-excelword\/\",\"name\":\"Quick Merge f\u00fcr Excel+Word\",\"description\":\"Vereinfachte Erstellung von Seriendokumenten mit Excel und Word\",\"potentialAction\":[{\"@type\":\"SearchAction\",\"target\":{\"@type\":\"EntryPoint\",\"urlTemplate\":\"https:\/\/www.infonautics-software.ch\/quickmerge-fuer-excelword\/?s={search_term_string}\"},\"query-input\":{\"@type\":\"PropertyValueSpecification\",\"valueRequired\":true,\"valueName\":\"search_term_string\"}}],\"inLanguage\":\"de\"}]}<\/script>\n<!-- \/ Yoast SEO plugin. -->","yoast_head_json":{"title":"Richtiges Zahlenformat aus Excel f\u00fcr Serienbrief \u00fcbernehmen","description":"Mit Quick Merge f\u00fcr Excel\u2122+Word\u2122 richtiges Zahlenformat aus Excel f\u00fcr Serienbrief \u00fcbernehmen. Einfach und schnell Serienbriefe ohne umst\u00e4ndliche {MERGEFIELD} Felder erstellen. Jetzt kostenlos Quick Merge herunterladen und testen.","robots":{"index":"index","follow":"follow","max-snippet":"max-snippet:-1","max-image-preview":"max-image-preview:large","max-video-preview":"max-video-preview:-1"},"canonical":"https:\/\/www.infonautics-software.ch\/quickmerge-fuer-excelword\/","og_locale":"de_DE","og_type":"article","og_title":"Richtiges Zahlenformat aus Excel f\u00fcr Serienbrief \u00fcbernehmen","og_description":"Mit Quick Merge f\u00fcr Excel\u2122+Word\u2122 richtiges Zahlenformat aus Excel f\u00fcr Serienbrief \u00fcbernehmen. Einfach und schnell Serienbriefe ohne umst\u00e4ndliche {MERGEFIELD} Felder erstellen. Jetzt kostenlos Quick Merge herunterladen und testen.","og_url":"https:\/\/www.infonautics-software.ch\/quickmerge-fuer-excelword\/","og_site_name":"Quick Merge f\u00fcr Excel+Word","article_modified_time":"2021-05-11T16:14:24+00:00","twitter_card":"summary_large_image","twitter_site":"@InfonauticsGmbH","twitter_misc":{"Gesch\u00e4tzte Lesezeit":"7\u00a0Minuten"},"schema":{"@context":"https:\/\/schema.org","@graph":[{"@type":"WebPage","@id":"https:\/\/www.infonautics-software.ch\/quickmerge-fuer-excelword\/","url":"https:\/\/www.infonautics-software.ch\/quickmerge-fuer-excelword\/","name":"Richtiges Zahlenformat aus Excel f\u00fcr Serienbrief \u00fcbernehmen","isPartOf":{"@id":"https:\/\/www.infonautics-software.ch\/quickmerge-fuer-excelword\/#website"},"datePublished":"2021-05-11T09:00:16+00:00","dateModified":"2021-05-11T16:14:24+00:00","description":"Mit Quick Merge f\u00fcr Excel\u2122+Word\u2122 richtiges Zahlenformat aus Excel f\u00fcr Serienbrief \u00fcbernehmen. Einfach und schnell Serienbriefe ohne umst\u00e4ndliche {MERGEFIELD} Felder erstellen. Jetzt kostenlos Quick Merge herunterladen und testen.","breadcrumb":{"@id":"https:\/\/www.infonautics-software.ch\/quickmerge-fuer-excelword\/#breadcrumb"},"inLanguage":"de","potentialAction":[{"@type":"ReadAction","target":["https:\/\/www.infonautics-software.ch\/quickmerge-fuer-excelword\/"]}]},{"@type":"BreadcrumbList","@id":"https:\/\/www.infonautics-software.ch\/quickmerge-fuer-excelword\/#breadcrumb","itemListElement":[{"@type":"ListItem","position":1,"name":"Startseite","item":"https:\/\/www.infonautics-software.ch\/quickmerge-fuer-excelword\/"},{"@type":"ListItem","position":2,"name":"HOME"}]},{"@type":"WebSite","@id":"https:\/\/www.infonautics-software.ch\/quickmerge-fuer-excelword\/#website","url":"https:\/\/www.infonautics-software.ch\/quickmerge-fuer-excelword\/","name":"Quick Merge f\u00fcr Excel+Word","description":"Vereinfachte Erstellung von Seriendokumenten mit Excel und Word","potentialAction":[{"@type":"SearchAction","target":{"@type":"EntryPoint","urlTemplate":"https:\/\/www.infonautics-software.ch\/quickmerge-fuer-excelword\/?s={search_term_string}"},"query-input":{"@type":"PropertyValueSpecification","valueRequired":true,"valueName":"search_term_string"}}],"inLanguage":"de"}]}},"jetpack_shortlink":"https:\/\/wp.me\/P9WzIO-B","jetpack_sharing_enabled":true,"_links":{"self":[{"href":"https:\/\/www.infonautics-software.ch\/quickmerge-fuer-excelword\/wp-json\/wp\/v2\/pages\/37","targetHints":{"allow":["GET"]}}],"collection":[{"href":"https:\/\/www.infonautics-software.ch\/quickmerge-fuer-excelword\/wp-json\/wp\/v2\/pages"}],"about":[{"href":"https:\/\/www.infonautics-software.ch\/quickmerge-fuer-excelword\/wp-json\/wp\/v2\/types\/page"}],"author":[{"embeddable":true,"href":"https:\/\/www.infonautics-software.ch\/quickmerge-fuer-excelword\/wp-json\/wp\/v2\/users\/1"}],"replies":[{"embeddable":true,"href":"https:\/\/www.infonautics-software.ch\/quickmerge-fuer-excelword\/wp-json\/wp\/v2\/comments?post=37"}],"version-history":[{"count":10,"href":"https:\/\/www.infonautics-software.ch\/quickmerge-fuer-excelword\/wp-json\/wp\/v2\/pages\/37\/revisions"}],"predecessor-version":[{"id":1145,"href":"https:\/\/www.infonautics-software.ch\/quickmerge-fuer-excelword\/wp-json\/wp\/v2\/pages\/37\/revisions\/1145"}],"wp:attachment":[{"href":"https:\/\/www.infonautics-software.ch\/quickmerge-fuer-excelword\/wp-json\/wp\/v2\/media?parent=37"}],"curies":[{"name":"wp","href":"https:\/\/api.w.org\/{rel}","templated":true}]}}